-- https://www.phpmyadmin.net/
--
-- Хост: localhost:3306
-- Время создания: Июн 20 2021 г., 13:25
-- Версия сервера: 10.3.29-MariaDB-0ubuntu0.20.04.1
-- Версия PHP: 7.4.3

START TRANSACTION;



--
-- База данных: `gdps_Gdsashegqqqq`
--
CREATE DATABASE IF NOT EXISTS `gdps_Gdsashegqqqq` DEFAULT CHARACTER SET utf8mb4 COLLATE utf8mb4_general_ci;
USE `gdps_Gdsashegqqqq`;

-- --------------------------------------------------------

--
-- Структура таблицы `acccomments`
--

CREATE TABLE `acccomments` (
  `userID` int(11) NOT NULL,
  `userName` varchar(50) COLLATE utf8_unicode_ci NOT NULL,
  `comment` longtext COLLATE utf8_unicode_ci NOT NULL,
  `secret` varchar(10) COLLATE utf8_unicode_ci NOT NULL DEFAULT 'unused',
  `commentID` int(11) NOT NULL,
  `timestamp` int(11) NOT NULL,
  `likes` int(11) NOT NULL DEFAULT 0,
  `isSpam` int(11) NOT NULL DEFAULT 0
) ENGINE=InnoDB DEFAULT CHARSET=utf8 COLLATE=utf8_unicode_ci;

--
-- Дамп данных таблицы `acccomments`
--

INSERT INTO `acccomments` (`userID`, `userName`, `comment`, `secret`, `commentID`, `timestamp`, `likes`, `isSpam`) VALUES
(6, 'GDKipper', 'U2VyaWEgIkNoYWxsYW5naXN0IiAtIDEwIGxldmVsb3YgcyBjaGVsZW5nYW1pLkdvdG92byB0b2xrbyAyLg==', 'unused', 1, 1617486006, 0, 0),
(8, 'OJector', 'NSBDUC4gSSBhbSB0b3AgMSBidWlsZGVyIDsp', 'unused', 2, 1617853243, -1, 0),
(8, 'OJector', 'd2VscC4uLiBpJ2xsIG5ldmVyIGdldCBlbGRlcg==', 'unused', 3, 1618726153, -2, 0),
(2, 'GDsasheg', 'Z2lnaSB6YSBzaGFnaQ==', 'unused', 4, 1618847806, 0, 0),
(2, 'GDsasheg', 'ZG9sYml0IG5vcm1hbCdubyA0NyU=', 'unused', 6, 1619589635, 0, 0),
(2, 'GDsasheg', 'ZG9sYml0IG5vcm1hbG5vIDY4JSBubyB0ZWxlZiBuZSBzb2hyYW5pbCgoKA==', 'unused', 7, 1619590020, 0, 0),
(6, 'GDKipper', 'aW0gYnVpbGQgbmV3IGxldmVsIC0gcXVpY2sgcmVidWlsZA==', 'unused', 8, 1621356643, 0, 0),
(6, 'GDKipper', 'SWNlIGdhdW50bGV0IGNvbXBsZXRl', 'unused', 9, 1622144882, 0, 0),
(2, 'GDsasheg', 'MzI3IHN0YXJzISEh', 'unused', 10, 1622185410, 0, 0),
(8, 'ojector', 'aSBhbSBub3QgaGFja2VkLiBpIHdpbGwgcGxheSBmcm9tIHBob25lIG5vdy4gY3V6IGkgbm93IG5vdCBhdCBob21l', 'unused', 11, 1622357742, 0, 0),
(2, 'GDsasheg', 'NDAwIHN0YXJzISE=', 'unused', 12, 1622966929, 0, 0),
(8, 'ojector', 'aSBsaWVkIHlvdS4gaSBoYWNrZWQgb2plY3RvciBvbiBnb29nbGUgZGlzY29yZCBhbmQgZ2Qg', 'unused', 13, 1623945925, 0, 0);

-- --------------------------------------------------------

--
-- Структура таблицы `accounts`
--

CREATE TABLE `accounts` (
  `userName` varchar(255) COLLATE utf8_unicode_ci NOT NULL,
  `password` varchar(255) COLLATE utf8_unicode_ci NOT NULL,
  `email` varchar(255) COLLATE utf8_unicode_ci NOT NULL,
  `secret` varchar(255) COLLATE utf8_unicode_ci NOT NULL DEFAULT 'unused',
  `accountID` int(11) NOT NULL,
  `saveData` longtext COLLATE utf8_unicode_ci NOT NULL,
  `isAdmin` int(11) NOT NULL DEFAULT 0,
  `userID` int(11) NOT NULL DEFAULT 0,
  `friends` varchar(1024) COLLATE utf8_unicode_ci NOT NULL DEFAULT 'unused',
  `blockedBy` varchar(1024) COLLATE utf8_unicode_ci NOT NULL DEFAULT 'unused',
  `blocked` varchar(1024) COLLATE utf8_unicode_ci NOT NULL DEFAULT 'unused',
  `mS` int(11) NOT NULL DEFAULT 0,
  `frS` int(11) NOT NULL DEFAULT 0,
  `cS` int(11) NOT NULL DEFAULT 0,
  `youtubeurl` varchar(255) COLLATE utf8_unicode_ci NOT NULL DEFAULT '',
  `twitter` varchar(255) COLLATE utf8_unicode_ci NOT NULL DEFAULT '',
  `twitch` varchar(255) COLLATE utf8_unicode_ci NOT NULL DEFAULT '',
  `salt` varchar(255) COLLATE utf8_unicode_ci NOT NULL DEFAULT '',
  `registerDate` int(11) NOT NULL DEFAULT 0,
  `friendsCount` int(11) NOT NULL DEFAULT 0,
  `saveKey` blob NOT NULL,
  `discordID` bigint(20) NOT NULL DEFAULT 0,
  `discordLinkReq` bigint(20) NOT NULL DEFAULT 0
) ENGINE=InnoDB DEFAULT CHARSET=utf8 COLLATE=utf8_unicode_ci;

--
-- Дамп данных таблицы `accounts`
--

INSERT INTO `accounts` (`userName`, `password`, `email`, `secret`, `accountID`, `saveData`, `isAdmin`, `userID`, `friends`, `blockedBy`, `blocked`, `mS`, `frS`, `cS`, `youtubeurl`, `twitter`, `twitch`, `salt`, `registerDate`, `friendsCount`, `saveKey`, `discordID`, `discordLinkReq`) VALUES
('GDsasheg', '$2y$10$Udvs0bpRcYh.Tm8yF2Hhfe7CutKzVzyex8itUwmV7ayd7einICbDW', 'a@a.a', '', 1, '', 0, 0, 'unused', 'unused', 'unused', 0, 0, 0, '', '', '', '', 1617261459, 0, '', 0, 0),
('GDKipper', '$2y$10$nr8nESZ9w7GhttraYEYHt.hdihEsNDKLkMyjPqqEgH7QTEwYgFXVK', 'gdkippe90@yandex.ru', '', 2, '', 0, 0, 'unused', 'unused', 'unused', 0, 0, 0, '', '', '', '', 1617370438, 0, '', 0, 0),
('OJector', '$2y$10$jkaHntN5bZe7Zi4m50zyiO3a2r84HXIh/SXi8M8H4qUXhmnLdjcTi', 'a@a.com', '', 3, '', 0, 0, 'unused', 'unused', 'unused', 0, 0, 0, '', '', '', '', 1617717381, 0, '', 0, 0),
('savaxx', '$2y$10$XBCL/a5T8qeoprKChsQCnOQW4S/nQ1D8sLPtYsp6.b/QpuqyA9hfm', 'savaromanov456@gmail.com', '', 4, '', 0, 0, 'unused', 'unused', 'unused', 0, 0, 0, '', '', '', '', 1617777552, 0, '', 0, 0),
('herobro', '$2y$10$z2Z3FDsXLxUznmtaVIPtiODZmmk6b3aN3ouptI1GpfGTebHPiEEDK', 'a@a.a', '', 5, '', 0, 0, 'unused', 'unused', 'unused', 0, 0, 0, '', '', '', '', 1619255232, 0, '', 0, 0),
('loler', '$2y$10$FX2moq6/RkltwgjNSZjSnu3gZQtCQ4T46U4YNeXDDHjnPyxVGzjLq', 'a@a.a', '', 6, '', 0, 0, 'unused', 'unused', 'unused', 0, 0, 0, '', '', '', '', 1620890117, 0, '', 0, 0),
('theRealXone', '$2y$10$dXBmD7iIfLxVB1/lX4m5/ua1RO4ZWS/RsCUis12TXBOwfVu355r5y', 'nkt.x.one@gmail.com', '', 7, '', 0, 0, 'unused', 'unused', 'unused', 0, 0, 0, '', '', '', '', 1621840031, 0, '', 0, 0),
('TwoSteps', '$2y$10$4kuyWNXge.GgpFhhmhF7gOSyblLBEBjyswYZck9xTesS.KaEQC3Eu', 'ihuan2015@gmail.com', '', 8, '', 0, 0, 'unused', 'unused', 'unused', 0, 0, 0, '', '', '', '', 1621973325, 0, '', 0, 0),
('danya228666', '$2y$10$ERbSq4Tci63Uf5c50f6CS.x14dhYOkKXSLEyIoXKBN/dBzcZsrulG', 'a@a.a', '', 9, '', 0, 0, 'unused', 'unused', 'unused', 0, 0, 0, '', '', '', '', 1623756015, 0, '', 0, 0),
('mastergame', '$2y$10$gZNILp8A2APS54VFabjEX.SWvczCWCZ/arxQIa1.n8WPBa/YCyO2C', 'g@g.g', '', 10, '', 0, 0, 'unused', 'unused', 'unused', 0, 0, 0, '', '', '', '', 1624142148, 0, '', 0, 0);

-- --------------------------------------------------------

--
-- Структура таблицы `actions`
--

CREATE TABLE `actions` (
  `ID` int(11) NOT NULL,
  `type` int(11) NOT NULL DEFAULT 0,
  `value` varchar(255) COLLATE utf8_unicode_ci NOT NULL DEFAULT '0',
  `timestamp` int(11) NOT NULL DEFAULT 0,
  `value2` varchar(255) COLLATE utf8_unicode_ci NOT NULL DEFAULT '0',
  `value3` int(11) NOT NULL DEFAULT 0,
  `value4` int(11) NOT NULL DEFAULT 0,
  `value5` int(11) NOT NULL DEFAULT 0,
  `value6` int(11) NOT NULL DEFAULT 0,
  `account` int(11) NOT NULL DEFAULT 0
) ENGINE=InnoDB DEFAULT CHARSET=utf8 COLLATE=utf8_unicode_ci;

--
-- Дамп данных таблицы `actions`
--

INSERT INTO `actions` (`ID`, `type`, `value`, `timestamp`, `value2`, `value3`, `value4`, `value5`, `value6`, `account`) VALUES
(1, 9, '0', 1617258026, '0', 0, 0, 0, 0, 1),
(2, 9, '0', 1617261352, '0', 0, 0, 0, 0, 1),
(3, 2, 'GDsasheg', 1617261474, '91.237.111.52', 0, 0, 0, 0, 0),
(4, 16, '1', 1617261485, '91.237.111.52', 0, 0, 0, 0, 0),
(5, 9, '0', 1617264831, '0', 0, 0, 0, 0, 2),
(6, 16, '1', 1617295843, '217.175.3.29', 0, 0, 0, 0, 0),
(7, 9, '0', 1617295844, '0', 0, 0, 0, 0, 2),
(8, 16, '1', 1617305801, '217.175.3.29', 0, 0, 0, 0, 0),
(9, 9, '0', 1617305801, '0', 0, 0, 0, 0, 2),
(10, 9, '0', 1617306365, '0', 0, 0, 0, 0, 3),
(11, 2, 'GDsasheg', 1617306383, '217.175.3.29', 0, 0, 0, 0, 0),
(12, 16, '1', 1617315873, '217.175.3.29', 0, 0, 0, 0, 0),
(13, 7, '1', 1617315879, '217.175.3.29', 0, 0, 0, 0, 0),
(14, 7, '1', 1617315888, '217.175.3.29', 0, 0, 0, 0, 0),
(15, 9, '0', 1617315947, '0', 0, 0, 0, 0, 2),
(16, 7, '2', 1617316028, '217.175.3.29', 0, 0, 0, 0, 0),
(17, 9, '2', 1617316054, '0', 0, 1, 0, 0, 2),
(18, 7, '2', 1617347987, '91.237.111.52', 0, 0, 0, 0, 0),
(19, 7, '1', 1617347996, '91.237.111.52', 0, 0, 0, 0, 0),
(20, 9, '0', 1617347996, '0', 0, 0, 0, 0, 4),
(21, 3, '1', 1617347996, '91.237.111.52', 0, 0, 0, 0, 0),
(22, 16, '1', 1617348209, '91.237.111.52', 0, 0, 0, 0, 0),
(23, 9, '0', 1617348209, '0', 0, 0, 0, 0, 2),
(24, 16, '1', 1617364465, '217.175.15.27', 0, 0, 0, 0, 0),
(25, 7, '1', 1617364472, '217.175.15.27', 0, 0, 0, 0, 0),
(26, 7, '1', 1617364510, '217.175.15.27', 0, 0, 0, 0, 0),
(27, 3, '1', 1617364525, '217.175.15.27', 0, 0, 0, 0, 0),
(28, 9, '0', 1617364529, '0', 0, 0, 0, 0, 2),
(29, 9, '0', 1617370359, '0', 0, 0, 0, 0, 5),
(30, 2, 'GDKipper', 1617370455, '185.188.98.50', 0, 0, 0, 0, 0),
(31, 7, '1', 1617370464, '185.188.98.50', 0, 0, 0, 0, 0),
(32, 7, '2', 1617370658, '185.188.98.50', 0, 0, 0, 0, 0),
(33, 16, '2', 1617370705, '185.188.98.50', 0, 0, 0, 0, 0),
(34, 16, '2', 1617381314, '185.188.98.50', 0, 0, 0, 0, 0),
(35, 7, '2', 1617381786, '185.188.98.50', 0, 0, 0, 0, 0),
(36, 16, '1', 1617396990, '217.175.3.29', 0, 0, 0, 0, 0),
(37, 9, '0', 1617396990, '0', 0, 0, 0, 0, 2),
(38, 16, '2', 1617398254, '185.188.98.50', 0, 0, 0, 0, 0),
(39, 9, '2', 1617398254, '0', 0, 1, 0, 0, 6),
(40, 7, '1', 1617398271, '185.188.98.50', 0, 0, 0, 0, 0),
(41, 16, '2', 1617449477, '185.188.98.50', 0, 0, 0, 0, 0),
(42, 9, '0', 1617449477, '0', 0, 0, 0, 0, 6),
(43, 7, '3', 1617452415, '185.188.98.50', 0, 0, 0, 0, 0),
(44, 7, '3', 1617457231, '185.188.98.50', 0, 0, 0, 0, 0),
(45, 3, '3', 1617457232, '185.188.98.50', 0, 0, 0, 0, 0),
(46, 16, '2', 1617457239, '185.188.98.50', 0, 0, 0, 0, 0),
(47, 3, '1', 1617457267, '185.188.98.50', 0, 0, 0, 0, 0),
(48, 16, '2', 1617461873, '185.188.98.50', 0, 0, 0, 0, 0),
(49, 3, '2', 1617461881, '185.188.98.50', 0, 0, 0, 0, 0),
(50, 7, '4', 1617481556, '217.175.3.29', 0, 0, 0, 0, 0),
(51, 7, '3', 1617481577, '217.175.3.29', 0, 0, 0, 0, 0),
(52, 16, '1', 1617481596, '217.175.3.29', 0, 0, 0, 0, 0),
(53, 7, '3', 1617481686, '217.175.3.29', 0, 0, 0, 0, 0),
(54, 7, '4', 1617481813, '217.175.3.29', 0, 0, 0, 0, 0),
(55, 7, '4', 1617485914, '185.188.98.50', 0, 0, 0, 0, 0),
(56, 3, '4', 1617485918, '185.188.98.50', 0, 0, 0, 0, 0),
(57, 16, '2', 1617485953, '185.188.98.50', 0, 0, 0, 0, 0),
(58, 9, '0', 1617485954, '0', 0, 0, 0, 0, 6),
(59, 7, '4', 1617486835, '185.188.98.50', 0, 0, 0, 0, 0),
(60, 9, '2', 1617487055, '0', 0, 0, 0, 0, 6),
(61, 16, '1', 1617534984, '217.175.3.29', 0, 0, 0, 0, 0),
(62, 16, '2', 1617535082, '185.188.98.50', 0, 0, 0, 0, 0),
(63, 9, '0', 1617535082, '0', 0, 0, 6, 0, 6),
(64, 16, '1', 1617562029, '217.175.3.29', 0, 0, 0, 0, 0),
(65, 7, '1', 1617603421, '91.237.111.52', 0, 0, 0, 0, 0),
(66, 16, '2', 1617648677, '185.188.98.50', 0, 0, 0, 0, 0),
(67, 9, '0', 1617648677, '0', 0, 0, 0, 0, 6),
(68, 9, '0', 1617648721, '0', 0, 0, 62, 0, 6),
(69, 16, '1', 1617686304, '91.237.111.52', 0, 0, 0, 0, 0),
(70, 7, '4', 1617690146, '91.237.111.52', 0, 0, 0, 0, 0),
(71, 16, '1', 1617690165, '91.237.111.52', 0, 0, 0, 0, 0),
(72, 3, '4', 1617690167, '91.237.111.52', 0, 0, 0, 0, 0),
(73, 7, '3', 1617690167, '91.237.111.52', 0, 0, 0, 0, 0),
(74, 3, '3', 1617690170, '91.237.111.52', 0, 0, 0, 0, 0),
(75, 3, '2', 1617693291, '91.237.111.52', 0, 0, 0, 0, 0),
(76, 7, '4', 1617693723, '91.237.111.52', 0, 0, 0, 0, 0),
(77, 16, '2', 1617717063, '185.188.98.50', 0, 0, 0, 0, 0),
(78, 9, '0', 1617717063, '0', 0, 0, 0, 0, 6),
(79, 9, '0', 1617717357, '0', 0, 0, 0, 0, 7),
(80, 2, 'OJector', 1617717390, '5.165.16.19', 0, 0, 0, 0, 0),
(81, 7, '1', 1617717397, '5.165.16.19', 0, 0, 0, 0, 0),
(82, 16, '3', 1617717478, '5.165.16.19', 0, 0, 0, 0, 0),
(83, 7, '2', 1617717480, '5.165.16.19', 0, 0, 0, 0, 0),
(84, 7, '4', 1617717493, '5.165.16.19', 0, 0, 0, 0, 0),
(85, 7, '3', 1617717569, '5.165.16.19', 0, 0, 0, 0, 0),
(86, 9, '15', 1617717685, '0', 1, 1, 0, 0, 8),
(87, 7, '5', 1617718979, '5.165.16.19', 0, 0, 0, 0, 0),
(88, 9, '0', 1617719048, '0', 0, 0, 0, 0, 6),
(89, 7, '5', 1617719054, '185.188.98.50', 0, 0, 0, 0, 0),
(90, 7, '5', 1617719074, '5.165.16.19', 0, 0, 0, 0, 0),
(91, 3, '5', 1617719103, '5.165.16.19', 0, 0, 0, 0, 0),
(92, 9, '25', 1617719872, '1', 1, 0, 0, 0, 8),
(93, 7, '1', 1617720018, '5.165.16.19', 0, 0, 0, 0, 0),
(94, 16, '2', 1617727632, '185.188.98.50', 0, 0, 0, 0, 0),
(95, 9, '0', 1617727632, '0', 0, 0, 0, 0, 6),
(96, 7, '5', 1617727640, '185.188.98.50', 0, 0, 0, 0, 0),
(97, 3, '5', 1617727646, '185.188.98.50', 0, 0, 0, 0, 0),
(98, 7, '5', 1617776946, '91.237.111.52', 0, 0, 0, 0, 0),
(99, 16, '1', 1617776958, '91.237.111.52', 0, 0, 0, 0, 0),
(100, 7, '5', 1617776961, '91.237.111.52', 0, 0, 0, 0, 0),
(101, 2, 'savaxx', 1617777803, '91.237.111.52', 0, 0, 0, 0, 0),
(102, 16, '4', 1617777946, '194.147.50.7', 0, 0, 0, 0, 0),
(103, 9, '10', 1617778073, '0', 1, 1, 9, 0, 2),
(104, 9, '2', 1617778106, '0', 0, 0, 43, 0, 9),
(105, 9, '0', 1617778338, '0', 0, 0, 0, 0, 9),
(106, 7, '5', 1617778847, '194.147.50.7', 0, 0, 0, 0, 0),
(107, 3, '5', 1617778861, '194.147.50.7', 0, 0, 0, 0, 0),
(108, 7, '1', 1617779142, '194.147.50.7', 0, 0, 0, 0, 0),
(109, 16, '1', 1617781214, '91.237.111.52', 0, 0, 0, 0, 0),
(110, 9, '0', 1617781351, '0', 0, 0, 96, 0, 2),
(111, 7, '1', 1617781376, '194.147.50.78', 0, 0, 0, 0, 0),
(112, 16, '4', 1617781386, '194.147.50.78', 0, 0, 0, 0, 0),
(113, 9, '0', 1617781431, '0', 0, 0, 0, 0, 9),
(114, 16, '2', 1617788995, '185.188.98.50', 0, 0, 0, 0, 0),
(115, 9, '0', 1617788995, '0', 0, 0, 0, 0, 6),
(116, 9, '0', 1617789182, '0', 0, 0, 0, 0, 6),
(117, 16, '1', 1617805214, '217.175.3.29', 0, 0, 0, 0, 0),
(118, 7, '5', 1617805216, '217.175.3.29', 0, 0, 0, 0, 0),
(119, 16, '3', 1617805497, '5.165.16.19', 0, 0, 0, 0, 0),
(120, 9, '10', 1617805497, '0', 2, 1, 0, 0, 8),
(121, 9, '32', 1617805713, '6', 1, 1, 23, 0, 2),
(122, 7, '6', 1617807124, '5.165.16.19', 0, 0, 0, 0, 0),
(123, 3, '6', 1617807666, '5.165.16.19', 0, 0, 0, 0, 0),
(124, 2, 'OJector', 1617807877, '5.165.16.19', 0, 0, 0, 0, 0),
(125, 9, '-50', 1617807881, '-1', -4, -2, 0, 0, 8),
(126, 7, '6', 1617807885, '5.165.16.19', 0, 0, 0, 0, 0),
(127, 3, '6', 1617807888, '5.165.16.19', 0, 0, 0, 0, 0),
(128, 9, '0', 1617808040, '0', 0, 0, 0, 0, 10),
(129, 9, '0', 1617808079, '0', 0, 0, 0, 0, 7),
(130, 2, 'OJector', 1617808102, '5.165.16.19', 0, 0, 0, 0, 0),
(131, 16, '1', 1617813916, '217.175.3.29', 0, 0, 0, 0, 0),
(132, 7, '7', 1617813941, '5.165.16.19', 0, 0, 0, 0, 0),
(133, 3, '7', 1617814016, '5.165.16.19', 0, 0, 0, 0, 0),
(134, 7, '4', 1617814478, '5.165.16.19', 0, 0, 0, 0, 0),
(135, 7, '3', 1617814497, '5.165.16.19', 0, 0, 0, 0, 0),
(136, 7, '2', 1617814603, '5.165.16.19', 0, 0, 0, 0, 0),
(137, 16, '3', 1617815031, '5.165.16.19', 0, 0, 0, 0, 0),
(138, 9, '163', 1617815031, '12', 5, 2, 0, 0, 8),
(139, 7, '7', 1617815275, '5.165.16.19', 0, 0, 0, 0, 0),
(140, 7, '7', 1617815506, '217.175.3.29', 0, 0, 0, 0, 0),
(141, 3, '7', 1617815548, '217.175.3.29', 0, 0, 0, 0, 0),
(142, 7, '7', 1617815550, '217.175.3.29', 0, 0, 0, 0, 0),
(143, 7, '6', 1617815610, '217.175.3.29', 0, 0, 0, 0, 0),
(144, 7, '7', 1617831819, '46.47.55.114', 0, 0, 0, 0, 0),
(145, 7, '6', 1617831837, '46.47.55.114', 0, 0, 0, 0, 0),
(146, 7, '7', 1617832352, '46.47.55.114', 0, 0, 0, 0, 0),
(147, 16, '2', 1617832385, '46.47.55.114', 0, 0, 0, 0, 0),
(148, 9, '0', 1617832385, '0', 0, 0, 0, 0, 6),
(149, 16, '3', 1617850397, '5.165.16.19', 0, 0, 0, 0, 0),
(150, 4, '6', 1617850661, '5.165.16.19', 0, 0, 0, 0, 0),
(151, 9, '14', 1617853085, '2', 3, 0, 0, 0, 8),
(152, 9, '0', 1617853110, '0', 0, 0, 0, 0, 8),
(153, 9, '0', 1617853206, '0', 0, 0, 0, 0, 8),
(154, 16, '2', 1617860108, '46.47.55.114', 0, 0, 0, 0, 0),
(155, 7, '6', 1617860633, '46.47.55.114', 0, 0, 0, 0, 0),
(156, 7, '5', 1617861370, '46.47.55.114', 0, 0, 0, 0, 0),
(157, 16, '4', 1617866193, '91.237.111.52', 0, 0, 0, 0, 0),
(158, 9, '0', 1617866257, '0', 0, 0, 69, 0, 9),
(159, 3, '3', 1617876506, '5.165.16.19', 0, 0, 0, 0, 0),
(160, 16, '3', 1617978501, '77.223.69.215', 0, 0, 0, 0, 0),
(161, 9, '0', 1617978501, '0', 0, 0, 0, 0, 8),
(162, 3, '1', 1617980456, '77.223.69.215', 0, 0, 0, 0, 0),
(163, 7, '8', 1617981424, '77.223.69.215', 0, 0, 0, 0, 0),
(164, 3, '8', 1617981426, '77.223.69.215', 0, 0, 0, 0, 0),
(165, 16, '3', 1617982235, '77.223.69.215', 0, 0, 0, 0, 0),
(166, 7, '9', 1618052964, '46.47.55.114', 0, 0, 0, 0, 0),
(167, 7, '8', 1618052981, '46.47.55.114', 0, 0, 0, 0, 0),
(168, 16, '1', 1618059304, '217.175.3.29', 0, 0, 0, 0, 0),
(169, 7, '8', 1618059433, '217.175.3.29', 0, 0, 0, 0, 0),
(170, 7, '9', 1618059477, '217.175.3.29', 0, 0, 0, 0, 0),
(171, 7, '9', 1618059547, '217.175.3.29', 0, 0, 0, 0, 0),
(172, 7, '9', 1618060798, '77.223.69.215', 0, 0, 0, 0, 0),
(173, 16, '3', 1618061072, '77.223.69.215', 0, 0, 0, 0, 0),
(174, 7, '9', 1618061080, '46.47.55.114', 0, 0, 0, 0, 0),
(175, 7, '9', 1618061142, '77.223.69.215', 0, 0, 0, 0, 0),
(176, 3, '9', 1618061143, '77.223.69.215', 0, 0, 0, 0, 0),
(177, 7, '3', 1618061431, '46.47.55.114', 0, 0, 0, 0, 0),
(178, 16, '2', 1618061450, '46.47.55.114', 0, 0, 0, 0, 0),
(179, 7, '5', 1618061461, '46.47.55.114', 0, 0, 0, 0, 0),
(180, 7, '8', 1618061513, '46.47.55.114', 0, 0, 0, 0, 0),
(181, 7, '4', 1618061609, '46.47.55.114', 0, 0, 0, 0, 0),
(182, 7, '4', 1618062511, '46.47.55.114', 0, 0, 0, 0, 0),
(183, 7, '1', 1618062521, '46.47.55.114', 0, 0, 0, 0, 0),
(184, 7, '10', 1618063499, '77.223.69.215', 0, 0, 0, 0, 0),
(185, 7, '10', 1618063771, '77.223.69.215', 0, 0, 0, 0, 0),
(186, 7, '10', 1618063914, '46.47.55.114', 0, 0, 0, 0, 0),
(187, 3, '10', 1618063973, '77.223.69.215', 0, 0, 0, 0, 0),
(188, 7, '10', 1618064089, '46.47.55.114', 0, 0, 0, 0, 0),
(189, 3, '10', 1618064188, '46.47.55.114', 0, 0, 0, 0, 0),
(190, 9, '0', 1618064368, '0', 0, 0, 77, 0, 6),
(191, 16, '3', 1618065593, '77.223.69.215', 0, 0, 0, 0, 0),
(192, 9, '10', 1618065600, '0', 1, 0, 117, 0, 8),
(193, 9, '0', 1618066177, '0', 0, 0, 17734, 0, 8),
(194, 16, '1', 1618070262, '217.175.3.29', 0, 0, 0, 0, 0),
(195, 9, '8', 1618070262, '3', 0, 0, 120, 0, 2),
(196, 16, '3', 1618070263, '77.223.69.215', 0, 0, 0, 0, 0),
(197, 9, '0', 1618070263, '0', 0, 0, 0, 0, 8),
(198, 7, '10', 1618070339, '217.175.3.29', 0, 0, 0, 0, 0),
(199, 7, '10', 1618070427, '217.175.3.29', 0, 0, 0, 0, 0),
(200, 16, '1', 1618086947, '217.175.3.29', 0, 0, 0, 0, 0),
(201, 7, '11', 1618086954, '217.175.3.29', 0, 0, 0, 0, 0),
(202, 9, '3', 1618087252, '0', 0, 0, 78, 0, 2),
(203, 7, '11', 1618087815, '217.175.3.29', 0, 0, 0, 0, 0),
(204, 9, '7', 1618087930, '0', 0, 0, 0, 0, 2),
(205, 7, '2', 1618093577, '46.47.55.114', 0, 0, 0, 0, 0),
(206, 16, '3', 1618118336, '77.223.69.215', 0, 0, 0, 0, 0),
(207, 9, '0', 1618118336, '0', 0, 0, 0, 0, 8),
(208, 16, '3', 1618151421, '77.223.69.215', 0, 0, 0, 0, 0),
(209, 9, '0', 1618151421, '0', 0, 0, 0, 0, 8),
(210, 7, '2', 1618151444, '77.223.69.215', 0, 0, 0, 0, 0),
(211, 7, '11', 1618151636, '77.223.69.215', 0, 0, 0, 0, 0),
(212, 7, '2', 1618203513, '91.237.111.52', 0, 0, 0, 0, 0),
(213, 16, '1', 1618203551, '91.237.111.52', 0, 0, 0, 0, 0),
(214, 7, '7', 1618203555, '91.237.111.52', 0, 0, 0, 0, 0),
(215, 7, '6', 1618208514, '194.147.51.83', 0, 0, 0, 0, 0),
(216, 7, '8', 1618208556, '194.147.51.83', 0, 0, 0, 0, 0),
(217, 7, '9', 1618208562, '194.147.51.83', 0, 0, 0, 0, 0),
(218, 7, '10', 1618208577, '194.147.51.83', 0, 0, 0, 0, 0),
(219, 7, '11', 1618211210, '91.237.111.52', 0, 0, 0, 0, 0),
(220, 16, '1', 1618211375, '91.237.111.52', 0, 0, 0, 0, 0),
(221, 7, '11', 1618211435, '91.237.111.52', 0, 0, 0, 0, 0),
(222, 3, '11', 1618211588, '91.237.111.52', 0, 0, 0, 0, 0),
(223, 7, '7', 1618211685, '91.237.111.52', 0, 0, 0, 0, 0),
(224, 16, '4', 1618211720, '91.237.111.52', 0, 0, 0, 0, 0),
(225, 3, '7', 1618211721, '91.237.111.52', 0, 0, 0, 0, 0),
(226, 3, '8', 1618211727, '91.237.111.52', 0, 0, 0, 0, 0),
(227, 16, '4', 1618215566, '91.237.111.52', 0, 0, 0, 0, 0),
(228, 7, '12', 1618215581, '91.237.111.52', 0, 0, 0, 0, 0),
(229, 3, '12', 1618215589, '91.237.111.52', 0, 0, 0, 0, 0),
(230, 7, '12', 1618215671, '91.237.111.52', 0, 0, 0, 0, 0),
(231, 7, '12', 1618221131, '85.193.67.31', 0, 0, 0, 0, 0),
(232, 16, '3', 1618239407, '77.223.69.215', 0, 0, 0, 0, 0),
(233, 9, '0', 1618239407, '0', 0, 0, 74, 0, 8),
(234, 16, '2', 1618250594, '46.47.55.114', 0, 0, 0, 0, 0),
(235, 9, '2', 1618250594, '0', 0, 1, 6, 0, 6),
(236, 16, '4', 1618298600, '91.237.111.52', 0, 0, 0, 0, 0),
(237, 16, '1', 1618298780, '91.237.111.52', 0, 0, 0, 0, 0),
(238, 7, '9', 1618299361, '91.237.111.52', 0, 0, 0, 0, 0),
(239, 7, '13', 1618300708, '91.237.111.52', 0, 0, 0, 0, 0),
(240, 7, '6', 1618300785, '91.237.111.52', 0, 0, 0, 0, 0),
(241, 7, '3', 1618300947, '91.237.111.52', 0, 0, 0, 0, 0),
(242, 3, '12', 1618301272, '91.237.111.52', 0, 0, 0, 0, 0),
(243, 7, '10', 1618301334, '91.237.111.52', 0, 0, 0, 0, 0),
(244, 16, '4', 1618312265, '85.193.67.74', 0, 0, 0, 0, 0),
(245, 7, '12', 1618312275, '85.193.67.74', 0, 0, 0, 0, 0),
(246, 16, '3', 1618317280, '77.223.69.215', 0, 0, 0, 0, 0),
(247, 7, '12', 1618317507, '77.223.69.215', 0, 0, 0, 0, 0),
(248, 3, '12', 1618317598, '77.223.69.215', 0, 0, 0, 0, 0),
(249, 7, '13', 1618317635, '77.223.69.215', 0, 0, 0, 0, 0),
(250, 7, '12', 1618348389, '217.175.3.29', 0, 0, 0, 0, 0),
(251, 16, '1', 1618348509, '217.175.3.29', 0, 0, 0, 0, 0),
(252, 7, '5', 1618348635, '217.175.3.29', 0, 0, 0, 0, 0),
(253, 7, '2', 1618348707, '217.175.3.29', 0, 0, 0, 0, 0),
(254, 9, '14', 1618348910, '6', 0, 1, 64, 0, 2),
(255, 9, '0', 1618377637, '0', 0, 0, 0, 0, 11),
(256, 16, '4', 1618381002, '85.193.67.48', 0, 0, 0, 0, 0),
(257, 7, '10', 1618381349, '91.237.111.52', 0, 0, 0, 0, 0),
(258, 3, '10', 1618381353, '91.237.111.52', 0, 0, 0, 0, 0),
(259, 16, '1', 1618381366, '91.237.111.52', 0, 0, 0, 0, 0),
(260, 7, '14', 1618381375, '91.237.111.52', 0, 0, 0, 0, 0),
(261, 7, '13', 1618381407, '91.237.111.52', 0, 0, 0, 0, 0),
(262, 7, '14', 1618381409, '91.237.111.52', 0, 0, 0, 0, 0),
(263, 7, '8', 1618381982, '91.237.111.52', 0, 0, 0, 0, 0),
(264, 7, '11', 1618386684, '46.47.55.114', 0, 0, 0, 0, 0),
(265, 7, '14', 1618386707, '46.47.55.114', 0, 0, 0, 0, 0),
(266, 7, '12', 1618387144, '46.47.55.114', 0, 0, 0, 0, 0),
(267, 7, '13', 1618387155, '46.47.55.114', 0, 0, 0, 0, 0),
(268, 16, '4', 1618388078, '91.237.111.52', 0, 0, 0, 0, 0),
(269, 16, '1', 1618388160, '91.237.111.52', 0, 0, 0, 0, 0),
(270, 9, '0', 1618388204, '0', 0, 0, 0, 0, 2),
(271, 16, '1', 1618433687, '217.175.3.29', 0, 0, 0, 0, 0),
(272, 16, '4', 1618464378, '194.147.51.109', 0, 0, 0, 0, 0),
(273, 7, '7', 1618464400, '194.147.51.109', 0, 0, 0, 0, 0),
(274, 16, '4', 1618471452, '194.147.51.109', 0, 0, 0, 0, 0),
(275, 7, '12', 1618474214, '194.147.51.109', 0, 0, 0, 0, 0),
(276, 16, '1', 1618474609, '91.237.111.52', 0, 0, 0, 0, 0),
(277, 16, '4', 1618485406, '194.147.51.112', 0, 0, 0, 0, 0),
(278, 7, '15', 1618485415, '194.147.51.112', 0, 0, 0, 0, 0),
(279, 3, '15', 1618485419, '194.147.51.112', 0, 0, 0, 0, 0),
(280, 7, '15', 1618487517, '91.237.111.52', 0, 0, 0, 0, 0),
(281, 16, '1', 1618487563, '91.237.111.52', 0, 0, 0, 0, 0),
(282, 7, '15', 1618487565, '91.237.111.52', 0, 0, 0, 0, 0),
(283, 9, '0', 1618487603, '0', 0, 0, 74, 0, 2),
(284, 7, '12', 1618499344, '77.223.69.215', 0, 0, 0, 0, 0),
(285, 7, '14', 1618499372, '77.223.69.215', 0, 0, 0, 0, 0),
(286, 16, '3', 1618499417, '77.223.69.215', 0, 0, 0, 0, 0),
(287, 7, '15', 1618499466, '77.223.69.215', 0, 0, 0, 0, 0),
(288, 3, '13', 1618499869, '77.223.69.215', 0, 0, 0, 0, 0),
(289, 16, '2', 1618502428, '46.47.55.114', 0, 0, 0, 0, 0),
(290, 9, '0', 1618502428, '0', 0, 0, 0, 0, 6),
(291, 16, '3', 1618503173, '77.223.69.215', 0, 0, 0, 0, 0),
(292, 7, '16', 1618505748, '77.223.69.215', 0, 0, 0, 0, 0),
(293, 16, '1', 1618549322, '91.237.111.52', 0, 0, 0, 0, 0),
(294, 7, '16', 1618549360, '91.237.111.52', 0, 0, 0, 0, 0),
(295, 7, '16', 1618549688, '91.237.111.52', 0, 0, 0, 0, 0),
(296, 7, '17', 1618549695, '91.237.111.52', 0, 0, 0, 0, 0),
(297, 16, '1', 1618560926, '91.237.111.52', 0, 0, 0, 0, 0),
(298, 16, '4', 1618560978, '91.237.111.52', 0, 0, 0, 0, 0),
(299, 16, '4', 1618566950, '91.237.111.52', 0, 0, 0, 0, 0),
(300, 16, '4', 1618569052, '185.104.7.230', 0, 0, 0, 0, 0),
(301, 16, '1', 1618573942, '217.175.3.29', 0, 0, 0, 0, 0),
(302, 9, '0', 1618573942, '0', 0, 0, 37, 0, 2),
(303, 7, '13', 1618574064, '217.175.3.29', 0, 0, 0, 0, 0),
(304, 3, '13', 1618574068, '217.175.3.29', 0, 0, 0, 0, 0),
(305, 7, '6', 1618574128, '217.175.3.29', 0, 0, 0, 0, 0),
(306, 16, '2', 1618577253, '46.47.55.114', 0, 0, 0, 0, 0),
(307, 9, '0', 1618577253, '0', 0, 0, 0, 0, 6),
(308, 7, '17', 1618579109, '77.223.69.215', 0, 0, 0, 0, 0),
(309, 3, '17', 1618579111, '77.223.69.215', 0, 0, 0, 0, 0),
(310, 16, '3', 1618579112, '77.223.69.215', 0, 0, 0, 0, 0),
(311, 7, '16', 1618579218, '77.223.69.215', 0, 0, 0, 0, 0),
(312, 16, '1', 1618579369, '217.175.3.29', 0, 0, 0, 0, 0),
(313, 7, '18', 1618579373, '217.175.3.29', 0, 0, 0, 0, 0),
(314, 9, '2', 1618579408, '0', 0, 0, 0, 0, 2),
(315, 7, '17', 1618588477, '77.223.69.215', 0, 0, 0, 0, 0),
(316, 7, '7', 1618588526, '77.223.69.215', 0, 0, 0, 0, 0),
(317, 7, '6', 1618588554, '77.223.69.215', 0, 0, 0, 0, 0),
(318, 16, '3', 1618593186, '77.223.69.215', 0, 0, 0, 0, 0),
(319, 7, '19', 1618593190, '77.223.69.215', 0, 0, 0, 0, 0),
(320, 2, 'ojector', 1618596420, '77.223.69.215', 0, 0, 0, 0, 0),
(321, 7, '19', 1618596428, '77.223.69.215', 0, 0, 0, 0, 0),
(322, 7, '7', 1618596480, '77.223.69.215', 0, 0, 0, 0, 0),
(323, 3, '19', 1618632035, '77.223.69.215', 0, 0, 0, 0, 0),
(324, 7, '1', 1618632466, '77.223.69.215', 0, 0, 0, 0, 0),
(325, 7, '18', 1618632502, '77.223.69.215', 0, 0, 0, 0, 0),
(326, 7, '4', 1618632580, '77.223.69.215', 0, 0, 0, 0, 0),
(327, 7, '8', 1618632748, '77.223.69.215', 0, 0, 0, 0, 0),
(328, 16, '1', 1618644464, '217.175.3.29', 0, 0, 0, 0, 0),
(329, 7, '17', 1618650111, '46.47.55.114', 0, 0, 0, 0, 0),
(330, 16, '2', 1618650115, '46.47.55.114', 0, 0, 0, 0, 0),
(331, 7, '19', 1618650119, '46.47.55.114', 0, 0, 0, 0, 0),
(332, 16, '2', 1618656659, '46.47.55.114', 0, 0, 0, 0, 0),
(333, 7, '20', 1618664568, '46.47.55.114', 0, 0, 0, 0, 0),
(334, 3, '20', 1618664570, '46.47.55.114', 0, 0, 0, 0, 0),
(335, 16, '2', 1618664574, '46.47.55.114', 0, 0, 0, 0, 0),
(336, 7, '18', 1618664584, '46.47.55.114', 0, 0, 0, 0, 0),
(337, 7, '19', 1618667957, '217.175.3.29', 0, 0, 0, 0, 0),
(338, 16, '1', 1618668009, '217.175.3.29', 0, 0, 0, 0, 0),
(339, 7, '20', 1618668017, '217.175.3.29', 0, 0, 0, 0, 0),
(340, 7, '20', 1618668115, '217.175.3.29', 0, 0, 0, 0, 0),
(341, 7, '16', 1618668128, '217.175.3.29', 0, 0, 0, 0, 0),
(342, 16, '3', 1618668738, '77.223.69.215', 0, 0, 0, 0, 0),
(343, 9, '10', 1618668738, '0', 1, 0, 0, 0, 8),
(344, 9, '8', 1618668815, '0', 0, 0, 121, 0, 2),
(345, 7, '14', 1618668940, '217.175.3.29', 0, 0, 0, 0, 0),
(346, 7, '12', 1618668956, '217.175.3.29', 0, 0, 0, 0, 0),
(347, 7, '19', 1618670161, '217.175.3.29', 0, 0, 0, 0, 0),
(348, 9, '0', 1618670263, '0', 0, 0, 51, 0, 2),
(349, 7, '20', 1618670851, '77.223.69.215', 0, 0, 0, 0, 0),
(350, 7, '20', 1618670875, '77.223.69.215', 0, 0, 0, 0, 0),
(351, 7, '18', 1618670946, '77.223.69.215', 0, 0, 0, 0, 0),
(352, 9, '0', 1618670950, '0', 0, 0, 0, 0, 8),
(353, 7, '17', 1618671336, '217.175.3.29', 0, 0, 0, 0, 0),
(354, 7, '21', 1618671426, '217.175.3.29', 0, 0, 0, 0, 0),
(355, 7, '21', 1618671502, '217.175.3.29', 0, 0, 0, 0, 0),
(356, 9, '0', 1618671540, '0', 0, 0, 0, 0, 8),
(357, 9, '0', 1618671544, '0', 0, 0, 0, 0, 2),
(358, 16, '1', 1618671616, '217.175.3.29', 0, 0, 0, 0, 0),
(359, 9, '0', 1618671651, '0', 1, 0, 0, 0, 2),
(360, 7, '21', 1618672011, '77.223.69.215', 0, 0, 0, 0, 0),
(361, 9, '0', 1618672059, '0', 0, 0, 0, 0, 2),
(362, 9, '0', 1618672066, '0', 1, 0, 0, 0, 8),
(363, 7, '21', 1618672096, '77.223.69.215', 0, 0, 0, 0, 0),
(364, 7, '11', 1618672277, '77.223.69.215', 0, 0, 0, 0, 0),
(365, 7, '3', 1618672411, '77.223.69.215', 0, 0, 0, 0, 0),
(366, 7, '14', 1618672731, '77.223.69.215', 0, 0, 0, 0, 0),
(367, 9, '11', 1618672820, '2', 0, 0, 0, 0, 2),
(368, 16, '3', 1618672880, '77.223.69.215', 0, 0, 0, 0, 0),
(369, 9, '8', 1618672995, '2', 0, 0, 6, 0, 2),
(370, 9, '10', 1618673058, '2', 0, 0, 0, 0, 2),
(371, 9, '10', 1618673112, '2', 0, 0, 0, 0, 8),
(372, 7, '18', 1618673945, '217.175.3.29', 0, 0, 0, 0, 0),
(373, 7, '2', 1618674020, '77.223.69.215', 0, 0, 0, 0, 0),
(374, 7, '22', 1618674681, '77.223.69.215', 0, 0, 0, 0, 0),
(375, 7, '20', 1618681121, '46.47.55.114', 0, 0, 0, 0, 0),
(376, 7, '19', 1618681150, '46.47.55.114', 0, 0, 0, 0, 0),
(377, 16, '2', 1618681197, '46.47.55.114', 0, 0, 0, 0, 0),
(378, 7, '18', 1618681242, '46.47.55.114', 0, 0, 0, 0, 0),
(379, 7, '22', 1618681273, '46.47.55.114', 0, 0, 0, 0, 0),
(380, 7, '16', 1618681381, '46.47.55.114', 0, 0, 0, 0, 0),
(381, 7, '14', 1618681430, '46.47.55.114', 0, 0, 0, 0, 0),
(382, 16, '2', 1618690851, '46.47.55.114', 0, 0, 0, 0, 0),
(383, 9, '0', 1618690851, '0', 0, 0, 0, 0, 6),
(384, 7, '17', 1618690924, '46.47.55.114', 0, 0, 0, 0, 0),
(385, 7, '16', 1618690933, '46.47.55.114', 0, 0, 0, 0, 0),
(386, 7, '22', 1618691012, '46.47.55.114', 0, 0, 0, 0, 0),
(387, 7, '11', 1618691112, '46.47.55.114', 0, 0, 0, 0, 0),
(388, 3, '11', 1618691127, '46.47.55.114', 0, 0, 0, 0, 0),
(389, 16, '1', 1618692700, '217.175.3.29', 0, 0, 0, 0, 0),
(390, 7, '22', 1618705543, '217.175.3.29', 0, 0, 0, 0, 0),
(391, 16, '1', 1618705617, '217.175.3.29', 0, 0, 0, 0, 0),
(392, 7, '23', 1618705926, '217.175.3.29', 0, 0, 0, 0, 0),
(393, 16, '3', 1618720682, '77.223.69.215', 0, 0, 0, 0, 0),
(394, 7, '5', 1618721005, '77.223.69.215', 0, 0, 0, 0, 0),
(395, 9, '0', 1618721552, '0', 0, 0, 0, 0, 8),
(396, 7, '23', 1618721595, '77.223.69.215', 0, 0, 0, 0, 0),
(397, 9, '8', 1618721799, '0', 0, 0, 0, 0, 8),
(398, 16, '1', 1618725391, '217.175.3.29', 0, 0, 0, 0, 0),
(399, 9, '-88000440', 1618725391, '0', 0, 0, 97, 0, 2),
(400, 16, '3', 1618725778, '77.223.69.215', 0, 0, 0, 0, 0),
(401, 9, '0', 1618725778, '0', 0, 0, 0, 0, 8),
(402, 7, '15', 1618726010, '77.223.69.215', 0, 0, 0, 0, 0),
(403, 16, '2', 1618742142, '46.47.55.114', 0, 0, 0, 0, 0),
(404, 7, '23', 1618742152, '46.47.55.114', 0, 0, 0, 0, 0),
(405, 4, '28', 1618742238, '46.47.55.114', 0, 0, 0, 0, 0),
(406, 16, '3', 1618742354, '77.223.69.215', 0, 0, 0, 0, 0),
(407, 6, 'OJector', 1618743470, '77.223.69.215', 0, 0, 0, 0, 0),
(408, 2, '', 1618743524, '77.223.69.215', 0, 0, 0, 0, 0),
(409, 16, '1', 1618743989, '217.175.3.29', 0, 0, 0, 0, 0),
(410, 7, '23', 1618743995, '217.175.3.29', 0, 0, 0, 0, 0),
(411, 9, '6', 1618744054, '0', 0, 0, 0, 0, 2),
(412, 9, '0', 1618744155, '0', 0, 0, 91, 0, 2),
(413, 16, '3', 1618751957, '77.223.69.215', 0, 0, 0, 0, 0),
(414, 7, '23', 1618759471, '77.223.69.215', 0, 0, 0, 0, 0),
(415, 16, '1', 1618763855, '217.175.3.29', 0, 0, 0, 0, 0),
(416, 9, '2', 1618763881, '0', 0, 0, 71, 0, 2),
(417, 16, '1', 1618775667, '217.175.3.29', 0, 0, 0, 0, 0),
(418, 7, '24', 1618775672, '217.175.3.29', 0, 0, 0, 0, 0),
(419, 9, '1', 1618776459, '0', 0, 0, 15, 0, 2),
(420, 8, '23', 1618776513, '2', 0, 0, 0, 0, 0),
(421, 7, '24', 1618799531, '77.223.69.215', 0, 0, 0, 0, 0),
(422, 16, '3', 1618800351, '77.223.69.215', 0, 0, 0, 0, 0),
(423, 7, '17', 1618816101, '91.237.111.52', 0, 0, 0, 0, 0),
(424, 7, '19', 1618816104, '91.237.111.52', 0, 0, 0, 0, 0),
(425, 7, '20', 1618816119, '91.237.111.52', 0, 0, 0, 0, 0),
(426, 7, '18', 1618816124, '91.237.111.52', 0, 0, 0, 0, 0),
(427, 7, '22', 1618816126, '91.237.111.52', 0, 0, 0, 0, 0),
(428, 7, '24', 1618816138, '91.237.111.52', 0, 0, 0, 0, 0),
(429, 3, '19', 1618816271, '91.237.111.52', 0, 0, 0, 0, 0),
(430, 3, '18', 1618816271, '91.237.111.52', 0, 0, 0, 0, 0),
(431, 7, '24', 1618847018, '217.175.3.29', 0, 0, 0, 0, 0),
(432, 7, '24', 1618847030, '185.188.98.210', 0, 0, 0, 0, 0),
(433, 16, '1', 1618847194, '217.175.3.29', 0, 0, 0, 0, 0),
(434, 9, '1', 1618847194, '0', 0, 0, 0, 0, 2),
(435, 7, '19', 1618848011, '185.188.98.210', 0, 0, 0, 0, 0),
(436, 9, '-7', 1618848137, '0', -1, 0, 57, 0, 2),
(437, 5, '3', 1618848148, '217.175.3.29', 0, 0, 0, 0, 0),
(438, 7, '22', 1618848156, '217.175.3.29', 0, 0, 0, 0, 0),
(439, 16, '2', 1618848289, '185.188.98.210', 0, 0, 0, 0, 0),
(440, 9, '9', 1618848289, '0', 0, 0, 1, 0, 6),
(441, 7, '7', 1618848294, '185.188.98.210', 0, 0, 0, 0, 0),
(442, 9, '0', 1618848406, '0', 0, 0, 0, 0, 2),
(443, 16, '3', 1618848929, '77.223.69.215', 0, 0, 0, 0, 0),
(444, 9, '15', 1618848929, '0', 2, 0, 32, 0, 8),
(445, 7, '1', 1618849084, '77.223.69.215', 0, 0, 0, 0, 0),
(446, 7, '24', 1618849180, '77.223.69.215', 0, 0, 0, 0, 0),
(447, 7, '25', 1618849264, '77.223.69.215', 0, 0, 0, 0, 0),
(448, 7, '25', 1618849269, '77.223.69.215', 0, 0, 0, 0, 0),
(449, 7, '22', 1618849547, '77.223.69.215', 0, 0, 0, 0, 0),
(450, 7, '17', 1618849671, '217.175.3.29', 0, 0, 0, 0, 0),
(451, 7, '16', 1618849687, '217.175.3.29', 0, 0, 0, 0, 0),
(452, 7, '8', 1618849745, '217.175.3.29', 0, 0, 0, 0, 0),
(453, 7, '6', 1618850206, '77.223.69.215', 0, 0, 0, 0, 0),
(454, 9, '0', 1618850231, '0', 0, 0, 0, 0, 2),
(455, 7, '5', 1618850696, '77.223.69.215', 0, 0, 0, 0, 0),
(456, 4, '36', 1618850745, '77.223.69.215', 0, 0, 0, 0, 0),
(457, 4, '34', 1618850747, '77.223.69.215', 0, 0, 0, 0, 0),
(458, 16, '1', 1618850823, '217.175.3.29', 0, 0, 0, 0, 0),
(459, 4, '10', 1618851075, '77.223.69.215', 0, 0, 0, 0, 0),
(460, 9, '0', 1618853006, '0', 0, 0, 0, 0, 12),
(461, 7, '26', 1618853097, '91.221.201.146', 0, 0, 0, 0, 0),
(462, 7, '26', 1618853102, '91.221.201.146', 0, 0, 0, 0, 0),
(463, 7, '24', 1618853111, '91.221.201.146', 0, 0, 0, 0, 0),
(464, 7, '4', 1618853143, '91.221.201.146', 0, 0, 0, 0, 0),
(465, 7, '20', 1618853269, '91.221.201.146', 0, 0, 0, 0, 0),
(466, 7, '18', 1618853342, '91.221.201.146', 0, 0, 0, 0, 0),
(467, 7, '17', 1618853412, '91.221.201.146', 0, 0, 0, 0, 0),
(468, 7, '15', 1618853454, '91.221.201.146', 0, 0, 0, 0, 0),
(469, 7, '12', 1618853477, '91.221.201.146', 0, 0, 0, 0, 0),
(470, 7, '10', 1618853576, '91.221.201.146', 0, 0, 0, 0, 0),
(471, 7, '5', 1618853591, '91.221.201.146', 0, 0, 0, 0, 0),
(472, 7, '3', 1618853600, '91.221.201.146', 0, 0, 0, 0, 0),
(473, 7, '19', 1618853614, '91.221.201.146', 0, 0, 0, 0, 0),
(474, 7, '8', 1618853631, '91.221.201.146', 0, 0, 0, 0, 0),
(475, 7, '6', 1618853648, '91.221.201.146', 0, 0, 0, 0, 0),
(476, 7, '2', 1618853777, '91.221.201.146', 0, 0, 0, 0, 0),
(477, 7, '1', 1618853793, '91.221.201.146', 0, 0, 0, 0, 0),
(478, 7, '7', 1618853812, '91.221.201.146', 0, 0, 0, 0, 0),
(479, 16, '2', 1618854534, '185.188.98.210', 0, 0, 0, 0, 0),
(480, 7, '10', 1618854547, '185.188.98.210', 0, 0, 0, 0, 0),
(481, 7, '22', 1618854586, '185.188.98.210', 0, 0, 0, 0, 0),
(482, 7, '27', 1618854607, '185.188.98.210', 0, 0, 0, 0, 0),
(483, 7, '24', 1618854644, '185.188.98.210', 0, 0, 0, 0, 0),
(484, 7, '1', 1618854648, '185.188.98.210', 0, 0, 0, 0, 0),
(485, 7, '27', 1618855445, '185.188.98.210', 0, 0, 0, 0, 0),
(486, 3, '27', 1618855447, '185.188.98.210', 0, 0, 0, 0, 0),
(487, 16, '2', 1618859365, '185.188.98.210', 0, 0, 0, 0, 0),
(488, 9, '0', 1618859368, '0', 0, 0, 0, 0, 6),
(489, 9, '0', 1618859666, '0', 0, 0, 0, 0, 6),
(490, 7, '17', 1618861047, '185.188.98.210', 0, 0, 0, 0, 0),
(491, 16, '3', 1618886373, '77.223.69.215', 0, 0, 0, 0, 0),
(492, 9, '1', 1618886373, '0', 0, 0, 0, 0, 8),
(493, 7, '27', 1618886549, '77.223.69.215', 0, 0, 0, 0, 0),
(494, 7, '27', 1618886657, '77.223.69.215', 0, 0, 0, 0, 0),
(495, 9, '9', 1618887798, '0', 0, 0, 9, 0, 8),
(496, 16, '1', 1618895200, '91.237.111.52', 0, 0, 0, 0, 0),
(497, 9, '0', 1618895227, '0', 0, 0, 106, 0, 2),
(498, 7, '27', 1618895258, '91.237.111.52', 0, 0, 0, 0, 0),
(499, 7, '27', 1618895375, '91.237.111.52', 0, 0, 0, 0, 0),
(500, 7, '26', 1618895413, '91.237.111.52', 0, 0, 0, 0, 0),
(501, 7, '22', 1618895472, '91.237.111.52', 0, 0, 0, 0, 0),
(502, 7, '21', 1618904158, '91.237.111.52', 0, 0, 0, 0, 0),
(503, 16, '1', 1618904195, '91.237.111.52', 0, 0, 0, 0, 0),
(504, 9, '6', 1618904195, '2', 0, 0, 0, 0, 2),
(505, 7, '20', 1618904261, '91.237.111.52', 0, 0, 0, 0, 0),
(506, 9, '0', 1618906421, '0', 0, 0, 0, 0, 2),
(507, 7, '26', 1618908313, '77.223.69.215', 0, 0, 0, 0, 0),
(508, 16, '3', 1618908402, '77.223.69.215', 0, 0, 0, 0, 0),
(509, 7, '27', 1618919029, '185.188.98.91', 0, 0, 0, 0, 0),
(510, 7, '4', 1618919068, '185.188.98.91', 0, 0, 0, 0, 0),
(511, 7, '16', 1618919076, '185.188.98.91', 0, 0, 0, 0, 0),
(512, 7, '8', 1618919155, '185.188.98.91', 0, 0, 0, 0, 0),
(513, 7, '19', 1618919205, '185.188.98.91', 0, 0, 0, 0, 0),
(514, 7, '6', 1618919286, '185.188.98.91', 0, 0, 0, 0, 0),
(515, 7, '26', 1618919484, '185.188.98.91', 0, 0, 0, 0, 0),
(516, 7, '20', 1618919983, '185.188.98.91', 0, 0, 0, 0, 0),
(517, 16, '2', 1618919986, '185.188.98.91', 0, 0, 0, 0, 0),
(518, 9, '0', 1618919986, '0', 0, 0, 0, 0, 6),
(519, 7, '19', 1618920484, '185.188.98.91', 0, 0, 0, 0, 0),
(520, 7, '18', 1618920510, '185.188.98.91', 0, 0, 0, 0, 0),
(521, 7, '27', 1618920533, '185.188.98.91', 0, 0, 0, 0, 0),
(522, 7, '20', 1618920574, '185.188.98.91', 0, 0, 0, 0, 0),
(523, 9, '0', 1618920698, '0', 0, 0, 1, 0, 6),
(524, 7, '18', 1618922441, '95.47.137.161', 0, 0, 0, 0, 0),
(525, 7, '1', 1618922481, '95.47.137.161', 0, 0, 0, 0, 0),
(526, 7, '4', 1618922685, '95.47.137.161', 0, 0, 0, 0, 0),
(527, 7, '13', 1618922738, '95.47.137.161', 0, 0, 0, 0, 0),
(528, 16, '1', 1618922746, '95.47.137.161', 0, 0, 0, 0, 0),
(529, 7, '20', 1618922909, '95.47.137.161', 0, 0, 0, 0, 0),
(530, 3, '27', 1618925618, '77.223.69.215', 0, 0, 0, 0, 0),
(531, 16, '3', 1618926078, '77.223.69.215', 0, 0, 0, 0, 0),
(532, 7, '26', 1618926520, '77.223.69.215', 0, 0, 0, 0, 0),
(533, 3, '20', 1618926931, '77.223.69.215', 0, 0, 0, 0, 0),
(534, 9, '1', 1618928428, '0', 2, 0, 1, 0, 8),
(535, 7, '3', 1618928487, '77.223.69.215', 0, 0, 0, 0, 0),
(536, 7, '28', 1618929098, '77.223.69.215', 0, 0, 0, 0, 0),
(537, 16, '2', 1618933714, '185.188.98.91', 0, 0, 0, 0, 0),
(538, 16, '3', 1618933867, '77.223.69.215', 0, 0, 0, 0, 0),
(539, 9, '0', 1618934738, '0', 0, 0, 0, 0, 8),
(540, 16, '2', 1618938312, '185.188.98.91', 0, 0, 0, 0, 0),
(541, 9, '0', 1618938312, '0', 0, 0, 0, 0, 6),
(542, 7, '5', 1618938350, '185.188.98.91', 0, 0, 0, 0, 0),
(543, 16, '2', 1618944254, '185.188.98.91', 0, 0, 0, 0, 0),
(544, 9, '0', 1618944254, '0', 0, 0, 0, 0, 6),
(545, 9, '0', 1618944507, '0', 0, 0, 0, 0, 6),
(546, 16, '3', 1618976645, '81.222.187.226', 0, 0, 0, 0, 0),
(547, 9, '-241', 1618976645, '-16', -15, -2, -17967, 0, 8),
(548, 7, '26', 1618976699, '81.222.187.226', 0, 0, 0, 0, 0),
(549, 7, '19', 1618976726, '81.222.187.226', 0, 0, 0, 0, 0),
(550, 3, '16', 1618976763, '81.222.187.226', 0, 0, 0, 0, 0),
(551, 3, '7', 1618976819, '81.222.187.226', 0, 0, 0, 0, 0),
(552, 7, '6', 1618976822, '81.222.187.226', 0, 0, 0, 0, 0),
(553, 3, '6', 1618976866, '81.222.187.226', 0, 0, 0, 0, 0),
(554, 7, '5', 1618976869, '81.222.187.226', 0, 0, 0, 0, 0),
(555, 7, '4', 1618979655, '81.222.187.226', 0, 0, 0, 0, 0),
(556, 3, '4', 1618979677, '81.222.187.226', 0, 0, 0, 0, 0),
(557, 7, '3', 1618979679, '81.222.187.226', 0, 0, 0, 0, 0),
(558, 7, '8', 1618979722, '81.222.187.226', 0, 0, 0, 0, 0),
(559, 7, '10', 1618979749, '81.222.187.226', 0, 0, 0, 0, 0),
(560, 7, '10', 1618979810, '81.222.187.226', 0, 0, 0, 0, 0),
(561, 4, '10', 1618979828, '81.222.187.226', 0, 0, 0, 0, 0),
(562, 7, '28', 1618981675, '91.237.111.52', 0, 0, 0, 0, 0),
(563, 16, '1', 1618981710, '91.237.111.52', 0, 0, 0, 0, 0),
(564, 7, '24', 1618981837, '91.237.111.52', 0, 0, 0, 0, 0),
(565, 16, '3', 1618990171, '77.223.69.215', 0, 0, 0, 0, 0),
(566, 9, '251', 1618990171, '16', 16, 2, 17967, 0, 8),
(567, 16, '1', 1618992723, '91.237.111.52', 0, 0, 0, 0, 0),
(568, 7, '4', 1619091565, '46.47.53.127', 0, 0, 0, 0, 0),
(569, 16, '2', 1619091572, '46.47.53.127', 0, 0, 0, 0, 0),
(570, 7, '4', 1619091590, '46.47.53.127', 0, 0, 0, 0, 0),
(571, 7, '28', 1619091612, '46.47.53.127', 0, 0, 0, 0, 0),
(572, 7, '26', 1619091652, '46.47.53.127', 0, 0, 0, 0, 0),
(573, 9, '0', 1619091696, '0', 0, 0, 0, 0, 6),
(574, 9, '0', 1619094665, '0', 0, 0, 0, 0, 13),
(575, 7, '3', 1619176599, '5.101.215.57', 0, 0, 0, 0, 0),
(576, 7, '18', 1619176618, '5.101.215.57', 0, 0, 0, 0, 0),
(577, 7, '7', 1619177304, '5.101.215.57', 0, 0, 0, 0, 0),
(578, 7, '6', 1619177323, '5.101.215.57', 0, 0, 0, 0, 0),
(579, 7, '1', 1619177367, '5.101.215.57', 0, 0, 0, 0, 0),
(580, 7, '8', 1619177398, '5.101.215.57', 0, 0, 0, 0, 0),
(581, 7, '19', 1619177447, '5.101.215.57', 0, 0, 0, 0, 0),
(582, 7, '16', 1619177483, '5.101.215.57', 0, 0, 0, 0, 0),
(583, 7, '17', 1619177483, '5.101.215.57', 0, 0, 0, 0, 0),
(584, 7, '2', 1619177484, '5.101.215.57', 0, 0, 0, 0, 0),
(585, 9, '0', 1619209609, '0', 0, 0, 0, 0, 14),
(586, 7, '2', 1619209627, '5.101.212.10', 0, 0, 0, 0, 0),
(587, 7, '20', 1619209643, '5.101.212.10', 0, 0, 0, 0, 0),
(588, 7, '27', 1619209701, '5.101.212.10', 0, 0, 0, 0, 0),
(589, 7, '3', 1619209763, '5.101.212.10', 0, 0, 0, 0, 0),
(590, 7, '5', 1619209770, '5.101.212.10', 0, 0, 0, 0, 0),
(591, 7, '10', 1619209786, '5.101.212.10', 0, 0, 0, 0, 0),
(592, 7, '12', 1619209814, '5.101.212.10', 0, 0, 0, 0, 0),
(593, 7, '18', 1619209837, '5.101.212.10', 0, 0, 0, 0, 0),
(594, 7, '14', 1619209882, '5.101.212.10', 0, 0, 0, 0, 0),
(595, 7, '7', 1619209937, '5.101.212.10', 0, 0, 0, 0, 0),
(596, 7, '6', 1619209950, '5.101.212.10', 0, 0, 0, 0, 0),
(597, 7, '1', 1619210033, '5.101.212.10', 0, 0, 0, 0, 0),
(598, 7, '8', 1619210043, '5.101.212.10', 0, 0, 0, 0, 0),
(599, 7, '19', 1619210055, '5.101.212.10', 0, 0, 0, 0, 0),
(600, 7, '16', 1619210084, '5.101.212.10', 0, 0, 0, 0, 0),
(601, 7, '17', 1619210099, '5.101.212.10', 0, 0, 0, 0, 0),
(602, 7, '30', 1619248277, '46.47.53.127', 0, 0, 0, 0, 0),
(603, 7, '29', 1619255174, '85.193.67.20', 0, 0, 0, 0, 0),
(604, 2, 'herobro', 1619255243, '85.193.67.20', 0, 0, 0, 0, 0),
(605, 16, '5', 1619255246, '85.193.67.20', 0, 0, 0, 0, 0),
(606, 9, '0', 1619255246, '0', 0, 0, 0, 0, 15),
(607, 7, '30', 1619255274, '85.193.67.20', 0, 0, 0, 0, 0),
(608, 7, '29', 1619255280, '85.193.67.20', 0, 0, 0, 0, 0),
(609, 8, '29', 1619255311, '15', 0, 0, 0, 0, 0),
(610, 7, '28', 1619255315, '85.193.67.20', 0, 0, 0, 0, 0),
(611, 7, '30', 1619255544, '85.193.67.20', 0, 0, 0, 0, 0),
(612, 7, '22', 1619255548, '85.193.67.20', 0, 0, 0, 0, 0),
(613, 7, '24', 1619255966, '85.193.67.20', 0, 0, 0, 0, 0),
(614, 16, '5', 1619261826, '85.193.67.20', 0, 0, 0, 0, 0),
(615, 8, '30', 1619262195, '15', 0, 0, 0, 0, 0),
(616, 8, '30', 1619262204, '15', 0, 0, 0, 0, 0),
(617, 7, '14', 1619268492, '46.47.53.127', 0, 0, 0, 0, 0),
(618, 16, '2', 1619268510, '46.47.53.127', 0, 0, 0, 0, 0),
(619, 9, '0', 1619268510, '0', 0, 0, 0, 0, 6),
(620, 3, '14', 1619268514, '46.47.53.127', 0, 0, 0, 0, 0),
(621, 16, '4', 1619277230, '217.182.142.88', 0, 0, 0, 0, 0),
(622, 7, '8', 1619277247, '217.182.142.88', 0, 0, 0, 0, 0),
(623, 7, '27', 1619277251, '217.182.142.88', 0, 0, 0, 0, 0),
(624, 7, '26', 1619277256, '217.182.142.88', 0, 0, 0, 0, 0),
(625, 7, '28', 1619277260, '217.182.142.88', 0, 0, 0, 0, 0),
(626, 3, '27', 1619277345, '217.182.142.88', 0, 0, 0, 0, 0),
(627, 16, '1', 1619332625, '185.104.7.96', 0, 0, 0, 0, 0),
(628, 16, '1', 1619343644, '185.104.7.96', 0, 0, 0, 0, 0),
(629, 16, '4', 1619343882, '85.193.67.110', 0, 0, 0, 0, 0),
(630, 7, '1', 1619344040, '85.193.67.110', 0, 0, 0, 0, 0),
(631, 7, '28', 1619349853, '46.47.53.127', 0, 0, 0, 0, 0),
(632, 7, '6', 1619349891, '46.47.53.127', 0, 0, 0, 0, 0),
(633, 16, '1', 1619354258, '185.104.7.96', 0, 0, 0, 0, 0),
(634, 9, '6', 1619354323, '0', 0, 0, 169, 0, 2),
(635, 9, '0', 1619354545, '0', 0, 0, 0, 0, 2),
(636, 16, '5', 1619358438, '5.101.212.10', 0, 0, 0, 0, 0),
(637, 7, '4', 1619358630, '5.101.212.10', 0, 0, 0, 0, 0),
(638, 16, '1', 1619361394, '185.104.7.96', 0, 0, 0, 0, 0),
(639, 9, '0', 1619361584, '0', 0, 0, 2, 0, 2),
(640, 16, '5', 1619368356, '5.101.215.57', 0, 0, 0, 0, 0),
(641, 16, '5', 1619412475, '5.101.215.57', 0, 0, 0, 0, 0),
(642, 16, '4', 1619425371, '91.237.111.52', 0, 0, 0, 0, 0),
(643, 3, '22', 1619425439, '91.237.111.52', 0, 0, 0, 0, 0),
(644, 16, '1', 1619427037, '185.104.7.96', 0, 0, 0, 0, 0),
(645, 9, '22', 1619427301, '9', 0, 0, 88, 0, 2),
(646, 7, '10', 1619507238, '185.104.7.96', 0, 0, 0, 0, 0),
(647, 4, '10', 1619507275, '185.104.7.96', 0, 0, 0, 0, 0),
(648, 7, '8', 1619507281, '185.104.7.96', 0, 0, 0, 0, 0),
(649, 7, '6', 1619507294, '185.104.7.96', 0, 0, 0, 0, 0),
(650, 16, '1', 1619510818, '185.104.7.96', 0, 0, 0, 0, 0),
(651, 9, '0', 1619510869, '0', 0, 0, 79, 0, 2),
(652, 7, '15', 1619510967, '185.104.7.96', 0, 0, 0, 0, 0),
(653, 7, '12', 1619510970, '185.104.7.96', 0, 0, 0, 0, 0),
(654, 7, '12', 1619510979, '185.104.7.96', 0, 0, 0, 0, 0),
(655, 7, '27', 1619511139, '185.104.7.96', 0, 0, 0, 0, 0),
(656, 7, '13', 1619511164, '185.104.7.96', 0, 0, 0, 0, 0),
(657, 7, '14', 1619511232, '185.104.7.96', 0, 0, 0, 0, 0),
(658, 3, '14', 1619511322, '185.104.7.96', 0, 0, 0, 0, 0),
(659, 7, '24', 1619511385, '185.104.7.96', 0, 0, 0, 0, 0),
(660, 7, '17', 1619511429, '185.104.7.96', 0, 0, 0, 0, 0),
(661, 7, '4', 1619511461, '185.104.7.96', 0, 0, 0, 0, 0),
(662, 7, '4', 1619511470, '185.104.7.96', 0, 0, 0, 0, 0),
(663, 7, '2', 1619511515, '185.104.7.96', 0, 0, 0, 0, 0),
(664, 7, '19', 1619511580, '185.104.7.96', 0, 0, 0, 0, 0),
(665, 7, '22', 1619511586, '185.104.7.96', 0, 0, 0, 0, 0),
(666, 16, '1', 1619516108, '185.104.7.96', 0, 0, 0, 0, 0),
(667, 7, '31', 1619516121, '185.104.7.96', 0, 0, 0, 0, 0),
(668, 7, '31', 1619516144, '185.104.7.96', 0, 0, 0, 0, 0),
(669, 7, '32', 1619517150, '185.104.7.96', 0, 0, 0, 0, 0),
(670, 7, '32', 1619517199, '185.104.7.96', 0, 0, 0, 0, 0),
(671, 3, '32', 1619517208, '185.104.7.96', 0, 0, 0, 0, 0),
(672, 6, 'GDsasheg', 1619525856, '185.104.7.96', 0, 0, 0, 0, 0),
(673, 6, 'GDsasheg', 1619525862, '185.104.7.96', 0, 0, 0, 0, 0),
(674, 16, '1', 1619543768, '185.104.7.96', 0, 0, 0, 0, 0),
(675, 9, '2', 1619543783, '0', 0, 0, 104, 0, 2),
(676, 16, '2', 1619555754, '46.47.53.127', 0, 0, 0, 0, 0),
(677, 7, '31', 1619555780, '46.47.53.127', 0, 0, 0, 0, 0),
(678, 7, '22', 1619555892, '46.47.53.127', 0, 0, 0, 0, 0),
(679, 7, '20', 1619555906, '46.47.53.127', 0, 0, 0, 0, 0),
(680, 7, '19', 1619555951, '46.47.53.127', 0, 0, 0, 0, 0),
(681, 7, '27', 1619556000, '46.47.53.127', 0, 0, 0, 0, 0),
(682, 7, '27', 1619556020, '46.47.53.127', 0, 0, 0, 0, 0),
(683, 9, '2', 1619556022, '0', 0, 0, 0, 0, 6),
(684, 16, '1', 1619587693, '185.104.7.96', 0, 0, 0, 0, 0),
(685, 7, '10', 1619587712, '185.104.7.96', 0, 0, 0, 0, 0),
(686, 7, '33', 1619588880, '185.104.7.96', 0, 0, 0, 0, 0),
(687, 9, '4', 1619589164, '0', 0, 0, 96, 0, 2),
(688, 9, '0', 1619589987, '0', 0, 0, -88, 0, 2),
(689, 7, '33', 1619590046, '185.104.7.96', 0, 0, 0, 0, 0),
(690, 16, '1', 1619598353, '185.104.7.96', 0, 0, 0, 0, 0),
(691, 7, '34', 1619600200, '185.104.7.96', 0, 0, 0, 0, 0),
(692, 9, '0', 1619600218, '0', 0, 0, 0, 0, 2),
(693, 9, '0', 1619600282, '0', 0, 0, 20, 0, 2),
(694, 16, '3', 1619601671, '176.215.30.27', 0, 0, 0, 0, 0),
(695, 9, '0', 1619601671, '0', 0, 0, 0, 0, 8),
(696, 9, '0', 1619601716, '0', 0, 0, 0, 0, 8),
(697, 7, '31', 1619601745, '176.215.30.27', 0, 0, 0, 0, 0),
(698, 7, '32', 1619616351, '46.47.53.127', 0, 0, 0, 0, 0),
(699, 16, '2', 1619616379, '46.47.53.127', 0, 0, 0, 0, 0),
(700, 16, '1', 1619616968, '185.104.7.96', 0, 0, 0, 0, 0),
(701, 9, '4', 1619617523, '0', 0, 0, 0, 0, 2),
(702, 4, '58', 1619617534, '185.104.7.96', 0, 0, 0, 0, 0),
(703, 7, '18', 1619617731, '185.104.7.96', 0, 0, 0, 0, 0),
(704, 7, '14', 1619617737, '185.104.7.96', 0, 0, 0, 0, 0),
(705, 7, '1', 1619617750, '185.104.7.96', 0, 0, 0, 0, 0),
(706, 7, '21', 1619617765, '185.104.7.96', 0, 0, 0, 0, 0),
(707, 7, '13', 1619617795, '185.104.7.96', 0, 0, 0, 0, 0),
(708, 7, '10', 1619619954, '46.47.53.127', 0, 0, 0, 0, 0),
(709, 16, '1', 1619622026, '185.104.7.96', 0, 0, 0, 0, 0),
(710, 16, '2', 1619622308, '46.47.53.127', 0, 0, 0, 0, 0),
(711, 9, '0', 1619622308, '0', 0, 0, 0, 0, 6),
(712, 9, '0', 1619622404, '0', 0, 0, 0, 0, 6),
(713, 16, '1', 1619686683, '185.104.7.96', 0, 0, 0, 0, 0),
(714, 16, '1', 1619694372, '185.104.7.96', 0, 0, 0, 0, 0),
(715, 9, '0', 1619694372, '0', 0, 0, 57, 0, 2),
(716, 16, '5', 1619696099, '5.101.215.57', 0, 0, 0, 0, 0),
(717, 7, '33', 1619697928, '5.101.215.57', 0, 0, 0, 0, 0),
(718, 7, '2', 1619698038, '5.101.215.57', 0, 0, 0, 0, 0),
(719, 16, '1', 1619703118, '185.104.7.96', 0, 0, 0, 0, 0),
(720, 7, '35', 1619703124, '185.104.7.96', 0, 0, 0, 0, 0),
(721, 9, '0', 1619703218, '0', 0, 0, 0, 0, 2),
(722, 7, '35', 1619706471, '46.47.53.127', 0, 0, 0, 0, 0),
(723, 16, '2', 1619706584, '46.47.53.127', 0, 0, 0, 0, 0),
(724, 7, '31', 1619707375, '46.47.53.127', 0, 0, 0, 0, 0),
(725, 3, '31', 1619707388, '46.47.53.127', 0, 0, 0, 0, 0),
(726, 7, '13', 1619707412, '46.47.53.127', 0, 0, 0, 0, 0),
(727, 7, '34', 1619728929, '46.47.53.127', 0, 0, 0, 0, 0),
(728, 7, '36', 1619728961, '46.47.53.127', 0, 0, 0, 0, 0),
(729, 7, '32', 1619728978, '46.47.53.127', 0, 0, 0, 0, 0),
(730, 16, '5', 1619780758, '5.101.215.57', 0, 0, 0, 0, 0),
(731, 16, '5', 1619808142, '5.101.212.10', 0, 0, 0, 0, 0),
(732, 7, '36', 1619808747, '46.47.53.127', 0, 0, 0, 0, 0),
(733, 3, '36', 1619808748, '46.47.53.127', 0, 0, 0, 0, 0),
(734, 7, '34', 1619808756, '46.47.53.127', 0, 0, 0, 0, 0),
(735, 16, '1', 1619811058, '185.104.7.96', 0, 0, 0, 0, 0),
(736, 9, '0', 1619811058, '0', 0, 0, 46, 0, 2),
(737, 7, '36', 1619811064, '185.104.7.96', 0, 0, 0, 0, 0),
(738, 16, '1', 1619820121, '185.104.7.96', 0, 0, 0, 0, 0),
(739, 9, '2', 1619820296, '0', 0, 0, 7, 0, 2),
(740, 16, '5', 1619883919, '5.101.212.10', 0, 0, 0, 0, 0),
(741, 9, '5', 1619884127, '0', 0, 0, 411, 0, 15),
(742, 7, '35', 1619884185, '5.101.212.10', 0, 0, 0, 0, 0),
(743, 7, '34', 1619884229, '5.101.212.10', 0, 0, 0, 0, 0),
(744, 7, '31', 1619884279, '5.101.212.10', 0, 0, 0, 0, 0),
(745, 7, '32', 1619884357, '5.101.212.10', 0, 0, 0, 0, 0),
(746, 7, '15', 1619884421, '5.101.212.10', 0, 0, 0, 0, 0),
(747, 7, '36', 1619884456, '5.101.212.10', 0, 0, 0, 0, 0),
(748, 7, '26', 1619884473, '5.101.212.10', 0, 0, 0, 0, 0),
(749, 16, '5', 1619894944, '5.101.212.10', 0, 0, 0, 0, 0),
(750, 7, '37', 1619923458, '46.47.53.127', 0, 0, 0, 0, 0),
(751, 7, '35', 1619923498, '46.47.53.127', 0, 0, 0, 0, 0),
(752, 16, '2', 1619924124, '46.47.53.127', 0, 0, 0, 0, 0),
(753, 9, '1', 1619924124, '0', 0, 0, 0, 0, 6),
(754, 9, '0', 1619926366, '0', 0, 0, 0, 0, 6),
(755, 3, '35', 1619927095, '46.47.53.127', 0, 0, 0, 0, 0),
(756, 16, '2', 1619927988, '46.47.53.127', 0, 0, 0, 0, 0),
(757, 9, '0', 1619927988, '0', 0, 0, 54, 0, 6),
(758, 16, '5', 1619939945, '5.101.212.10', 0, 0, 0, 0, 0),
(759, 7, '38', 1619940639, '46.47.53.127', 0, 0, 0, 0, 0),
(760, 16, '4', 1619962385, '193.106.185.34', 0, 0, 0, 0, 0),
(761, 7, '38', 1619962438, '193.106.185.34', 0, 0, 0, 0, 0),
(762, 7, '37', 1619962457, '193.106.185.34', 0, 0, 0, 0, 0),
(763, 7, '35', 1619962490, '193.106.185.34', 0, 0, 0, 0, 0),
(764, 3, '35', 1619962521, '193.106.185.34', 0, 0, 0, 0, 0),
(765, 7, '34', 1619962557, '193.106.185.34', 0, 0, 0, 0, 0),
(766, 7, '33', 1619962585, '193.106.185.34', 0, 0, 0, 0, 0),
(767, 7, '32', 1619962650, '193.106.185.34', 0, 0, 0, 0, 0),
(768, 7, '31', 1619962688, '193.106.185.34', 0, 0, 0, 0, 0),
(769, 7, '38', 1619962931, '46.47.53.127', 0, 0, 0, 0, 0),
(770, 7, '33', 1619962949, '46.47.53.127', 0, 0, 0, 0, 0),
(771, 16, '2', 1619963355, '46.47.53.127', 0, 0, 0, 0, 0),
(772, 9, '0', 1619963355, '0', 0, 0, 0, 0, 6),
(773, 16, '5', 1619963622, '5.101.215.57', 0, 0, 0, 0, 0),
(774, 7, '37', 1619987695, '5.101.212.10', 0, 0, 0, 0, 0),
(775, 7, '38', 1619987786, '5.101.212.10', 0, 0, 0, 0, 0),
(776, 3, '38', 1619987804, '5.101.212.10', 0, 0, 0, 0, 0),
(777, 16, '5', 1619987817, '5.101.212.10', 0, 0, 0, 0, 0),
(778, 7, '18', 1619988025, '5.101.212.10', 0, 0, 0, 0, 0),
(779, 7, '37', 1620000401, '95.153.131.225', 0, 0, 0, 0, 0),
(780, 16, '1', 1620000502, '95.153.131.225', 0, 0, 0, 0, 0),
(781, 7, '38', 1620000545, '95.153.131.225', 0, 0, 0, 0, 0),
(782, 7, '36', 1620000596, '95.153.131.225', 0, 0, 0, 0, 0),
(783, 7, '3', 1620001036, '95.153.131.225', 0, 0, 0, 0, 0),
(784, 7, '36', 1620018298, '81.222.184.218', 0, 0, 0, 0, 0),
(785, 16, '3', 1620018314, '81.222.184.218', 0, 0, 0, 0, 0),
(786, 7, '38', 1620018342, '81.222.184.218', 0, 0, 0, 0, 0),
(787, 7, '37', 1620018364, '81.222.184.218', 0, 0, 0, 0, 0),
(788, 3, '37', 1620018394, '81.222.184.218', 0, 0, 0, 0, 0),
(789, 7, '32', 1620018403, '81.222.184.218', 0, 0, 0, 0, 0),
(790, 7, '31', 1620018465, '81.222.184.218', 0, 0, 0, 0, 0),
(791, 7, '22', 1620018488, '81.222.184.218', 0, 0, 0, 0, 0),
(792, 7, '28', 1620018493, '81.222.184.218', 0, 0, 0, 0, 0),
(793, 9, '-248', 1620018786, '-16', -16, -2, -17967, 0, 8),
(794, 16, '2', 1620028986, '46.47.53.127', 0, 0, 0, 0, 0),
(795, 9, '0', 1620028986, '0', 0, 0, 73, 0, 6),
(796, 16, '1', 1620031383, '95.153.132.140', 0, 0, 0, 0, 0),
(797, 7, '27', 1620031420, '95.153.132.140', 0, 0, 0, 0, 0),
(798, 7, '35', 1620031446, '95.153.132.140', 0, 0, 0, 0, 0),
(799, 7, '20', 1620031599, '95.153.132.140', 0, 0, 0, 0, 0),
(800, 7, '14', 1620031866, '95.153.132.140', 0, 0, 0, 0, 0),
(801, 16, '5', 1620038669, '5.101.212.10', 0, 0, 0, 0, 0),
(802, 3, '37', 1620038730, '5.101.212.10', 0, 0, 0, 0, 0),
(803, 7, '5', 1620140122, '5.167.232.9', 0, 0, 0, 0, 0),
(804, 7, '38', 1620140134, '5.167.232.9', 0, 0, 0, 0, 0),
(805, 7, '37', 1620140142, '5.167.232.9', 0, 0, 0, 0, 0),
(806, 7, '36', 1620140155, '5.167.232.9', 0, 0, 0, 0, 0),
(807, 7, '35', 1620140157, '5.167.232.9', 0, 0, 0, 0, 0),
(808, 16, '3', 1620140252, '5.167.232.9', 0, 0, 0, 0, 0),
(809, 7, '32', 1620140261, '5.167.232.9', 0, 0, 0, 0, 0),
(810, 7, '31', 1620140274, '5.167.232.9', 0, 0, 0, 0, 0),
(811, 7, '37', 1620172568, '46.47.53.127', 0, 0, 0, 0, 0),
(812, 7, '12', 1620172612, '46.47.53.127', 0, 0, 0, 0, 0),
(813, 16, '4', 1620206484, '185.163.237.194', 0, 0, 0, 0, 0),
(814, 7, '36', 1620206564, '185.163.237.194', 0, 0, 0, 0, 0),
(815, 7, '12', 1620207647, '185.163.237.194', 0, 0, 0, 0, 0),
(816, 3, '38', 1620302064, '46.47.53.127', 0, 0, 0, 0, 0),
(817, 3, '37', 1620302346, '46.47.53.127', 0, 0, 0, 0, 0),
(818, 16, '1', 1620318701, '185.104.7.96', 0, 0, 0, 0, 0),
(819, 7, '39', 1620319179, '185.104.7.96', 0, 0, 0, 0, 0),
(820, 7, '18', 1620319302, '185.104.7.96', 0, 0, 0, 0, 0),
(821, 7, '20', 1620319417, '185.104.7.96', 0, 0, 0, 0, 0),
(822, 3, '37', 1620319715, '185.104.7.96', 0, 0, 0, 0, 0),
(823, 7, '14', 1620343871, '46.47.53.127', 0, 0, 0, 0, 0),
(824, 7, '18', 1620344056, '46.47.53.127', 0, 0, 0, 0, 0),
(825, 7, '20', 1620344752, '46.47.53.127', 0, 0, 0, 0, 0),
(826, 7, '39', 1620345836, '46.47.53.127', 0, 0, 0, 0, 0),
(827, 16, '2', 1620345882, '46.47.53.127', 0, 0, 0, 0, 0),
(828, 16, '2', 1620372739, '46.47.53.127', 0, 0, 0, 0, 0),
(829, 9, '15', 1620372739, '0', 0, 0, 27, 0, 6),
(830, 7, '39', 1620383414, '5.101.215.57', 0, 0, 0, 0, 0),
(831, 7, '39', 1620398237, '46.47.53.127', 0, 0, 0, 0, 0),
(832, 16, '5', 1620412046, '5.101.215.57', 0, 0, 0, 0, 0),
(833, 7, '14', 1620412225, '5.101.215.57', 0, 0, 0, 0, 0),
(834, 7, '20', 1620412244, '5.101.215.57', 0, 0, 0, 0, 0),
(835, 16, '2', 1620462090, '46.47.53.127', 0, 0, 0, 0, 0),
(836, 9, '0', 1620462090, '0', 0, 0, 0, 0, 6),
(837, 16, '5', 1620480929, '5.101.215.57', 0, 0, 0, 0, 0),
(838, 16, '5', 1620493545, '5.101.215.57', 0, 0, 0, 0, 0),
(839, 16, '2', 1620509361, '46.47.53.127', 0, 0, 0, 0, 0),
(840, 9, '0', 1620509361, '0', 0, 0, 0, 0, 6),
(841, 7, '1', 1620509943, '46.47.53.127', 0, 0, 0, 0, 0),
(842, 3, '34', 1620511997, '46.47.53.127', 0, 0, 0, 0, 0),
(843, 7, '33', 1620512027, '46.47.53.127', 0, 0, 0, 0, 0),
(844, 7, '18', 1620512083, '46.47.53.127', 0, 0, 0, 0, 0),
(845, 16, '5', 1620558675, '5.101.212.10', 0, 0, 0, 0, 0),
(846, 16, '5', 1620642701, '5.101.212.10', 0, 0, 0, 0, 0),
(847, 7, '7', 1620642874, '5.101.212.10', 0, 0, 0, 0, 0),
(848, 16, '2', 1620656698, '46.47.53.127', 0, 0, 0, 0, 0),
(849, 9, '26', 1620656698, '0', 0, 1, 34, 0, 6),
(850, 16, '1', 1620681864, '185.104.7.96', 0, 0, 0, 0, 0),
(851, 7, '40', 1620681868, '185.104.7.96', 0, 0, 0, 0, 0),
(852, 3, '35', 1620682154, '185.104.7.96', 0, 0, 0, 0, 0),
(853, 9, '9', 1620682248, '0', 0, 0, 191, 0, 2),
(854, 7, '40', 1620682324, '185.104.7.96', 0, 0, 0, 0, 0),
(855, 7, '28', 1620683286, '185.104.7.96', 0, 0, 0, 0, 0),
(856, 9, '2', 1620683350, '3', 0, 0, 30, 0, 2),
(857, 7, '16', 1620683365, '185.104.7.96', 0, 0, 0, 0, 0),
(858, 7, '7', 1620683399, '185.104.7.96', 0, 0, 0, 0, 0),
(859, 16, '1', 1620714282, '91.237.111.52', 0, 0, 0, 0, 0),
(860, 7, '40', 1620717575, '91.237.111.52', 0, 0, 0, 0, 0),
(861, 3, '40', 1620717583, '91.237.111.52', 0, 0, 0, 0, 0),
(862, 7, '39', 1620717644, '91.237.111.52', 0, 0, 0, 0, 0),
(863, 3, '39', 1620717704, '91.237.111.52', 0, 0, 0, 0, 0),
(864, 7, '39', 1620717786, '91.237.111.52', 0, 0, 0, 0, 0),
(865, 16, '1', 1620719154, '91.237.111.52', 0, 0, 0, 0, 0),
(866, 3, '40', 1620719203, '91.237.111.52', 0, 0, 0, 0, 0),
(867, 3, '39', 1620719210, '91.237.111.52', 0, 0, 0, 0, 0),
(868, 9, '1', 1620719461, '0', 0, 3, 72, 0, 2),
(869, 9, '0', 1620719484, '0', 0, 0, 0, 0, 2),
(870, 16, '4', 1620720510, '91.237.111.52', 0, 0, 0, 0, 0),
(871, 16, '1', 1620731880, '185.104.7.96', 0, 0, 0, 0, 0),
(872, 7, '38', 1620731886, '185.104.7.96', 0, 0, 0, 0, 0),
(873, 7, '34', 1620732255, '185.104.7.96', 0, 0, 0, 0, 0),
(874, 7, '35', 1620732316, '185.104.7.96', 0, 0, 0, 0, 0),
(875, 16, '1', 1620741210, '95.47.137.161', 0, 0, 0, 0, 0),
(876, 16, '1', 1620745872, '185.104.7.96', 0, 0, 0, 0, 0),
(877, 9, '11', 1620745872, '0', 1, 2, 122, 0, 2),
(878, 9, '0', 1620747258, '0', 0, 0, 0, 0, 2),
(879, 4, '28', 1620748131, '185.104.7.96', 0, 0, 0, 0, 0),
(880, 7, '26', 1620748155, '185.104.7.96', 0, 0, 0, 0, 0),
(881, 16, '1', 1620800725, '91.237.111.52', 0, 0, 0, 0, 0),
(882, 16, '4', 1620804200, '91.237.111.52', 0, 0, 0, 0, 0),
(883, 7, '41', 1620810737, '91.237.111.52', 0, 0, 0, 0, 0),
(884, 16, '1', 1620813634, '91.237.111.52', 0, 0, 0, 0, 0),
(885, 16, '1', 1620823180, '185.104.7.96', 0, 0, 0, 0, 0),
(886, 7, '42', 1620823193, '185.104.7.96', 0, 0, 0, 0, 0),
(887, 7, '42', 1620823233, '185.104.7.96', 0, 0, 0, 0, 0),
(888, 3, '42', 1620823266, '185.104.7.96', 0, 0, 0, 0, 0),
(889, 9, '2', 1620823269, '0', 0, 0, 0, 0, 2),
(890, 7, '39', 1620838402, '193.106.185.34', 0, 0, 0, 0, 0),
(891, 7, '12', 1620838445, '193.106.185.34', 0, 0, 0, 0, 0),
(892, 3, '40', 1620838515, '193.106.185.34', 0, 0, 0, 0, 0),
(893, 7, '40', 1620838515, '193.106.185.34', 0, 0, 0, 0, 0),
(894, 16, '1', 1620840378, '185.104.7.96', 0, 0, 0, 0, 0),
(895, 9, '0', 1620840469, '0', 0, 0, 70, 0, 2),
(896, 3, '41', 1620840476, '185.104.7.96', 0, 0, 0, 0, 0),
(897, 7, '41', 1620846254, '46.47.53.127', 0, 0, 0, 0, 0),
(898, 7, '12', 1620846288, '46.47.53.127', 0, 0, 0, 0, 0),
(899, 7, '15', 1620846295, '46.47.53.127', 0, 0, 0, 0, 0),
(900, 16, '2', 1620846297, '46.47.53.127', 0, 0, 0, 0, 0),
(901, 9, '0', 1620846326, '0', 0, 0, 0, 0, 6),
(902, 7, '13', 1620883027, '194.147.50.6', 0, 0, 0, 0, 0);
INSERT INTO `actions` (`ID`, `type`, `value`, `timestamp`, `value2`, `value3`, `value4`, `value5`, `value6`, `account`) VALUES
(903, 16, '4', 1620883037, '194.147.50.6', 0, 0, 0, 0, 0),
(904, 9, '32', 1620883037, '0', 1, 5, 716, 0, 9),
(905, 7, '13', 1620883042, '194.147.50.6', 0, 0, 0, 0, 0),
(906, 7, '41', 1620883509, '194.147.50.6', 0, 0, 0, 0, 0),
(907, 7, '42', 1620883537, '194.147.50.6', 0, 0, 0, 0, 0),
(908, 3, '42', 1620883652, '194.147.50.6', 0, 0, 0, 0, 0),
(909, 16, '1', 1620886590, '91.237.111.52', 0, 0, 0, 0, 0),
(910, 7, '43', 1620886603, '91.237.111.52', 0, 0, 0, 0, 0),
(911, 7, '43', 1620886678, '91.237.111.52', 0, 0, 0, 0, 0),
(912, 3, '43', 1620886682, '91.237.111.52', 0, 0, 0, 0, 0),
(913, 9, '0', 1620887390, '0', 0, 0, 0, 0, 16),
(914, 7, '14', 1620889954, '194.147.50.24', 0, 0, 0, 0, 0),
(915, 7, '18', 1620890093, '91.237.111.52', 0, 0, 0, 0, 0),
(916, 2, 'loler', 1620890132, '91.237.111.52', 0, 0, 0, 0, 0),
(917, 16, '4', 1620890135, '91.237.111.52', 0, 0, 0, 0, 0),
(918, 16, '6', 1620890136, '91.237.111.52', 0, 0, 0, 0, 0),
(919, 3, '14', 1620890454, '91.237.111.52', 0, 0, 0, 0, 0),
(920, 7, '6', 1620890504, '91.237.111.52', 0, 0, 0, 0, 0),
(921, 7, '40', 1620890728, '91.237.111.52', 0, 0, 0, 0, 0),
(922, 16, '1', 1620890736, '91.237.111.52', 0, 0, 0, 0, 0),
(923, 16, '4', 1620893614, '194.147.50.24', 0, 0, 0, 0, 0),
(924, 9, '6', 1620893625, '0', 0, 0, 7, 0, 9),
(925, 9, '2', 1620893684, '0', 0, 1, 0, 0, 2),
(926, 7, '35', 1620893768, '91.237.111.52', 0, 0, 0, 0, 0),
(927, 16, '4', 1620893917, '91.237.111.52', 0, 0, 0, 0, 0),
(928, 3, '31', 1620897088, '91.237.111.52', 0, 0, 0, 0, 0),
(929, 16, '5', 1620904561, '5.101.215.57', 0, 0, 0, 0, 0),
(930, 7, '41', 1620904611, '5.101.215.57', 0, 0, 0, 0, 0),
(931, 7, '43', 1620904656, '5.101.215.57', 0, 0, 0, 0, 0),
(932, 16, '2', 1620905375, '46.47.53.127', 0, 0, 0, 0, 0),
(933, 9, '0', 1620905414, '0', 0, 0, 0, 0, 6),
(934, 16, '1', 1620908546, '185.104.7.96', 0, 0, 0, 0, 0),
(935, 16, '1', 1620919572, '185.104.7.96', 0, 0, 0, 0, 0),
(936, 7, '40', 1620919964, '46.47.53.127', 0, 0, 0, 0, 0),
(937, 16, '4', 1620930113, '193.106.185.34', 0, 0, 0, 0, 0),
(938, 7, '44', 1620930133, '193.106.185.34', 0, 0, 0, 0, 0),
(939, 7, '32', 1620930902, '193.106.185.34', 0, 0, 0, 0, 0),
(940, 7, '44', 1620939337, '185.104.7.96', 0, 0, 0, 0, 0),
(941, 16, '1', 1620939573, '185.104.7.96', 0, 0, 0, 0, 0),
(942, 16, '3', 1620966829, '81.222.187.200', 0, 0, 0, 0, 0),
(943, 9, '0', 1620966829, '0', 0, 0, 0, 0, 8),
(944, 7, '1', 1620966910, '81.222.187.200', 0, 0, 0, 0, 0),
(945, 7, '14', 1620967012, '81.222.187.200', 0, 0, 0, 0, 0),
(946, 7, '40', 1620967073, '81.222.187.200', 0, 0, 0, 0, 0),
(947, 7, '27', 1620967098, '81.222.187.200', 0, 0, 0, 0, 0),
(948, 3, '27', 1620967136, '81.222.187.200', 0, 0, 0, 0, 0),
(949, 7, '20', 1620967143, '81.222.187.200', 0, 0, 0, 0, 0),
(950, 3, '20', 1620967193, '81.222.187.200', 0, 0, 0, 0, 0),
(951, 7, '44', 1620967296, '81.222.187.200', 0, 0, 0, 0, 0),
(952, 3, '44', 1620967336, '81.222.187.200', 0, 0, 0, 0, 0),
(953, 7, '43', 1620967337, '81.222.187.200', 0, 0, 0, 0, 0),
(954, 7, '42', 1620967367, '81.222.187.200', 0, 0, 0, 0, 0),
(955, 3, '42', 1620967388, '81.222.187.200', 0, 0, 0, 0, 0),
(956, 7, '41', 1620967393, '81.222.187.200', 0, 0, 0, 0, 0),
(957, 3, '41', 1620967421, '81.222.187.200', 0, 0, 0, 0, 0),
(958, 7, '39', 1620967423, '81.222.187.200', 0, 0, 0, 0, 0),
(959, 16, '1', 1620990017, '95.47.119.57', 0, 0, 0, 0, 0),
(960, 7, '43', 1620990024, '95.47.119.57', 0, 0, 0, 0, 0),
(961, 7, '43', 1620994544, '194.147.50.82', 0, 0, 0, 0, 0),
(962, 7, '44', 1620994546, '194.147.50.82', 0, 0, 0, 0, 0),
(963, 7, '44', 1620994547, '194.147.50.82', 0, 0, 0, 0, 0),
(964, 16, '4', 1620994551, '194.147.50.82', 0, 0, 0, 0, 0),
(965, 9, '0', 1620994566, '0', 0, 0, 2, 0, 9),
(966, 8, '41', 1620994682, '9', 0, 0, 0, 0, 0),
(967, 8, '41', 1620994687, '9', 0, 0, 0, 0, 0),
(968, 3, '41', 1620994692, '194.147.50.82', 0, 0, 0, 0, 0),
(969, 7, '41', 1620994695, '194.147.50.82', 0, 0, 0, 0, 0),
(970, 8, '44', 1620994817, '9', 0, 0, 0, 0, 0),
(971, 8, '41', 1620994828, '9', 0, 0, 0, 0, 0),
(972, 7, '45', 1621007686, '46.47.53.127', 0, 0, 0, 0, 0),
(973, 16, '2', 1621007719, '46.47.53.127', 0, 0, 0, 0, 0),
(974, 7, '44', 1621007727, '46.47.53.127', 0, 0, 0, 0, 0),
(975, 7, '42', 1621007755, '46.47.53.127', 0, 0, 0, 0, 0),
(976, 7, '45', 1621010720, '185.104.7.96', 0, 0, 0, 0, 0),
(977, 16, '1', 1621010738, '185.104.7.96', 0, 0, 0, 0, 0),
(978, 7, '45', 1621010810, '185.104.7.96', 0, 0, 0, 0, 0),
(979, 7, '43', 1621010815, '185.104.7.96', 0, 0, 0, 0, 0),
(980, 7, '43', 1621010875, '185.104.7.96', 0, 0, 0, 0, 0),
(981, 7, '15', 1621023522, '46.47.53.127', 0, 0, 0, 0, 0),
(982, 7, '16', 1621023545, '46.47.53.127', 0, 0, 0, 0, 0),
(983, 7, '45', 1621023562, '46.47.53.127', 0, 0, 0, 0, 0),
(984, 3, '45', 1621023571, '46.47.53.127', 0, 0, 0, 0, 0),
(985, 7, '6', 1621023868, '46.47.53.127', 0, 0, 0, 0, 0),
(986, 7, '1', 1621023902, '46.47.53.127', 0, 0, 0, 0, 0),
(987, 7, '8', 1621023914, '46.47.53.127', 0, 0, 0, 0, 0),
(988, 7, '19', 1621023966, '46.47.53.127', 0, 0, 0, 0, 0),
(989, 7, '10', 1621023987, '46.47.53.127', 0, 0, 0, 0, 0),
(990, 7, '42', 1621024028, '46.47.53.127', 0, 0, 0, 0, 0),
(991, 7, '41', 1621039635, '46.47.53.127', 0, 0, 0, 0, 0),
(992, 4, '75', 1621039666, '46.47.53.127', 0, 0, 0, 0, 0),
(993, 16, '2', 1621039679, '46.47.53.127', 0, 0, 0, 0, 0),
(994, 9, '1', 1621039679, '0', 0, 0, 0, 0, 6),
(995, 16, '2', 1621068207, '46.47.53.127', 0, 0, 0, 0, 0),
(996, 9, '0', 1621068207, '0', 0, 0, 54, 0, 6),
(997, 7, '45', 1621086010, '85.193.66.65', 0, 0, 0, 0, 0),
(998, 16, '4', 1621086014, '85.193.66.65', 0, 0, 0, 0, 0),
(999, 3, '45', 1621086017, '85.193.66.65', 0, 0, 0, 0, 0),
(1000, 7, '42', 1621086022, '85.193.66.65', 0, 0, 0, 0, 0),
(1001, 7, '26', 1621117180, '178.57.60.185', 0, 0, 0, 0, 0),
(1002, 16, '1', 1621202625, '185.104.7.96', 0, 0, 0, 0, 0),
(1003, 9, '23', 1621202625, '6', 1, 2, 142, 0, 2),
(1004, 3, '44', 1621202636, '185.104.7.96', 0, 0, 0, 0, 0),
(1005, 16, '1', 1621276438, '185.104.7.96', 0, 0, 0, 0, 0),
(1006, 9, '2', 1621276438, '0', 0, 0, 4, 0, 2),
(1007, 7, '39', 1621276464, '185.104.7.96', 0, 0, 0, 0, 0),
(1008, 9, '9', 1621276544, '0', 0, 1, 18, 0, 2),
(1009, 7, '17', 1621326533, '109.197.205.43', 0, 0, 0, 0, 0),
(1010, 16, '4', 1621329756, '85.193.66.38', 0, 0, 0, 0, 0),
(1011, 16, '1', 1621342067, '185.104.7.96', 0, 0, 0, 0, 0),
(1012, 7, '44', 1621342183, '185.104.7.96', 0, 0, 0, 0, 0),
(1013, 7, '39', 1621356574, '185.188.98.3', 0, 0, 0, 0, 0),
(1014, 16, '2', 1621356615, '185.188.98.3', 0, 0, 0, 0, 0),
(1015, 9, '0', 1621356615, '0', 0, 0, 1, 0, 6),
(1016, 7, '37', 1621362152, '5.101.215.57', 0, 0, 0, 0, 0),
(1017, 3, '37', 1621362154, '5.101.215.57', 0, 0, 0, 0, 0),
(1018, 7, '41', 1621362199, '5.101.215.57', 0, 0, 0, 0, 0),
(1019, 7, '4', 1621362215, '5.101.215.57', 0, 0, 0, 0, 0),
(1020, 7, '44', 1621362346, '5.101.215.57', 0, 0, 0, 0, 0),
(1021, 7, '33', 1621362356, '5.101.215.57', 0, 0, 0, 0, 0),
(1022, 7, '40', 1621362376, '5.101.215.57', 0, 0, 0, 0, 0),
(1023, 7, '35', 1621362540, '5.101.215.57', 0, 0, 0, 0, 0),
(1024, 7, '38', 1621362679, '5.101.215.57', 0, 0, 0, 0, 0),
(1025, 7, '32', 1621362705, '5.101.215.57', 0, 0, 0, 0, 0),
(1026, 7, '28', 1621362771, '5.101.215.57', 0, 0, 0, 0, 0),
(1027, 7, '14', 1621412504, '91.237.201.238', 0, 0, 0, 0, 0),
(1028, 7, '40', 1621412612, '91.237.201.238', 0, 0, 0, 0, 0),
(1029, 7, '27', 1621412666, '91.237.201.238', 0, 0, 0, 0, 0),
(1030, 16, '1', 1621481789, '185.104.7.96', 0, 0, 0, 0, 0),
(1031, 9, '0', 1621481789, '0', 0, 0, 74, 0, 2),
(1032, 16, '2', 1621484376, '185.188.98.3', 0, 0, 0, 0, 0),
(1033, 9, '0', 1621484376, '0', 0, 0, 0, 0, 6),
(1034, 7, '44', 1621485025, '185.188.98.3', 0, 0, 0, 0, 0),
(1035, 7, '7', 1621490698, '109.197.204.124', 0, 0, 0, 0, 0),
(1036, 16, '2', 1621492753, '109.197.204.124', 0, 0, 0, 0, 0),
(1037, 16, '1', 1621508560, '91.237.111.52', 0, 0, 0, 0, 0),
(1038, 7, '46', 1621511544, '185.104.7.96', 0, 0, 0, 0, 0),
(1039, 16, '1', 1621511550, '185.104.7.96', 0, 0, 0, 0, 0),
(1040, 7, '46', 1621511551, '185.104.7.96', 0, 0, 0, 0, 0),
(1041, 7, '46', 1621512358, '194.147.51.47', 0, 0, 0, 0, 0),
(1042, 3, '46', 1621512388, '194.147.51.47', 0, 0, 0, 0, 0),
(1043, 16, '4', 1621512428, '194.147.51.47', 0, 0, 0, 0, 0),
(1044, 16, '2', 1621519782, '185.188.98.3', 0, 0, 0, 0, 0),
(1045, 9, '0', 1621519782, '0', 0, 0, 0, 0, 6),
(1046, 16, '2', 1621535053, '185.188.98.3', 0, 0, 0, 0, 0),
(1047, 7, '47', 1621537833, '185.104.7.96', 0, 0, 0, 0, 0),
(1048, 7, '47', 1621537844, '185.104.7.96', 0, 0, 0, 0, 0),
(1049, 16, '1', 1621537856, '185.104.7.96', 0, 0, 0, 0, 0),
(1050, 9, '0', 1621538399, '0', 0, 0, 96, 0, 2),
(1051, 3, '46', 1621538705, '185.104.7.96', 0, 0, 0, 0, 0),
(1052, 9, '6', 1621538705, '0', 0, 1, 45, 0, 2),
(1053, 3, '43', 1621538711, '185.104.7.96', 0, 0, 0, 0, 0),
(1054, 3, '45', 1621538724, '185.104.7.96', 0, 0, 0, 0, 0),
(1055, 9, '2', 1621538878, '0', 0, 0, 6, 0, 2),
(1056, 7, '3', 1621540247, '185.104.7.96', 0, 0, 0, 0, 0),
(1057, 7, '27', 1621540349, '185.104.7.96', 0, 0, 0, 0, 0),
(1058, 7, '22', 1621540385, '185.104.7.96', 0, 0, 0, 0, 0),
(1059, 4, '24', 1621540410, '185.104.7.96', 0, 0, 0, 0, 0),
(1060, 3, '22', 1621540419, '185.104.7.96', 0, 0, 0, 0, 0),
(1061, 7, '7', 1621540511, '185.104.7.96', 0, 0, 0, 0, 0),
(1062, 7, '5', 1621540611, '185.104.7.96', 0, 0, 0, 0, 0),
(1063, 16, '1', 1621576039, '185.104.7.96', 0, 0, 0, 0, 0),
(1064, 9, '0', 1621576039, '0', 0, 0, 0, 0, 2),
(1065, 7, '16', 1621576067, '185.104.7.96', 0, 0, 0, 0, 0),
(1066, 9, '6', 1621576278, '0', 0, 1, 12, 0, 2),
(1067, 16, '4', 1621578741, '91.237.111.52', 0, 0, 0, 0, 0),
(1068, 7, '35', 1621578799, '91.237.111.52', 0, 0, 0, 0, 0),
(1069, 7, '45', 1621578888, '91.237.111.52', 0, 0, 0, 0, 0),
(1070, 7, '8', 1621578931, '91.237.111.52', 0, 0, 0, 0, 0),
(1071, 7, '4', 1621582583, '194.147.50.9', 0, 0, 0, 0, 0),
(1072, 16, '4', 1621582590, '194.147.50.9', 0, 0, 0, 0, 0),
(1073, 7, '17', 1621582640, '194.147.50.9', 0, 0, 0, 0, 0),
(1074, 7, '10', 1621582741, '194.147.50.9', 0, 0, 0, 0, 0),
(1075, 16, '4', 1621585177, '91.237.111.52', 0, 0, 0, 0, 0),
(1076, 16, '6', 1621585255, '91.237.111.52', 0, 0, 0, 0, 0),
(1077, 9, '0', 1621585255, '0', 0, 0, 2, 0, 17),
(1078, 3, '4', 1621585295, '91.237.111.52', 0, 0, 0, 0, 0),
(1079, 7, '45', 1621585320, '91.237.111.52', 0, 0, 0, 0, 0),
(1080, 3, '45', 1621585320, '91.237.111.52', 0, 0, 0, 0, 0),
(1081, 3, '15', 1621585373, '91.237.111.52', 0, 0, 0, 0, 0),
(1082, 7, '44', 1621585429, '91.237.111.52', 0, 0, 0, 0, 0),
(1083, 3, '44', 1621585432, '91.237.111.52', 0, 0, 0, 0, 0),
(1084, 7, '41', 1621585476, '91.237.111.52', 0, 0, 0, 0, 0),
(1085, 7, '7', 1621586449, '176.59.112.26', 0, 0, 0, 0, 0),
(1086, 7, '14', 1621586582, '176.59.112.26', 0, 0, 0, 0, 0),
(1087, 7, '40', 1621586679, '176.59.112.26', 0, 0, 0, 0, 0),
(1088, 7, '1', 1621586843, '176.59.112.26', 0, 0, 0, 0, 0),
(1089, 7, '19', 1621586953, '176.59.112.26', 0, 0, 0, 0, 0),
(1090, 7, '27', 1621586962, '176.59.112.26', 0, 0, 0, 0, 0),
(1091, 9, '0', 1621587210, '0', 0, 0, 0, 0, 18),
(1092, 3, '27', 1621587211, '176.59.112.26', 0, 0, 0, 0, 0),
(1093, 7, '8', 1621587367, '176.59.112.26', 0, 0, 0, 0, 0),
(1094, 7, '2', 1621587448, '176.59.112.26', 0, 0, 0, 0, 0),
(1095, 7, '22', 1621587688, '176.59.112.26', 0, 0, 0, 0, 0),
(1096, 7, '16', 1621587792, '176.59.112.26', 0, 0, 0, 0, 0),
(1097, 7, '17', 1621587912, '176.59.112.26', 0, 0, 0, 0, 0),
(1098, 7, '32', 1621588018, '176.59.112.26', 0, 0, 0, 0, 0),
(1099, 7, '34', 1621588277, '176.59.112.26', 0, 0, 0, 0, 0),
(1100, 7, '35', 1621588428, '176.59.112.26', 0, 0, 0, 0, 0),
(1101, 16, '1', 1621592280, '91.237.111.52', 0, 0, 0, 0, 0),
(1102, 9, '0', 1621592280, '0', 0, 0, 0, 0, 2),
(1103, 7, '48', 1621592452, '91.237.111.52', 0, 0, 0, 0, 0),
(1104, 16, '6', 1621592631, '91.237.111.52', 0, 0, 0, 0, 0),
(1105, 7, '28', 1621592709, '91.237.111.52', 0, 0, 0, 0, 0),
(1106, 9, '2', 1621593872, '0', 0, 0, 0, 0, 17),
(1107, 7, '6', 1621601018, '176.59.110.17', 0, 0, 0, 0, 0),
(1108, 7, '31', 1621601430, '176.59.110.17', 0, 0, 0, 0, 0),
(1109, 7, '38', 1621601489, '176.59.110.17', 0, 0, 0, 0, 0),
(1110, 7, '39', 1621601524, '176.59.110.17', 0, 0, 0, 0, 0),
(1111, 7, '43', 1621601594, '176.59.110.17', 0, 0, 0, 0, 0),
(1112, 7, '45', 1621601709, '176.59.110.17', 0, 0, 0, 0, 0),
(1113, 7, '46', 1621601749, '176.59.110.17', 0, 0, 0, 0, 0),
(1114, 7, '5', 1621601823, '176.59.110.17', 0, 0, 0, 0, 0),
(1115, 7, '6', 1621605882, '185.188.98.15', 0, 0, 0, 0, 0),
(1116, 7, '46', 1621608553, '185.188.98.15', 0, 0, 0, 0, 0),
(1117, 16, '2', 1621608950, '185.188.98.15', 0, 0, 0, 0, 0),
(1118, 3, '46', 1621608953, '185.188.98.15', 0, 0, 0, 0, 0),
(1119, 7, '15', 1621608991, '185.188.98.15', 0, 0, 0, 0, 0),
(1120, 7, '1', 1621609050, '185.188.98.15', 0, 0, 0, 0, 0),
(1121, 7, '43', 1621610218, '185.188.98.15', 0, 0, 0, 0, 0),
(1122, 7, '16', 1621610244, '185.188.98.15', 0, 0, 0, 0, 0),
(1123, 7, '36', 1621610269, '185.188.98.15', 0, 0, 0, 0, 0),
(1124, 7, '43', 1621610284, '185.188.98.15', 0, 0, 0, 0, 0),
(1125, 7, '49', 1621613570, '185.104.7.96', 0, 0, 0, 0, 0),
(1126, 16, '1', 1621613575, '185.104.7.96', 0, 0, 0, 0, 0),
(1127, 7, '49', 1621613581, '185.104.7.96', 0, 0, 0, 0, 0),
(1128, 3, '49', 1621613583, '185.104.7.96', 0, 0, 0, 0, 0),
(1129, 7, '48', 1621613588, '185.104.7.96', 0, 0, 0, 0, 0),
(1130, 7, '48', 1621613726, '185.104.7.96', 0, 0, 0, 0, 0),
(1131, 9, '0', 1621614020, '0', 3, 0, 0, 0, 2),
(1132, 7, '49', 1621614577, '185.188.98.15', 0, 0, 0, 0, 0),
(1133, 7, '46', 1621614631, '185.188.98.15', 0, 0, 0, 0, 0),
(1134, 7, '15', 1621614640, '185.188.98.15', 0, 0, 0, 0, 0),
(1135, 16, '2', 1621614644, '185.188.98.15', 0, 0, 0, 0, 0),
(1136, 7, '4', 1621614675, '185.188.98.15', 0, 0, 0, 0, 0),
(1137, 7, '27', 1621614706, '185.188.98.15', 0, 0, 0, 0, 0),
(1138, 7, '3', 1621614712, '185.188.98.15', 0, 0, 0, 0, 0),
(1139, 7, '20', 1621614760, '185.188.98.15', 0, 0, 0, 0, 0),
(1140, 7, '50', 1621615312, '185.104.7.96', 0, 0, 0, 0, 0),
(1141, 7, '50', 1621615319, '185.104.7.96', 0, 0, 0, 0, 0),
(1142, 7, '51', 1621615321, '185.104.7.96', 0, 0, 0, 0, 0),
(1143, 3, '51', 1621615334, '185.104.7.96', 0, 0, 0, 0, 0),
(1144, 7, '51', 1621615428, '185.104.7.96', 0, 0, 0, 0, 0),
(1145, 9, '10', 1621616711, '0', 3, 1, 32, 0, 6),
(1146, 7, '52', 1621617034, '185.104.7.96', 0, 0, 0, 0, 0),
(1147, 9, '3', 1621617090, '0', 0, 1, 92, 0, 2),
(1148, 16, '1', 1621617662, '185.104.7.96', 0, 0, 0, 0, 0),
(1149, 16, '1', 1621625627, '185.104.7.96', 0, 0, 0, 0, 0),
(1150, 7, '8', 1621626527, '185.104.7.96', 0, 0, 0, 0, 0),
(1151, 7, '3', 1621626540, '185.104.7.96', 0, 0, 0, 0, 0),
(1152, 7, '15', 1621626558, '185.104.7.96', 0, 0, 0, 0, 0),
(1153, 7, '3', 1621660278, '176.59.100.244', 0, 0, 0, 0, 0),
(1154, 16, '1', 1621671176, '165.22.237.167', 0, 0, 0, 0, 0),
(1155, 7, '6', 1621675659, '95.47.137.161', 0, 0, 0, 0, 0),
(1156, 7, '51', 1621676075, '185.188.98.56', 0, 0, 0, 0, 0),
(1157, 7, '52', 1621676103, '185.188.98.56', 0, 0, 0, 0, 0),
(1158, 7, '50', 1621676125, '185.188.98.56', 0, 0, 0, 0, 0),
(1159, 16, '1', 1621679444, '185.104.7.96', 0, 0, 0, 0, 0),
(1160, 9, '15', 1621679455, '0', 1, 4, 71, 0, 2),
(1161, 16, '2', 1621680010, '185.188.98.56', 0, 0, 0, 0, 0),
(1162, 9, '0', 1621680010, '0', 0, 0, 0, 0, 6),
(1163, 7, '51', 1621705303, '185.188.98.56', 0, 0, 0, 0, 0),
(1164, 16, '2', 1621705305, '185.188.98.56', 0, 0, 0, 0, 0),
(1165, 16, '1', 1621706535, '185.104.7.96', 0, 0, 0, 0, 0),
(1166, 9, '0', 1621706547, '0', 0, 0, 99, 0, 2),
(1167, 3, '50', 1621755020, '185.104.7.96', 0, 0, 0, 0, 0),
(1168, 16, '1', 1621755779, '185.104.7.96', 0, 0, 0, 0, 0),
(1169, 7, '48', 1621758861, '85.193.67.30', 0, 0, 0, 0, 0),
(1170, 16, '4', 1621758870, '85.193.67.30', 0, 0, 0, 0, 0),
(1171, 7, '48', 1621758872, '85.193.67.30', 0, 0, 0, 0, 0),
(1172, 7, '49', 1621758875, '85.193.67.30', 0, 0, 0, 0, 0),
(1173, 7, '50', 1621758919, '85.193.67.30', 0, 0, 0, 0, 0),
(1174, 7, '51', 1621758962, '85.193.67.30', 0, 0, 0, 0, 0),
(1175, 7, '52', 1621759000, '85.193.67.30', 0, 0, 0, 0, 0),
(1176, 7, '51', 1621759041, '85.193.67.30', 0, 0, 0, 0, 0),
(1177, 16, '3', 1621775739, '176.215.29.138', 0, 0, 0, 0, 0),
(1178, 9, '250', 1621775739, '16', 16, 2, 17967, 0, 8),
(1179, 7, '51', 1621775974, '176.215.29.138', 0, 0, 0, 0, 0),
(1180, 7, '49', 1621775996, '176.215.29.138', 0, 0, 0, 0, 0),
(1181, 7, '6', 1621776006, '176.215.29.138', 0, 0, 0, 0, 0),
(1182, 7, '40', 1621776009, '176.215.29.138', 0, 0, 0, 0, 0),
(1183, 7, '46', 1621776020, '176.215.29.138', 0, 0, 0, 0, 0),
(1184, 16, '1', 1621776020, '185.104.7.96', 0, 0, 0, 0, 0),
(1185, 9, '0', 1621776020, '0', 0, 0, 25, 0, 2),
(1186, 7, '42', 1621776038, '176.215.29.138', 0, 0, 0, 0, 0),
(1187, 7, '43', 1621776060, '176.215.29.138', 0, 0, 0, 0, 0),
(1188, 7, '12', 1621776071, '176.215.29.138', 0, 0, 0, 0, 0),
(1189, 7, '16', 1621776084, '176.215.29.138', 0, 0, 0, 0, 0),
(1190, 7, '52', 1621776239, '176.215.29.138', 0, 0, 0, 0, 0),
(1191, 7, '4', 1621776248, '176.215.29.138', 0, 0, 0, 0, 0),
(1192, 9, '0', 1621776362, '0', 0, 3, 0, 0, 8),
(1193, 9, '0', 1621776675, '0', 0, 0, 0, 0, 8),
(1194, 9, '0', 1621776678, '0', 0, 0, 0, 0, 2),
(1195, 7, '52', 1621776690, '185.104.7.96', 0, 0, 0, 0, 0),
(1196, 7, '52', 1621776800, '176.215.29.138', 0, 0, 0, 0, 0),
(1197, 7, '27', 1621776988, '176.215.29.138', 0, 0, 0, 0, 0),
(1198, 7, '39', 1621777111, '176.215.29.138', 0, 0, 0, 0, 0),
(1199, 3, '39', 1621777424, '176.215.29.138', 0, 0, 0, 0, 0),
(1200, 7, '39', 1621777444, '176.215.29.138', 0, 0, 0, 0, 0),
(1201, 7, '7', 1621777534, '176.215.29.138', 0, 0, 0, 0, 0),
(1202, 7, '53', 1621778785, '176.215.29.138', 0, 0, 0, 0, 0),
(1203, 3, '53', 1621778938, '176.215.29.138', 0, 0, 0, 0, 0),
(1204, 7, '19', 1621779014, '176.215.29.138', 0, 0, 0, 0, 0),
(1205, 7, '17', 1621779016, '176.215.29.138', 0, 0, 0, 0, 0),
(1206, 7, '10', 1621779018, '176.215.29.138', 0, 0, 0, 0, 0),
(1207, 7, '10', 1621779039, '176.215.29.138', 0, 0, 0, 0, 0),
(1208, 16, '3', 1621780222, '176.215.29.138', 0, 0, 0, 0, 0),
(1209, 9, '0', 1621780222, '0', 1, 0, 0, 0, 8),
(1210, 7, '54', 1621780299, '176.215.29.138', 0, 0, 0, 0, 0),
(1211, 7, '54', 1621780314, '176.215.29.138', 0, 0, 0, 0, 0),
(1212, 16, '2', 1621781410, '185.188.98.56', 0, 0, 0, 0, 0),
(1213, 9, '0', 1621781410, '0', 0, 0, 0, 0, 6),
(1214, 16, '4', 1621793098, '193.106.185.34', 0, 0, 0, 0, 0),
(1215, 3, '49', 1621793101, '193.106.185.34', 0, 0, 0, 0, 0),
(1216, 7, '49', 1621793107, '193.106.185.34', 0, 0, 0, 0, 0),
(1217, 3, '48', 1621793193, '193.106.185.34', 0, 0, 0, 0, 0),
(1218, 7, '48', 1621793197, '193.106.185.34', 0, 0, 0, 0, 0),
(1219, 7, '46', 1621793274, '193.106.185.34', 0, 0, 0, 0, 0),
(1220, 7, '42', 1621793306, '193.106.185.34', 0, 0, 0, 0, 0),
(1221, 7, '44', 1621793339, '193.106.185.34', 0, 0, 0, 0, 0),
(1222, 3, '44', 1621793343, '193.106.185.34', 0, 0, 0, 0, 0),
(1223, 7, '43', 1621794909, '193.106.185.34', 0, 0, 0, 0, 0),
(1224, 16, '1', 1621833522, '91.237.111.52', 0, 0, 0, 0, 0),
(1225, 2, 'theRealXone', 1621840054, '176.59.97.20', 0, 0, 0, 0, 0),
(1226, 16, '7', 1621840056, '176.59.97.20', 0, 0, 0, 0, 0),
(1227, 9, '0', 1621840056, '0', 0, 0, 0, 0, 19),
(1228, 9, '0', 1621840121, '0', 0, 0, 104, 0, 19),
(1229, 7, '52', 1621840125, '176.59.97.20', 0, 0, 0, 0, 0),
(1230, 7, '52', 1621840133, '176.59.97.20', 0, 0, 0, 0, 0),
(1231, 7, '43', 1621840155, '176.59.97.20', 0, 0, 0, 0, 0),
(1232, 7, '54', 1621841193, '176.59.97.20', 0, 0, 0, 0, 0),
(1233, 3, '54', 1621841219, '176.59.97.20', 0, 0, 0, 0, 0),
(1234, 7, '53', 1621841219, '176.59.97.20', 0, 0, 0, 0, 0),
(1235, 7, '51', 1621841296, '176.59.97.20', 0, 0, 0, 0, 0),
(1236, 7, '48', 1621841323, '176.59.97.20', 0, 0, 0, 0, 0),
(1237, 7, '44', 1621841380, '176.59.97.20', 0, 0, 0, 0, 0),
(1238, 7, '38', 1621841391, '176.59.97.20', 0, 0, 0, 0, 0),
(1239, 3, '38', 1621841409, '176.59.97.20', 0, 0, 0, 0, 0),
(1240, 7, '39', 1621841415, '176.59.97.20', 0, 0, 0, 0, 0),
(1241, 7, '37', 1621841440, '176.59.97.20', 0, 0, 0, 0, 0),
(1242, 7, '50', 1621841885, '176.59.97.20', 0, 0, 0, 0, 0),
(1243, 3, '50', 1621841986, '176.59.97.20', 0, 0, 0, 0, 0),
(1244, 9, '12', 1621841994, '0', 1, 0, 32, 0, 19),
(1245, 7, '14', 1621842217, '176.59.97.20', 0, 0, 0, 0, 0),
(1246, 7, '1', 1621842292, '176.59.97.20', 0, 0, 0, 0, 0),
(1247, 7, '18', 1621842306, '176.59.97.20', 0, 0, 0, 0, 0),
(1248, 7, '49', 1621842396, '176.59.97.20', 0, 0, 0, 0, 0),
(1249, 7, '41', 1621842482, '176.59.97.20', 0, 0, 0, 0, 0),
(1250, 7, '50', 1621845087, '176.215.29.138', 0, 0, 0, 0, 0),
(1251, 7, '48', 1621845089, '176.215.29.138', 0, 0, 0, 0, 0),
(1252, 16, '3', 1621845106, '176.215.29.138', 0, 0, 0, 0, 0),
(1253, 7, '44', 1621845109, '176.215.29.138', 0, 0, 0, 0, 0),
(1254, 3, '44', 1621845120, '176.215.29.138', 0, 0, 0, 0, 0),
(1255, 7, '8', 1621845146, '176.215.29.138', 0, 0, 0, 0, 0),
(1256, 9, '31', 1621845261, '6', 1, 0, 0, 0, 8),
(1257, 7, '19', 1621845385, '176.215.29.138', 0, 0, 0, 0, 0),
(1258, 16, '2', 1621845715, '185.188.98.56', 0, 0, 0, 0, 0),
(1259, 9, '0', 1621845715, '0', 0, 0, 0, 0, 6),
(1260, 7, '54', 1621850303, '185.188.98.56', 0, 0, 0, 0, 0),
(1261, 3, '54', 1621850310, '185.188.98.56', 0, 0, 0, 0, 0),
(1262, 16, '2', 1621850320, '185.188.98.56', 0, 0, 0, 0, 0),
(1263, 7, '54', 1621850449, '185.188.98.56', 0, 0, 0, 0, 0),
(1264, 7, '50', 1621850459, '185.188.98.56', 0, 0, 0, 0, 0),
(1265, 7, '52', 1621850462, '185.188.98.56', 0, 0, 0, 0, 0),
(1266, 7, '55', 1621852166, '176.215.29.138', 0, 0, 0, 0, 0),
(1267, 16, '3', 1621852167, '176.215.29.138', 0, 0, 0, 0, 0),
(1268, 8, '55', 1621852167, '8', 0, 0, 0, 0, 0),
(1269, 7, '53', 1621852210, '185.188.98.56', 0, 0, 0, 0, 0),
(1270, 7, '28', 1621852262, '176.215.29.138', 0, 0, 0, 0, 0),
(1271, 7, '53', 1621852265, '185.188.98.56', 0, 0, 0, 0, 0),
(1272, 3, '54', 1621852304, '176.215.29.138', 0, 0, 0, 0, 0),
(1273, 7, '49', 1621852312, '176.215.29.138', 0, 0, 0, 0, 0),
(1274, 7, '45', 1621852359, '176.215.29.138', 0, 0, 0, 0, 0),
(1275, 7, '38', 1621852547, '176.215.29.138', 0, 0, 0, 0, 0),
(1276, 7, '37', 1621852568, '176.215.29.138', 0, 0, 0, 0, 0),
(1277, 9, '0', 1621852598, '0', 0, 0, 0, 0, 8),
(1278, 7, '51', 1621852625, '176.215.29.138', 0, 0, 0, 0, 0),
(1279, 7, '33', 1621852816, '176.215.29.138', 0, 0, 0, 0, 0),
(1280, 9, '2', 1621852929, '0', 0, 0, 0, 0, 8),
(1281, 7, '56', 1621853030, '176.215.29.138', 0, 0, 0, 0, 0),
(1282, 7, '56', 1621853075, '176.215.29.138', 0, 0, 0, 0, 0),
(1283, 7, '56', 1621853083, '185.188.98.56', 0, 0, 0, 0, 0),
(1284, 7, '32', 1621853313, '176.215.29.138', 0, 0, 0, 0, 0),
(1285, 7, '24', 1621853440, '176.215.29.138', 0, 0, 0, 0, 0),
(1286, 7, '20', 1621853518, '176.215.29.138', 0, 0, 0, 0, 0),
(1287, 7, '56', 1621865332, '185.188.98.56', 0, 0, 0, 0, 0),
(1288, 3, '56', 1621865334, '185.188.98.56', 0, 0, 0, 0, 0),
(1289, 16, '2', 1621865360, '185.188.98.56', 0, 0, 0, 0, 0),
(1290, 9, '4', 1621865360, '0', 1, 0, 0, 0, 6),
(1291, 7, '57', 1621867092, '185.188.98.56', 0, 0, 0, 0, 0),
(1292, 3, '57', 1621867094, '185.188.98.56', 0, 0, 0, 0, 0),
(1293, 7, '53', 1621886733, '185.104.7.96', 0, 0, 0, 0, 0),
(1294, 16, '1', 1621886783, '185.104.7.96', 0, 0, 0, 0, 0),
(1295, 7, '54', 1621886788, '185.104.7.96', 0, 0, 0, 0, 0),
(1296, 7, '56', 1621886810, '185.104.7.96', 0, 0, 0, 0, 0),
(1297, 7, '56', 1621886837, '185.104.7.96', 0, 0, 0, 0, 0),
(1298, 7, '57', 1621886840, '185.104.7.96', 0, 0, 0, 0, 0),
(1299, 7, '57', 1621887965, '185.188.98.56', 0, 0, 0, 0, 0),
(1300, 7, '54', 1621891740, '185.104.7.96', 0, 0, 0, 0, 0),
(1301, 16, '1', 1621891838, '185.104.7.96', 0, 0, 0, 0, 0),
(1302, 7, '53', 1621891847, '185.104.7.96', 0, 0, 0, 0, 0),
(1303, 9, '10', 1621892194, '0', 2, 5, 194, 0, 2),
(1304, 7, '57', 1621892391, '185.104.7.96', 0, 0, 0, 0, 0),
(1305, 7, '53', 1621916519, '193.106.185.34', 0, 0, 0, 0, 0),
(1306, 7, '56', 1621916522, '193.106.185.34', 0, 0, 0, 0, 0),
(1307, 7, '57', 1621916524, '193.106.185.34', 0, 0, 0, 0, 0),
(1308, 3, '53', 1621916640, '193.106.185.34', 0, 0, 0, 0, 0),
(1309, 16, '4', 1621916646, '193.106.185.34', 0, 0, 0, 0, 0),
(1310, 7, '53', 1621916648, '193.106.185.34', 0, 0, 0, 0, 0),
(1311, 4, '91', 1621916660, '193.106.185.34', 0, 0, 0, 0, 0),
(1312, 4, '90', 1621916662, '193.106.185.34', 0, 0, 0, 0, 0),
(1313, 7, '7', 1621933573, '185.188.98.56', 0, 0, 0, 0, 0),
(1314, 7, '6', 1621933576, '185.188.98.56', 0, 0, 0, 0, 0),
(1315, 7, '14', 1621933579, '185.188.98.56', 0, 0, 0, 0, 0),
(1316, 7, '27', 1621933582, '185.188.98.56', 0, 0, 0, 0, 0),
(1317, 7, '46', 1621933598, '185.188.98.56', 0, 0, 0, 0, 0),
(1318, 16, '2', 1621933603, '185.188.98.56', 0, 0, 0, 0, 0),
(1319, 9, '0', 1621933603, '0', 0, 0, 6, 0, 6),
(1320, 7, '31', 1621933629, '185.188.98.56', 0, 0, 0, 0, 0),
(1321, 7, '22', 1621933631, '185.188.98.56', 0, 0, 0, 0, 0),
(1322, 7, '49', 1621933635, '185.188.98.56', 0, 0, 0, 0, 0),
(1323, 7, '3', 1621933651, '185.188.98.56', 0, 0, 0, 0, 0),
(1324, 7, '20', 1621933663, '185.188.98.56', 0, 0, 0, 0, 0),
(1325, 7, '32', 1621933669, '185.188.98.56', 0, 0, 0, 0, 0),
(1326, 7, '48', 1621933685, '185.188.98.56', 0, 0, 0, 0, 0),
(1327, 7, '52', 1621940487, '5.101.215.57', 0, 0, 0, 0, 0),
(1328, 7, '57', 1621940525, '5.101.215.57', 0, 0, 0, 0, 0),
(1329, 16, '1', 1621940552, '185.104.7.96', 0, 0, 0, 0, 0),
(1330, 7, '56', 1621940587, '5.101.215.57', 0, 0, 0, 0, 0),
(1331, 7, '48', 1621940617, '5.101.215.57', 0, 0, 0, 0, 0),
(1332, 7, '41', 1621941089, '185.104.7.96', 0, 0, 0, 0, 0),
(1333, 3, '48', 1621941094, '185.104.7.96', 0, 0, 0, 0, 0),
(1334, 3, '15', 1621941099, '185.104.7.96', 0, 0, 0, 0, 0),
(1335, 9, '2', 1621941197, '0', 0, 0, 43, 0, 2),
(1336, 9, '19', 1621941789, '6', 0, 0, 0, 0, 2),
(1337, 9, '0', 1621971786, '0', 0, 0, 0, 0, 20),
(1338, 7, '6', 1621971791, '91.109.142.62', 0, 0, 0, 0, 0),
(1339, 9, '0', 1621973075, '0', 0, 0, 0, 0, 20),
(1340, 2, 'TwoSteps', 1621973335, '91.109.142.62', 0, 0, 0, 0, 0),
(1341, 7, '32', 1621973428, '91.109.142.62', 0, 0, 0, 0, 0),
(1342, 16, '8', 1621973468, '91.109.142.62', 0, 0, 0, 0, 0),
(1343, 7, '22', 1621973486, '91.109.142.62', 0, 0, 0, 0, 0),
(1344, 7, '40', 1621973500, '91.109.142.62', 0, 0, 0, 0, 0),
(1345, 7, '48', 1621973521, '91.109.142.62', 0, 0, 0, 0, 0),
(1346, 7, '2', 1621973542, '91.109.142.62', 0, 0, 0, 0, 0),
(1347, 3, '51', 1622006615, '85.193.66.34', 0, 0, 0, 0, 0),
(1348, 16, '8', 1622017200, '91.109.142.62', 0, 0, 0, 0, 0),
(1349, 9, '0', 1622017200, '0', 0, 0, 58, 0, 21),
(1350, 7, '49', 1622017229, '91.109.142.62', 0, 0, 0, 0, 0),
(1351, 7, '14', 1622017286, '91.109.142.62', 0, 0, 0, 0, 0),
(1352, 7, '46', 1622017325, '91.109.142.62', 0, 0, 0, 0, 0),
(1353, 7, '53', 1622017350, '91.109.142.62', 0, 0, 0, 0, 0),
(1354, 7, '3', 1622017395, '91.109.142.62', 0, 0, 0, 0, 0),
(1355, 7, '15', 1622017406, '91.109.142.62', 0, 0, 0, 0, 0),
(1356, 7, '18', 1622017437, '91.109.142.62', 0, 0, 0, 0, 0),
(1357, 9, '4', 1622017458, '0', 0, 4, 0, 0, 21),
(1358, 7, '42', 1622017506, '91.109.142.62', 0, 0, 0, 0, 0),
(1359, 16, '8', 1622021433, '91.109.142.62', 0, 0, 0, 0, 0),
(1360, 7, '57', 1622021454, '91.109.142.62', 0, 0, 0, 0, 0),
(1361, 7, '56', 1622021475, '91.109.142.62', 0, 0, 0, 0, 0),
(1362, 9, '4', 1622021506, '0', 0, 0, 0, 0, 21),
(1363, 7, '52', 1622021515, '91.109.142.62', 0, 0, 0, 0, 0),
(1364, 7, '51', 1622021540, '91.109.142.62', 0, 0, 0, 0, 0),
(1365, 7, '38', 1622021614, '91.109.142.62', 0, 0, 0, 0, 0),
(1366, 7, '36', 1622021734, '91.109.142.62', 0, 0, 0, 0, 0),
(1367, 7, '27', 1622021741, '91.109.142.62', 0, 0, 0, 0, 0),
(1368, 7, '56', 1622022018, '185.188.98.72', 0, 0, 0, 0, 0),
(1369, 7, '58', 1622022179, '91.109.142.62', 0, 0, 0, 0, 0),
(1370, 7, '58', 1622025777, '91.109.142.62', 0, 0, 0, 0, 0),
(1371, 7, '1', 1622025924, '91.109.142.62', 0, 0, 0, 0, 0),
(1372, 7, '10', 1622025951, '91.109.142.62', 0, 0, 0, 0, 0),
(1373, 4, '10', 1622026014, '91.109.142.62', 0, 0, 0, 0, 0),
(1374, 16, '8', 1622026015, '91.109.142.62', 0, 0, 0, 0, 0),
(1375, 16, '1', 1622038091, '185.104.7.96', 0, 0, 0, 0, 0),
(1376, 9, '0', 1622038091, '0', 20, 0, 0, 0, 2),
(1377, 16, '8', 1622054840, '91.109.142.62', 0, 0, 0, 0, 0),
(1378, 7, '56', 1622055122, '91.109.142.62', 0, 0, 0, 0, 0),
(1379, 7, '50', 1622055150, '91.109.142.62', 0, 0, 0, 0, 0),
(1380, 9, '4', 1622055205, '0', 0, 0, 111, 0, 21),
(1381, 7, '14', 1622055211, '91.109.142.62', 0, 0, 0, 0, 0),
(1382, 7, '18', 1622055290, '91.109.142.62', 0, 0, 0, 0, 0),
(1383, 9, '3', 1622055328, '0', 0, 0, 6, 0, 21),
(1384, 7, '7', 1622055364, '91.109.142.62', 0, 0, 0, 0, 0),
(1385, 7, '50', 1622055802, '91.109.142.62', 0, 0, 0, 0, 0),
(1386, 7, '16', 1622055904, '91.109.142.62', 0, 0, 0, 0, 0),
(1387, 7, '17', 1622055921, '91.109.142.62', 0, 0, 0, 0, 0),
(1388, 7, '19', 1622055942, '91.109.142.62', 0, 0, 0, 0, 0),
(1389, 16, '1', 1622056624, '185.104.7.96', 0, 0, 0, 0, 0),
(1390, 9, '0', 1622056636, '0', 0, 0, 101, 0, 2),
(1391, 7, '58', 1622056866, '185.104.7.96', 0, 0, 0, 0, 0),
(1392, 7, '58', 1622056930, '185.104.7.96', 0, 0, 0, 0, 0),
(1393, 9, '2', 1622058291, '0', 0, 0, 7, 0, 2),
(1394, 16, '2', 1622067618, '185.188.98.90', 0, 0, 0, 0, 0),
(1395, 7, '53', 1622097941, '91.109.148.215', 0, 0, 0, 0, 0),
(1396, 7, '59', 1622098074, '185.188.98.90', 0, 0, 0, 0, 0),
(1397, 16, '2', 1622098079, '185.188.98.90', 0, 0, 0, 0, 0),
(1398, 3, '59', 1622098085, '185.188.98.90', 0, 0, 0, 0, 0),
(1399, 7, '58', 1622098273, '185.188.98.90', 0, 0, 0, 0, 0),
(1400, 16, '8', 1622112993, '91.109.148.215', 0, 0, 0, 0, 0),
(1401, 9, '25', 1622113177, '0', 2, 0, 141, 0, 21),
(1402, 7, '59', 1622113190, '91.109.148.215', 0, 0, 0, 0, 0),
(1403, 7, '59', 1622116695, '185.104.7.96', 0, 0, 0, 0, 0),
(1404, 16, '1', 1622116723, '185.104.7.96', 0, 0, 0, 0, 0),
(1405, 7, '60', 1622116779, '185.104.7.96', 0, 0, 0, 0, 0),
(1406, 7, '60', 1622116800, '185.104.7.96', 0, 0, 0, 0, 0),
(1407, 9, '4', 1622116875, '0', 0, 0, 4, 0, 2),
(1408, 7, '60', 1622117382, '194.147.50.15', 0, 0, 0, 0, 0),
(1409, 7, '58', 1622117502, '194.147.50.15', 0, 0, 0, 0, 0),
(1410, 7, '59', 1622117536, '194.147.50.15', 0, 0, 0, 0, 0),
(1411, 16, '8', 1622124181, '91.109.148.215', 0, 0, 0, 0, 0),
(1412, 7, '60', 1622126191, '91.109.148.215', 0, 0, 0, 0, 0),
(1413, 7, '61', 1622126211, '91.109.148.215', 0, 0, 0, 0, 0),
(1414, 7, '61', 1622126570, '91.109.148.215', 0, 0, 0, 0, 0),
(1415, 7, '4', 1622126772, '91.109.148.215', 0, 0, 0, 0, 0),
(1416, 16, '8', 1622128965, '91.109.148.215', 0, 0, 0, 0, 0),
(1417, 7, '62', 1622128976, '91.109.148.215', 0, 0, 0, 0, 0),
(1418, 7, '32', 1622129006, '91.109.148.215', 0, 0, 0, 0, 0),
(1419, 7, '33', 1622129221, '91.109.148.215', 0, 0, 0, 0, 0),
(1420, 9, '1', 1622129418, '0', 0, 0, 4, 0, 21),
(1421, 16, '1', 1622136799, '185.104.7.96', 0, 0, 0, 0, 0),
(1422, 7, '63', 1622137022, '185.104.7.96', 0, 0, 0, 0, 0),
(1423, 9, '0', 1622137049, '0', 0, 0, 2, 0, 2),
(1424, 16, '8', 1622138144, '91.109.148.215', 0, 0, 0, 0, 0),
(1425, 7, '63', 1622138871, '185.104.7.96', 0, 0, 0, 0, 0),
(1426, 7, '61', 1622139034, '185.104.7.96', 0, 0, 0, 0, 0),
(1427, 7, '61', 1622139110, '185.104.7.96', 0, 0, 0, 0, 0),
(1428, 7, '62', 1622139114, '185.104.7.96', 0, 0, 0, 0, 0),
(1429, 7, '62', 1622139219, '185.104.7.96', 0, 0, 0, 0, 0),
(1430, 7, '20', 1622139400, '185.104.7.96', 0, 0, 0, 0, 0),
(1431, 7, '59', 1622139987, '185.188.98.90', 0, 0, 0, 0, 0),
(1432, 4, '97', 1622139993, '185.188.98.90', 0, 0, 0, 0, 0),
(1433, 16, '2', 1622140020, '185.188.98.90', 0, 0, 0, 0, 0),
(1434, 9, '5', 1622140021, '0', 0, 0, 6, 0, 6),
(1435, 7, '62', 1622140390, '91.109.148.215', 0, 0, 0, 0, 0),
(1436, 4, '99', 1622140412, '91.109.148.215', 0, 0, 0, 0, 0),
(1437, 7, '31', 1622141205, '91.109.148.215', 0, 0, 0, 0, 0),
(1438, 9, '0', 1622141304, '0', 0, 0, 0, 0, 6),
(1439, 16, '1', 1622141449, '185.104.7.96', 0, 0, 0, 0, 0),
(1440, 9, '2', 1622141677, '0', 0, 0, 42, 0, 21),
(1441, 9, '0', 1622141706, '0', 0, 0, 0, 0, 6),
(1442, 2, 'GDKipper', 1622141938, '185.188.98.90', 0, 0, 0, 0, 0),
(1443, 9, '4', 1622141945, '0', -2, 0, 0, 0, 6),
(1444, 7, '1', 1622142215, '185.188.98.90', 0, 0, 0, 0, 0),
(1445, 9, '0', 1622142244, '0', 0, 0, 0, 0, 6),
(1446, 7, '53', 1622142275, '185.188.98.90', 0, 0, 0, 0, 0),
(1447, 3, '53', 1622142300, '185.188.98.90', 0, 0, 0, 0, 0),
(1448, 16, '8', 1622143096, '91.109.148.215', 0, 0, 0, 0, 0),
(1449, 7, '14', 1622143231, '185.188.98.90', 0, 0, 0, 0, 0),
(1450, 7, '31', 1622143235, '185.188.98.90', 0, 0, 0, 0, 0),
(1451, 7, '3', 1622143275, '91.109.148.215', 0, 0, 0, 0, 0),
(1452, 7, '20', 1622143304, '91.109.148.215', 0, 0, 0, 0, 0),
(1453, 7, '49', 1622143635, '185.188.98.90', 0, 0, 0, 0, 0),
(1454, 7, '51', 1622144035, '185.188.98.90', 0, 0, 0, 0, 0),
(1455, 9, '0', 1622144269, '0', 0, 0, 0, 0, 21),
(1456, 9, '0', 1622144281, '0', 0, 0, 121, 0, 2),
(1457, 7, '5', 1622144294, '91.109.148.215', 0, 0, 0, 0, 0),
(1458, 7, '64', 1622144321, '91.109.148.215', 0, 0, 0, 0, 0),
(1459, 7, '64', 1622144476, '91.109.148.215', 0, 0, 0, 0, 0),
(1460, 7, '52', 1622144517, '185.188.98.90', 0, 0, 0, 0, 0),
(1461, 9, '0', 1622144687, '0', 0, 0, 0, 0, 2),
(1462, 7, '64', 1622144702, '185.104.7.96', 0, 0, 0, 0, 0),
(1463, 7, '63', 1622144735, '91.109.148.215', 0, 0, 0, 0, 0),
(1464, 16, '2', 1622144860, '185.188.98.90', 0, 0, 0, 0, 0),
(1465, 9, '24', 1622144860, '0', 1, 4, 46, 0, 6),
(1466, 7, '63', 1622145091, '91.109.148.215', 0, 0, 0, 0, 0),
(1467, 7, '22', 1622145124, '91.109.148.215', 0, 0, 0, 0, 0),
(1468, 16, '1', 1622145595, '185.104.7.96', 0, 0, 0, 0, 0),
(1469, 9, '0', 1622146300, '0', 0, 0, 54, 0, 2),
(1470, 16, '8', 1622148864, '91.109.148.215', 0, 0, 0, 0, 0),
(1471, 9, '0', 1622148864, '0', 0, 0, 39, 0, 21),
(1472, 7, '60', 1622182851, '185.188.98.90', 0, 0, 0, 0, 0),
(1473, 7, '58', 1622182887, '185.188.98.90', 0, 0, 0, 0, 0),
(1474, 7, '52', 1622182891, '185.188.98.90', 0, 0, 0, 0, 0),
(1475, 16, '2', 1622182913, '185.188.98.90', 0, 0, 0, 0, 0),
(1476, 7, '60', 1622182916, '185.188.98.90', 0, 0, 0, 0, 0),
(1477, 7, '62', 1622183153, '185.188.98.90', 0, 0, 0, 0, 0),
(1478, 7, '63', 1622183248, '185.188.98.90', 0, 0, 0, 0, 0),
(1479, 4, '101', 1622183537, '185.188.98.90', 0, 0, 0, 0, 0),
(1480, 7, '64', 1622183541, '185.188.98.90', 0, 0, 0, 0, 0),
(1481, 7, '61', 1622183561, '185.188.98.90', 0, 0, 0, 0, 0),
(1482, 16, '1', 1622185021, '185.104.7.96', 0, 0, 0, 0, 0),
(1483, 7, '64', 1622185073, '185.104.7.96', 0, 0, 0, 0, 0),
(1484, 9, '33', 1622185171, '0', 2, 5, 106, 0, 2),
(1485, 7, '21', 1622185445, '185.104.7.96', 0, 0, 0, 0, 0),
(1486, 4, '15', 1622185457, '185.104.7.96', 0, 0, 0, 0, 0),
(1487, 4, '7', 1622185458, '185.104.7.96', 0, 0, 0, 0, 0),
(1488, 16, '3', 1622188974, '77.223.69.201', 0, 0, 0, 0, 0),
(1489, 9, '4', 1622188974, '0', 1, 0, 0, 0, 8),
(1490, 7, '40', 1622189024, '77.223.69.201', 0, 0, 0, 0, 0),
(1491, 7, '2', 1622189041, '77.223.69.201', 0, 0, 0, 0, 0),
(1492, 7, '7', 1622189044, '77.223.69.201', 0, 0, 0, 0, 0),
(1493, 7, '64', 1622189059, '77.223.69.201', 0, 0, 0, 0, 0),
(1494, 7, '63', 1622189072, '77.223.69.201', 0, 0, 0, 0, 0),
(1495, 7, '59', 1622189157, '77.223.69.201', 0, 0, 0, 0, 0),
(1496, 7, '58', 1622189246, '77.223.69.201', 0, 0, 0, 0, 0),
(1497, 7, '14', 1622192263, '77.223.69.201', 0, 0, 0, 0, 0),
(1498, 16, '3', 1622192765, '77.223.69.201', 0, 0, 0, 0, 0),
(1499, 7, '65', 1622192769, '77.223.69.201', 0, 0, 0, 0, 0),
(1500, 7, '57', 1622193171, '77.223.69.201', 0, 0, 0, 0, 0),
(1501, 7, '60', 1622193262, '77.223.69.201', 0, 0, 0, 0, 0),
(1502, 7, '50', 1622193291, '77.223.69.201', 0, 0, 0, 0, 0),
(1503, 7, '61', 1622193323, '77.223.69.201', 0, 0, 0, 0, 0),
(1504, 7, '4', 1622193410, '77.223.69.201', 0, 0, 0, 0, 0),
(1505, 7, '16', 1622193459, '77.223.69.201', 0, 0, 0, 0, 0),
(1506, 16, '8', 1622200286, '109.111.148.209', 0, 0, 0, 0, 0),
(1507, 16, '8', 1622206552, '109.111.148.209', 0, 0, 0, 0, 0),
(1508, 7, '60', 1622207335, '109.111.148.209', 0, 0, 0, 0, 0),
(1509, 7, '65', 1622207375, '109.111.148.209', 0, 0, 0, 0, 0),
(1510, 9, '0', 1622207397, '0', 0, 0, 70, 0, 21),
(1511, 7, '48', 1622207430, '109.111.148.209', 0, 0, 0, 0, 0),
(1512, 7, '44', 1622207507, '109.111.148.209', 0, 0, 0, 0, 0),
(1513, 7, '41', 1622207553, '109.111.148.209', 0, 0, 0, 0, 0),
(1514, 16, '8', 1622210186, '109.111.148.209', 0, 0, 0, 0, 0),
(1515, 7, '58', 1622210232, '109.111.148.209', 0, 0, 0, 0, 0),
(1516, 7, '46', 1622210328, '109.111.148.209', 0, 0, 0, 0, 0),
(1517, 7, '43', 1622210405, '109.111.148.209', 0, 0, 0, 0, 0),
(1518, 16, '1', 1622223971, '185.104.7.96', 0, 0, 0, 0, 0),
(1519, 7, '66', 1622223998, '185.104.7.96', 0, 0, 0, 0, 0),
(1520, 7, '65', 1622224051, '185.104.7.96', 0, 0, 0, 0, 0),
(1521, 16, '8', 1622284298, '109.111.148.209', 0, 0, 0, 0, 0),
(1522, 7, '66', 1622287244, '109.111.148.209', 0, 0, 0, 0, 0),
(1523, 9, '1', 1622287445, '0', 0, 0, 87, 0, 21),
(1524, 7, '1', 1622287473, '109.111.148.209', 0, 0, 0, 0, 0),
(1525, 16, '8', 1622302906, '109.111.148.209', 0, 0, 0, 0, 0),
(1526, 5, '3', 1622302914, '109.111.148.209', 0, 0, 0, 0, 0),
(1527, 5, '2', 1622302918, '109.111.148.209', 0, 0, 0, 0, 0),
(1528, 7, '16', 1622302936, '109.111.148.209', 0, 0, 0, 0, 0),
(1529, 9, '0', 1622302954, '0', 0, 0, 0, 0, 21),
(1530, 7, '67', 1622316252, '109.111.148.209', 0, 0, 0, 0, 0),
(1531, 7, '67', 1622316257, '109.111.148.209', 0, 0, 0, 0, 0),
(1532, 16, '8', 1622316333, '109.111.148.209', 0, 0, 0, 0, 0),
(1533, 16, '1', 1622327712, '95.153.134.25', 0, 0, 0, 0, 0),
(1534, 7, '65', 1622327731, '95.153.134.25', 0, 0, 0, 0, 0),
(1535, 7, '66', 1622327735, '95.153.134.25', 0, 0, 0, 0, 0),
(1536, 7, '67', 1622327756, '95.153.134.25', 0, 0, 0, 0, 0),
(1537, 7, '65', 1622357649, '85.249.29.30', 0, 0, 0, 0, 0),
(1538, 7, '53', 1622357677, '85.249.29.30', 0, 0, 0, 0, 0),
(1539, 16, '3', 1622357699, '85.249.29.30', 0, 0, 0, 0, 0),
(1540, 9, '-285', 1622357699, '-22', -19, -5, -17967, 0, 8),
(1541, 7, '5', 1622357764, '85.249.29.30', 0, 0, 0, 0, 0),
(1542, 7, '6', 1622357771, '85.249.29.30', 0, 0, 0, 0, 0),
(1543, 7, '17', 1622357824, '85.249.29.30', 0, 0, 0, 0, 0),
(1544, 7, '63', 1622367333, '185.188.98.90', 0, 0, 0, 0, 0),
(1545, 16, '3', 1622367338, '85.249.29.30', 0, 0, 0, 0, 0),
(1546, 7, '64', 1622367381, '185.188.98.90', 0, 0, 0, 0, 0),
(1547, 7, '65', 1622367395, '185.188.98.90', 0, 0, 0, 0, 0),
(1548, 7, '67', 1622367436, '185.188.98.90', 0, 0, 0, 0, 0),
(1549, 7, '59', 1622369179, '95.153.129.166', 0, 0, 0, 0, 0),
(1550, 16, '2', 1622372302, '185.188.98.90', 0, 0, 0, 0, 0),
(1551, 9, '2', 1622372302, '0', 0, 0, 0, 0, 6),
(1552, 7, '67', 1622372314, '185.188.98.90', 0, 0, 0, 0, 0),
(1553, 7, '66', 1622372431, '185.188.98.90', 0, 0, 0, 0, 0),
(1554, 7, '66', 1622373530, '185.188.98.90', 0, 0, 0, 0, 0),
(1555, 16, '3', 1622374075, '85.249.29.30', 0, 0, 0, 0, 0),
(1556, 7, '68', 1622374081, '85.249.29.30', 0, 0, 0, 0, 0),
(1557, 7, '69', 1622374236, '185.188.98.90', 0, 0, 0, 0, 0),
(1558, 16, '3', 1622374626, '81.222.190.107', 0, 0, 0, 0, 0),
(1559, 7, '68', 1622374630, '81.222.190.107', 0, 0, 0, 0, 0),
(1560, 7, '69', 1622374640, '81.222.190.107', 0, 0, 0, 0, 0),
(1561, 3, '69', 1622374665, '81.222.190.107', 0, 0, 0, 0, 0),
(1562, 7, '67', 1622374666, '81.222.190.107', 0, 0, 0, 0, 0),
(1563, 16, '3', 1622378345, '85.249.24.136', 0, 0, 0, 0, 0),
(1564, 9, '0', 1622378345, '0', 0, 0, 0, 0, 8),
(1565, 16, '1', 1622385038, '95.153.129.156', 0, 0, 0, 0, 0),
(1566, 9, '2', 1622385038, '1', 0, 0, 82, 0, 2),
(1567, 16, '3', 1622387980, '85.140.6.134', 0, 0, 0, 0, 0),
(1568, 9, '0', 1622387980, '0', 0, 0, 0, 0, 8),
(1569, 7, '10', 1622388016, '85.140.6.134', 0, 0, 0, 0, 0),
(1570, 7, '69', 1622395599, '109.111.148.209', 0, 0, 0, 0, 0),
(1571, 16, '8', 1622395804, '109.111.148.209', 0, 0, 0, 0, 0),
(1572, 7, '68', 1622395838, '109.111.148.209', 0, 0, 0, 0, 0),
(1573, 7, '68', 1622411000, '185.188.98.90', 0, 0, 0, 0, 0),
(1574, 3, '69', 1622411042, '185.188.98.90', 0, 0, 0, 0, 0),
(1575, 16, '2', 1622411119, '185.188.98.90', 0, 0, 0, 0, 0),
(1576, 7, '69', 1622411122, '185.188.98.90', 0, 0, 0, 0, 0),
(1577, 7, '68', 1622411155, '185.188.98.90', 0, 0, 0, 0, 0),
(1578, 3, '68', 1622411159, '185.188.98.90', 0, 0, 0, 0, 0),
(1579, 16, '8', 1622450908, '109.111.148.209', 0, 0, 0, 0, 0),
(1580, 7, '6', 1622450950, '109.111.148.209', 0, 0, 0, 0, 0),
(1581, 7, '40', 1622450991, '109.111.148.209', 0, 0, 0, 0, 0),
(1582, 9, '0', 1622451308, '0', 0, 0, 145, 0, 21),
(1583, 7, '28', 1622451347, '109.111.148.209', 0, 0, 0, 0, 0),
(1584, 16, '2', 1622453677, '185.188.98.90', 0, 0, 0, 0, 0),
(1585, 7, '70', 1622453769, '185.188.98.90', 0, 0, 0, 0, 0),
(1586, 7, '32', 1622454162, '95.153.133.110', 0, 0, 0, 0, 0),
(1587, 7, '65', 1622454659, '5.101.215.57', 0, 0, 0, 0, 0),
(1588, 7, '22', 1622454683, '5.101.215.57', 0, 0, 0, 0, 0),
(1589, 7, '67', 1622454697, '5.101.215.57', 0, 0, 0, 0, 0),
(1590, 7, '27', 1622454811, '5.101.215.57', 0, 0, 0, 0, 0),
(1591, 7, '49', 1622454824, '185.188.98.90', 0, 0, 0, 0, 0),
(1592, 7, '20', 1622454839, '5.101.215.57', 0, 0, 0, 0, 0),
(1593, 7, '34', 1622454855, '5.101.215.57', 0, 0, 0, 0, 0),
(1594, 7, '42', 1622454914, '5.101.215.57', 0, 0, 0, 0, 0),
(1595, 7, '46', 1622454974, '5.101.215.57', 0, 0, 0, 0, 0),
(1596, 7, '31', 1622455023, '5.101.215.57', 0, 0, 0, 0, 0),
(1597, 7, '69', 1622455048, '5.101.215.57', 0, 0, 0, 0, 0),
(1598, 7, '49', 1622455671, '5.101.215.57', 0, 0, 0, 0, 0),
(1599, 7, '50', 1622455708, '5.101.215.57', 0, 0, 0, 0, 0),
(1600, 7, '10', 1622455775, '5.101.215.57', 0, 0, 0, 0, 0),
(1601, 7, '58', 1622455856, '5.101.215.57', 0, 0, 0, 0, 0),
(1602, 7, '63', 1622455956, '5.101.215.57', 0, 0, 0, 0, 0),
(1603, 7, '14', 1622456020, '5.101.215.57', 0, 0, 0, 0, 0),
(1604, 16, '8', 1622459313, '109.111.148.209', 0, 0, 0, 0, 0),
(1605, 7, '71', 1622459320, '109.111.148.209', 0, 0, 0, 0, 0),
(1606, 7, '70', 1622459454, '109.111.148.209', 0, 0, 0, 0, 0),
(1607, 7, '59', 1622459476, '109.111.148.209', 0, 0, 0, 0, 0),
(1608, 9, '3', 1622459566, '0', 0, 0, 0, 0, 21),
(1609, 16, '1', 1622476496, '95.153.133.122', 0, 0, 0, 0, 0),
(1610, 7, '70', 1622476505, '95.153.133.122', 0, 0, 0, 0, 0),
(1611, 7, '68', 1622476509, '95.153.133.122', 0, 0, 0, 0, 0),
(1612, 7, '69', 1622476571, '95.153.133.122', 0, 0, 0, 0, 0),
(1613, 7, '71', 1622476821, '95.153.133.122', 0, 0, 0, 0, 0),
(1614, 7, '71', 1622476877, '95.153.133.122', 0, 0, 0, 0, 0),
(1615, 7, '63', 1622478449, '95.153.133.122', 0, 0, 0, 0, 0),
(1616, 7, '17', 1622547740, '185.188.98.90', 0, 0, 0, 0, 0),
(1617, 16, '1', 1622562163, '95.153.132.201', 0, 0, 0, 0, 0),
(1618, 7, '49', 1622624063, '95.153.133.176', 0, 0, 0, 0, 0),
(1619, 16, '1', 1622636616, '95.153.131.61', 0, 0, 0, 0, 0),
(1620, 9, '13', 1622636616, '0', 1, 0, 243, 0, 2),
(1621, 7, '63', 1622636657, '95.153.131.61', 0, 0, 0, 0, 0),
(1622, 16, '1', 1622651442, '85.193.67.15', 0, 0, 0, 0, 0),
(1623, 9, '0', 1622651442, '0', 0, 0, 0, 0, 2),
(1624, 16, '1', 1622657694, '85.193.66.37', 0, 0, 0, 0, 0),
(1625, 9, '0', 1622657694, '0', 0, 0, 0, 0, 2),
(1626, 9, '10', 1622657828, '0', 1, 0, 21, 0, 2),
(1627, 7, '53', 1622700339, '5.101.215.57', 0, 0, 0, 0, 0),
(1628, 7, '43', 1622700414, '5.101.215.57', 0, 0, 0, 0, 0),
(1629, 7, '51', 1622700445, '5.101.215.57', 0, 0, 0, 0, 0),
(1630, 7, '5', 1622700508, '5.101.215.57', 0, 0, 0, 0, 0),
(1631, 7, '15', 1622700530, '5.101.215.57', 0, 0, 0, 0, 0),
(1632, 7, '39', 1622700567, '5.101.215.57', 0, 0, 0, 0, 0),
(1633, 7, '59', 1622700584, '5.101.215.57', 0, 0, 0, 0, 0),
(1634, 7, '68', 1622700603, '5.101.215.57', 0, 0, 0, 0, 0),
(1635, 7, '60', 1622700610, '5.101.215.57', 0, 0, 0, 0, 0),
(1636, 7, '61', 1622700631, '5.101.215.57', 0, 0, 0, 0, 0),
(1637, 7, '62', 1622700643, '5.101.215.57', 0, 0, 0, 0, 0),
(1638, 7, '64', 1622700705, '5.101.215.57', 0, 0, 0, 0, 0),
(1639, 7, '66', 1622700725, '5.101.215.57', 0, 0, 0, 0, 0),
(1640, 7, '70', 1622700776, '5.101.215.57', 0, 0, 0, 0, 0),
(1641, 7, '49', 1622700853, '5.101.215.57', 0, 0, 0, 0, 0),
(1642, 16, '1', 1622711061, '95.153.134.74', 0, 0, 0, 0, 0),
(1643, 7, '72', 1622711072, '95.153.134.74', 0, 0, 0, 0, 0),
(1644, 7, '72', 1622711077, '95.153.134.74', 0, 0, 0, 0, 0),
(1645, 9, '0', 1622711182, '0', 0, 0, 0, 0, 2),
(1646, 3, '72', 1622711184, '95.153.134.74', 0, 0, 0, 0, 0),
(1647, 3, '63', 1622711195, '95.153.134.74', 0, 0, 0, 0, 0),
(1648, 9, '10', 1622711515, '0', 1, 0, 0, 0, 2),
(1649, 7, '1', 1622711563, '95.153.134.74', 0, 0, 0, 0, 0),
(1650, 7, '13', 1622711570, '95.153.134.74', 0, 0, 0, 0, 0),
(1651, 7, '43', 1622711805, '95.153.134.74', 0, 0, 0, 0, 0),
(1652, 7, '46', 1622712005, '95.153.134.74', 0, 0, 0, 0, 0),
(1653, 7, '18', 1622714267, '95.153.134.74', 0, 0, 0, 0, 0),
(1654, 7, '71', 1622716644, '185.188.98.53', 0, 0, 0, 0, 0),
(1655, 16, '2', 1622718841, '185.188.98.53', 0, 0, 0, 0, 0),
(1656, 9, '0', 1622718841, '0', 0, 0, 100, 0, 6),
(1657, 16, '1', 1622725013, '95.153.134.85', 0, 0, 0, 0, 0),
(1658, 9, '0', 1622725013, '0', 0, 0, 0, 0, 2),
(1659, 16, '2', 1622731559, '185.188.98.53', 0, 0, 0, 0, 0),
(1660, 9, '0', 1622731559, '0', 0, 0, 0, 0, 6),
(1661, 7, '61', 1622781902, '85.193.66.91', 0, 0, 0, 0, 0),
(1662, 3, '61', 1622781922, '85.193.66.91', 0, 0, 0, 0, 0),
(1663, 16, '4', 1622781929, '85.193.66.91', 0, 0, 0, 0, 0),
(1664, 7, '61', 1622781932, '85.193.66.91', 0, 0, 0, 0, 0),
(1665, 7, '62', 1622781935, '85.193.66.91', 0, 0, 0, 0, 0),
(1666, 7, '63', 1622781959, '85.193.66.91', 0, 0, 0, 0, 0),
(1667, 7, '64', 1622781984, '85.193.66.91', 0, 0, 0, 0, 0),
(1668, 7, '65', 1622782025, '85.193.66.91', 0, 0, 0, 0, 0),
(1669, 7, '65', 1622782038, '85.193.66.91', 0, 0, 0, 0, 0),
(1670, 3, '65', 1622782041, '85.193.66.91', 0, 0, 0, 0, 0),
(1671, 7, '66', 1622782042, '85.193.66.91', 0, 0, 0, 0, 0),
(1672, 7, '67', 1622782072, '85.193.66.91', 0, 0, 0, 0, 0),
(1673, 7, '68', 1622782115, '85.193.66.91', 0, 0, 0, 0, 0),
(1674, 3, '68', 1622782131, '85.193.66.91', 0, 0, 0, 0, 0),
(1675, 7, '69', 1622782134, '85.193.66.91', 0, 0, 0, 0, 0),
(1676, 7, '70', 1622782151, '85.193.66.91', 0, 0, 0, 0, 0),
(1677, 7, '71', 1622784095, '194.147.50.122', 0, 0, 0, 0, 0),
(1678, 7, '72', 1622784147, '194.147.50.122', 0, 0, 0, 0, 0),
(1679, 16, '1', 1622797010, '95.153.132.63', 0, 0, 0, 0, 0),
(1680, 7, '72', 1622797021, '95.153.132.63', 0, 0, 0, 0, 0),
(1681, 9, '0', 1622797178, '0', 0, 0, 0, 0, 2),
(1682, 7, '67', 1622797349, '95.153.132.63', 0, 0, 0, 0, 0),
(1683, 3, '65', 1622797447, '95.153.132.63', 0, 0, 0, 0, 0),
(1684, 7, '65', 1622797448, '95.153.132.63', 0, 0, 0, 0, 0),
(1685, 7, '69', 1622799513, '185.188.98.53', 0, 0, 0, 0, 0),
(1686, 7, '65', 1622799522, '185.188.98.53', 0, 0, 0, 0, 0),
(1687, 3, '65', 1622799530, '185.188.98.53', 0, 0, 0, 0, 0),
(1688, 7, '19', 1622799560, '185.188.98.53', 0, 0, 0, 0, 0),
(1689, 7, '10', 1622799568, '185.188.98.53', 0, 0, 0, 0, 0),
(1690, 7, '16', 1622799738, '185.188.98.53', 0, 0, 0, 0, 0),
(1691, 7, '17', 1622799748, '185.188.98.53', 0, 0, 0, 0, 0),
(1692, 7, '72', 1622804127, '95.153.132.75', 0, 0, 0, 0, 0),
(1693, 16, '1', 1622804133, '95.153.132.75', 0, 0, 0, 0, 0),
(1694, 7, '24', 1622804328, '95.153.132.75', 0, 0, 0, 0, 0),
(1695, 7, '22', 1622804332, '95.153.132.75', 0, 0, 0, 0, 0),
(1696, 7, '19', 1622804347, '95.153.132.75', 0, 0, 0, 0, 0),
(1697, 4, '22', 1622804352, '95.153.132.75', 0, 0, 0, 0, 0),
(1698, 7, '17', 1622804356, '95.153.132.75', 0, 0, 0, 0, 0),
(1699, 16, '2', 1622808866, '185.188.98.53', 0, 0, 0, 0, 0),
(1700, 9, '0', 1622808866, '0', 0, 0, 0, 0, 6),
(1701, 7, '20', 1622808878, '185.188.98.53', 0, 0, 0, 0, 0),
(1702, 7, '34', 1622808880, '185.188.98.53', 0, 0, 0, 0, 0),
(1703, 16, '1', 1622837030, '95.153.168.43', 0, 0, 0, 0, 0),
(1704, 9, '0', 1622837201, '0', 0, 0, 117, 0, 2),
(1705, 7, '65', 1622843688, '185.188.98.53', 0, 0, 0, 0, 0),
(1706, 7, '71', 1622843709, '185.188.98.53', 0, 0, 0, 0, 0),
(1707, 7, '61', 1622843724, '185.188.98.53', 0, 0, 0, 0, 0),
(1708, 7, '68', 1622843741, '185.188.98.53', 0, 0, 0, 0, 0),
(1709, 6, 'TwoSteps', 1622889240, '213.149.26.137', 0, 0, 0, 0, 0),
(1710, 2, 'TwoSteps', 1622889249, '213.149.26.137', 0, 0, 0, 0, 0),
(1711, 16, '8', 1622889254, '213.149.26.137', 0, 0, 0, 0, 0),
(1712, 9, '-47', 1622889254, '0', -2, -4, -703, 0, 21),
(1713, 7, '72', 1622889273, '213.149.26.137', 0, 0, 0, 0, 0),
(1714, 7, '10', 1622889285, '185.188.98.53', 0, 0, 0, 0, 0),
(1715, 7, '70', 1622889305, '213.149.26.137', 0, 0, 0, 0, 0),
(1716, 7, '71', 1622889400, '213.149.26.137', 0, 0, 0, 0, 0),
(1717, 7, '67', 1622889454, '213.149.26.137', 0, 0, 0, 0, 0),
(1718, 7, '61', 1622889475, '213.149.26.137', 0, 0, 0, 0, 0),
(1719, 7, '64', 1622889528, '213.149.26.137', 0, 0, 0, 0, 0),
(1720, 7, '62', 1622889553, '213.149.26.137', 0, 0, 0, 0, 0),
(1721, 7, '46', 1622893030, '95.153.128.249', 0, 0, 0, 0, 0),
(1722, 16, '1', 1622893037, '95.153.128.249', 0, 0, 0, 0, 0),
(1723, 7, '46', 1622893038, '95.153.128.249', 0, 0, 0, 0, 0),
(1724, 16, '8', 1622893998, '213.149.26.137', 0, 0, 0, 0, 0),
(1725, 7, '14', 1622894012, '213.149.26.137', 0, 0, 0, 0, 0),
(1726, 16, '2', 1622901317, '185.188.98.53', 0, 0, 0, 0, 0),
(1727, 9, '0', 1622901317, '0', 0, 0, 0, 0, 6),
(1728, 16, '8', 1622916808, '213.149.26.137', 0, 0, 0, 0, 0),
(1729, 9, '3', 1622917037, '6', 0, 0, 117, 0, 21),
(1730, 7, '73', 1622918779, '185.188.98.53', 0, 0, 0, 0, 0),
(1731, 3, '73', 1622918783, '185.188.98.53', 0, 0, 0, 0, 0),
(1732, 16, '2', 1622918787, '185.188.98.53', 0, 0, 0, 0, 0),
(1733, 7, '73', 1622958783, '95.153.135.204', 0, 0, 0, 0, 0),
(1734, 16, '1', 1622966553, '95.153.134.52', 0, 0, 0, 0, 0),
(1735, 7, '73', 1622966554, '95.153.134.52', 0, 0, 0, 0, 0),
(1736, 7, '49', 1622966587, '95.153.134.52', 0, 0, 0, 0, 0),
(1737, 9, '41', 1622966914, '0', -5, 0, 77, 0, 2),
(1738, 7, '35', 1622967045, '95.153.134.52', 0, 0, 0, 0, 0),
(1739, 7, '31', 1622967055, '95.153.134.52', 0, 0, 0, 0, 0),
(1740, 7, '24', 1622967100, '95.153.134.52', 0, 0, 0, 0, 0),
(1741, 7, '18', 1622967134, '95.153.134.52', 0, 0, 0, 0, 0),
(1742, 7, '14', 1622967147, '95.153.134.52', 0, 0, 0, 0, 0),
(1743, 7, '1', 1622967151, '95.153.134.52', 0, 0, 0, 0, 0),
(1744, 3, '61', 1622967309, '95.153.134.52', 0, 0, 0, 0, 0),
(1745, 7, '72', 1622967441, '95.153.134.52', 0, 0, 0, 0, 0),
(1746, 7, '72', 1622984068, '185.188.98.53', 0, 0, 0, 0, 0),
(1747, 7, '59', 1622984255, '185.188.98.53', 0, 0, 0, 0, 0),
(1748, 16, '3', 1622994181, '193.176.157.98', 0, 0, 0, 0, 0),
(1749, 9, '0', 1622994181, '0', 0, 0, 0, 0, 8),
(1750, 7, '8', 1622994379, '193.176.157.98', 0, 0, 0, 0, 0),
(1751, 7, '35', 1622994530, '193.176.157.98', 0, 0, 0, 0, 0),
(1752, 7, '33', 1622994565, '193.176.157.98', 0, 0, 0, 0, 0),
(1753, 7, '12', 1622994610, '193.176.157.98', 0, 0, 0, 0, 0),
(1754, 7, '31', 1622994623, '193.176.157.98', 0, 0, 0, 0, 0),
(1755, 7, '21', 1622994653, '193.176.157.98', 0, 0, 0, 0, 0),
(1756, 16, '3', 1623000596, '193.176.157.98', 0, 0, 0, 0, 0),
(1757, 9, '0', 1623000596, '0', 0, 0, 0, 0, 8),
(1758, 7, '16', 1623000662, '193.176.157.98', 0, 0, 0, 0, 0),
(1759, 7, '11', 1623006627, '95.153.160.216', 0, 0, 0, 0, 0),
(1760, 7, '63', 1623060504, '95.153.161.235', 0, 0, 0, 0, 0),
(1761, 16, '2', 1623076662, '185.188.98.53', 0, 0, 0, 0, 0),
(1762, 9, '0', 1623076662, '0', 0, 0, 0, 0, 6),
(1763, 7, '62', 1623076679, '185.188.98.53', 0, 0, 0, 0, 0),
(1764, 16, '1', 1623077840, '95.153.133.29', 0, 0, 0, 0, 0),
(1765, 7, '74', 1623077844, '95.153.133.29', 0, 0, 0, 0, 0),
(1766, 16, '5', 1623146729, '193.108.104.132', 0, 0, 0, 0, 0),
(1767, 16, '1', 1623168965, '95.153.129.84', 0, 0, 0, 0, 0),
(1768, 9, '3', 1623168965, '0', 0, 0, 0, 0, 2),
(1769, 3, '74', 1623168966, '95.153.129.84', 0, 0, 0, 0, 0),
(1770, 16, '1', 1623174855, '95.153.134.86', 0, 0, 0, 0, 0),
(1771, 9, '0', 1623174855, '0', 0, 0, 7, 0, 2),
(1772, 16, '1', 1623184995, '95.153.134.52', 0, 0, 0, 0, 0);
INSERT INTO `actions` (`ID`, `type`, `value`, `timestamp`, `value2`, `value3`, `value4`, `value5`, `value6`, `account`) VALUES
(1773, 9, '0', 1623185030, '0', 0, 0, 34, 0, 2),
(1774, 7, '35', 1623185080, '95.153.134.52', 0, 0, 0, 0, 0),
(1775, 7, '48', 1623185165, '95.153.134.52', 0, 0, 0, 0, 0),
(1776, 7, '1', 1623185200, '95.153.134.52', 0, 0, 0, 0, 0),
(1777, 16, '1', 1623257758, '95.153.133.62', 0, 0, 0, 0, 0),
(1778, 9, '6', 1623257841, '3', 0, 0, 0, 0, 2),
(1779, 7, '74', 1623257883, '95.153.133.62', 0, 0, 0, 0, 0),
(1780, 7, '74', 1623257885, '95.153.133.62', 0, 0, 0, 0, 0),
(1781, 7, '50', 1623259142, '95.153.133.62', 0, 0, 0, 0, 0),
(1782, 7, '74', 1623329947, '185.188.98.53', 0, 0, 0, 0, 0),
(1783, 16, '1', 1623408007, '95.153.171.106', 0, 0, 0, 0, 0),
(1784, 9, '0', 1623408027, '0', 0, 0, 96, 0, 2),
(1785, 7, '73', 1623523286, '193.106.185.34', 0, 0, 0, 0, 0),
(1786, 3, '73', 1623523304, '193.106.185.34', 0, 0, 0, 0, 0),
(1787, 16, '4', 1623523310, '193.106.185.34', 0, 0, 0, 0, 0),
(1788, 7, '73', 1623523312, '193.106.185.34', 0, 0, 0, 0, 0),
(1789, 7, '74', 1623523315, '193.106.185.34', 0, 0, 0, 0, 0),
(1790, 3, '74', 1623523341, '193.106.185.34', 0, 0, 0, 0, 0),
(1791, 9, '0', 1623657830, '0', 0, 0, 0, 0, 22),
(1792, 7, '69', 1623667409, '85.113.213.65', 0, 0, 0, 0, 0),
(1793, 16, '1', 1623691921, '2.56.25.31', 0, 0, 0, 0, 0),
(1794, 7, '75', 1623691926, '2.56.25.31', 0, 0, 0, 0, 0),
(1795, 7, '75', 1623741325, '85.113.213.65', 0, 0, 0, 0, 0),
(1796, 16, '2', 1623742826, '85.113.213.65', 0, 0, 0, 0, 0),
(1797, 7, '72', 1623743063, '85.113.213.65', 0, 0, 0, 0, 0),
(1798, 7, '72', 1623754757, '95.153.133.254', 0, 0, 0, 0, 0),
(1799, 16, '1', 1623754780, '95.153.133.254', 0, 0, 0, 0, 0),
(1800, 7, '77', 1623755783, '95.153.133.254', 0, 0, 0, 0, 0),
(1801, 7, '78', 1623755789, '95.153.133.254', 0, 0, 0, 0, 0),
(1802, 2, 'danya228666', 1623756092, '185.15.37.56', 0, 0, 0, 0, 0),
(1803, 16, '9', 1623756101, '185.15.37.56', 0, 0, 0, 0, 0),
(1804, 9, '0', 1623756102, '0', 0, 0, 0, 0, 23),
(1805, 7, '77', 1623756136, '185.15.37.56', 0, 0, 0, 0, 0),
(1806, 7, '75', 1623756369, '185.15.37.56', 0, 0, 0, 0, 0),
(1807, 3, '75', 1623756551, '185.15.37.56', 0, 0, 0, 0, 0),
(1808, 3, '77', 1623756556, '185.15.37.56', 0, 0, 0, 0, 0),
(1809, 7, '78', 1623756558, '185.15.37.56', 0, 0, 0, 0, 0),
(1810, 3, '78', 1623756559, '185.15.37.56', 0, 0, 0, 0, 0),
(1811, 7, '74', 1623756562, '185.15.37.56', 0, 0, 0, 0, 0),
(1812, 3, '74', 1623756564, '185.15.37.56', 0, 0, 0, 0, 0),
(1813, 7, '72', 1623756565, '185.15.37.56', 0, 0, 0, 0, 0),
(1814, 3, '72', 1623756567, '185.15.37.56', 0, 0, 0, 0, 0),
(1815, 7, '63', 1623756569, '185.15.37.56', 0, 0, 0, 0, 0),
(1816, 3, '63', 1623756570, '185.15.37.56', 0, 0, 0, 0, 0),
(1817, 7, '14', 1623756580, '185.15.37.56', 0, 0, 0, 0, 0),
(1818, 3, '14', 1623756582, '185.15.37.56', 0, 0, 0, 0, 0),
(1819, 7, '46', 1623756586, '185.15.37.56', 0, 0, 0, 0, 0),
(1820, 3, '46', 1623756588, '185.15.37.56', 0, 0, 0, 0, 0),
(1821, 7, '43', 1623756590, '185.15.37.56', 0, 0, 0, 0, 0),
(1822, 3, '43', 1623756592, '185.15.37.56', 0, 0, 0, 0, 0),
(1823, 7, '51', 1623756593, '185.15.37.56', 0, 0, 0, 0, 0),
(1824, 3, '51', 1623756595, '185.15.37.56', 0, 0, 0, 0, 0),
(1825, 7, '52', 1623756597, '185.15.37.56', 0, 0, 0, 0, 0),
(1826, 3, '52', 1623756598, '185.15.37.56', 0, 0, 0, 0, 0),
(1827, 7, '42', 1623756603, '185.15.37.56', 0, 0, 0, 0, 0),
(1828, 3, '42', 1623756605, '185.15.37.56', 0, 0, 0, 0, 0),
(1829, 7, '40', 1623756606, '185.15.37.56', 0, 0, 0, 0, 0),
(1830, 3, '40', 1623756608, '185.15.37.56', 0, 0, 0, 0, 0),
(1831, 7, '39', 1623756609, '185.15.37.56', 0, 0, 0, 0, 0),
(1832, 3, '39', 1623756610, '185.15.37.56', 0, 0, 0, 0, 0),
(1833, 7, '35', 1623756612, '185.15.37.56', 0, 0, 0, 0, 0),
(1834, 3, '35', 1623756614, '185.15.37.56', 0, 0, 0, 0, 0),
(1835, 7, '34', 1623756616, '185.15.37.56', 0, 0, 0, 0, 0),
(1836, 3, '34', 1623756617, '185.15.37.56', 0, 0, 0, 0, 0),
(1837, 7, '31', 1623756619, '185.15.37.56', 0, 0, 0, 0, 0),
(1838, 3, '31', 1623756621, '185.15.37.56', 0, 0, 0, 0, 0),
(1839, 7, '24', 1623756623, '185.15.37.56', 0, 0, 0, 0, 0),
(1840, 3, '24', 1623756624, '185.15.37.56', 0, 0, 0, 0, 0),
(1841, 7, '18', 1623756626, '185.15.37.56', 0, 0, 0, 0, 0),
(1842, 3, '18', 1623756628, '185.15.37.56', 0, 0, 0, 0, 0),
(1843, 7, '2', 1623756630, '185.15.37.56', 0, 0, 0, 0, 0),
(1844, 3, '2', 1623756631, '185.15.37.56', 0, 0, 0, 0, 0),
(1845, 7, '1', 1623756634, '185.15.37.56', 0, 0, 0, 0, 0),
(1846, 3, '1', 1623756636, '185.15.37.56', 0, 0, 0, 0, 0),
(1847, 9, '0', 1623756811, '0', 0, 1, 0, 0, 2),
(1848, 7, '43', 1623756895, '95.153.133.254', 0, 0, 0, 0, 0),
(1849, 7, '11', 1623756907, '185.15.37.56', 0, 0, 0, 0, 0),
(1850, 9, '18', 1623757055, '0', 1, 1, 0, 0, 23),
(1851, 7, '52', 1623757164, '95.153.133.254', 0, 0, 0, 0, 0),
(1852, 7, '76', 1623757424, '185.15.37.56', 0, 0, 0, 0, 0),
(1853, 7, '76', 1623757449, '185.15.37.56', 0, 0, 0, 0, 0),
(1854, 7, '73', 1623757501, '185.15.37.56', 0, 0, 0, 0, 0),
(1855, 7, '71', 1623757504, '185.15.37.56', 0, 0, 0, 0, 0),
(1856, 7, '26', 1623757555, '185.15.37.56', 0, 0, 0, 0, 0),
(1857, 7, '36', 1623757569, '185.15.37.56', 0, 0, 0, 0, 0),
(1858, 7, '59', 1623757760, '95.153.133.254', 0, 0, 0, 0, 0),
(1859, 9, '4', 1623758244, '2', 0, 0, 35, 0, 23),
(1860, 9, '0', 1623763754, '0', 0, 0, 0, 0, 22),
(1861, 7, '78', 1623763760, '185.15.37.203', 0, 0, 0, 0, 0),
(1862, 7, '77', 1623763912, '185.15.37.203', 0, 0, 0, 0, 0),
(1863, 7, '72', 1623763952, '185.15.37.203', 0, 0, 0, 0, 0),
(1864, 7, '52', 1623764047, '185.15.37.203', 0, 0, 0, 0, 0),
(1865, 16, '9', 1623773639, '2.56.24.57', 0, 0, 0, 0, 0),
(1866, 9, '2', 1623774204, '1', 0, 0, 37, 0, 23),
(1867, 7, '14', 1623774261, '2.56.24.57', 0, 0, 0, 0, 0),
(1868, 7, '63', 1623774270, '2.56.24.57', 0, 0, 0, 0, 0),
(1869, 7, '72', 1623774279, '2.56.24.57', 0, 0, 0, 0, 0),
(1870, 7, '15', 1623774420, '2.56.24.57', 0, 0, 0, 0, 0),
(1871, 7, '13', 1623774476, '2.56.24.57', 0, 0, 0, 0, 0),
(1872, 16, '9', 1623820096, '185.15.37.1', 0, 0, 0, 0, 0),
(1873, 9, '12', 1623820096, '2', 0, 3, 0, 0, 23),
(1874, 16, '9', 1623825415, '185.15.37.1', 0, 0, 0, 0, 0),
(1875, 2, 'GDsasheg', 1623825463, '185.15.37.1', 0, 0, 0, 0, 0),
(1876, 16, '1', 1623825469, '185.15.37.1', 0, 0, 0, 0, 0),
(1877, 9, '-412', 1623825469, '-51', -10, -31, -4174, 0, 2),
(1878, 9, '389', 1623825482, '40', 10, 30, 4044, 0, 2),
(1879, 7, '79', 1623825503, '185.15.37.1', 0, 0, 0, 0, 0),
(1880, 7, '76', 1623825511, '185.15.37.1', 0, 0, 0, 0, 0),
(1881, 7, '76', 1623825519, '185.15.37.1', 0, 0, 0, 0, 0),
(1882, 9, '0', 1623825564, '0', 0, 0, 0, 0, 3),
(1883, 7, '68', 1623825622, '185.15.37.1', 0, 0, 0, 0, 0),
(1884, 7, '65', 1623825654, '185.15.37.1', 0, 0, 0, 0, 0),
(1885, 7, '53', 1623825695, '185.15.37.1', 0, 0, 0, 0, 0),
(1886, 7, '28', 1623825784, '185.15.37.1', 0, 0, 0, 0, 0),
(1887, 7, '22', 1623825867, '185.15.37.1', 0, 0, 0, 0, 0),
(1888, 7, '19', 1623825884, '185.15.37.1', 0, 0, 0, 0, 0),
(1889, 16, '1', 1623825971, '95.153.170.154', 0, 0, 0, 0, 0),
(1890, 9, '27', 1623825995, '11', 0, 1, 139, 0, 2),
(1891, 9, '2', 1623826007, '0', 0, 0, 0, 0, 3),
(1892, 7, '79', 1623826025, '185.15.37.1', 0, 0, 0, 0, 0),
(1893, 7, '77', 1623826057, '95.153.170.154', 0, 0, 0, 0, 0),
(1894, 3, '79', 1623826170, '185.15.37.1', 0, 0, 0, 0, 0),
(1895, 7, '48', 1623826194, '185.15.37.1', 0, 0, 0, 0, 0),
(1896, 7, '6', 1623826233, '95.153.170.154', 0, 0, 0, 0, 0),
(1897, 9, '3', 1623826330, '0', 0, 0, 88, 0, 2),
(1898, 7, '41', 1623826427, '95.153.170.154', 0, 0, 0, 0, 0),
(1899, 7, '44', 1623826437, '185.15.37.1', 0, 0, 0, 0, 0),
(1900, 7, '44', 1623826457, '95.153.170.154', 0, 0, 0, 0, 0),
(1901, 7, '15', 1623826499, '95.153.170.154', 0, 0, 0, 0, 0),
(1902, 7, '53', 1623826514, '95.153.170.154', 0, 0, 0, 0, 0),
(1903, 7, '79', 1623827204, '95.153.170.154', 0, 0, 0, 0, 0),
(1904, 3, '79', 1623827206, '95.153.170.154', 0, 0, 0, 0, 0),
(1905, 7, '79', 1623827206, '95.153.170.154', 0, 0, 0, 0, 0),
(1906, 9, '2', 1623827405, '0', 0, 0, 0, 0, 2),
(1907, 7, '76', 1623827422, '95.153.170.154', 0, 0, 0, 0, 0),
(1908, 16, '8', 1623839188, '109.111.140.214', 0, 0, 0, 0, 0),
(1909, 7, '22', 1623839210, '109.111.140.214', 0, 0, 0, 0, 0),
(1910, 7, '5', 1623839437, '109.111.140.214', 0, 0, 0, 0, 0),
(1911, 7, '79', 1623840591, '85.113.213.65', 0, 0, 0, 0, 0),
(1912, 7, '76', 1623840612, '85.113.213.65', 0, 0, 0, 0, 0),
(1913, 7, '77', 1623840645, '85.113.213.65', 0, 0, 0, 0, 0),
(1914, 16, '2', 1623840697, '85.113.213.65', 0, 0, 0, 0, 0),
(1915, 7, '78', 1623840701, '85.113.213.65', 0, 0, 0, 0, 0),
(1916, 16, '8', 1623848209, '109.111.140.214', 0, 0, 0, 0, 0),
(1917, 7, '80', 1623850201, '109.111.140.214', 0, 0, 0, 0, 0),
(1918, 7, '80', 1623850269, '85.113.213.65', 0, 0, 0, 0, 0),
(1919, 7, '80', 1623850273, '109.111.140.214', 0, 0, 0, 0, 0),
(1920, 7, '80', 1623850436, '85.113.213.65', 0, 0, 0, 0, 0),
(1921, 7, '58', 1623851825, '109.111.140.214', 0, 0, 0, 0, 0),
(1922, 7, '8', 1623851899, '109.111.140.214', 0, 0, 0, 0, 0),
(1923, 7, '19', 1623851969, '109.111.140.214', 0, 0, 0, 0, 0),
(1924, 7, '49', 1623851984, '109.111.140.214', 0, 0, 0, 0, 0),
(1925, 7, '73', 1623867282, '85.113.213.65', 0, 0, 0, 0, 0),
(1926, 16, '2', 1623867345, '85.113.213.65', 0, 0, 0, 0, 0),
(1927, 9, '7', 1623867345, '0', 0, 0, 1, 0, 6),
(1928, 16, '1', 1623912935, '95.153.170.121', 0, 0, 0, 0, 0),
(1929, 9, '2', 1623912935, '0', 0, 0, 0, 0, 2),
(1930, 7, '78', 1623912939, '95.153.170.121', 0, 0, 0, 0, 0),
(1931, 7, '80', 1623913464, '95.153.170.121', 0, 0, 0, 0, 0),
(1932, 16, '1', 1623913770, '95.153.168.57', 0, 0, 0, 0, 0),
(1933, 7, '80', 1623913782, '95.153.168.57', 0, 0, 0, 0, 0),
(1934, 9, '4', 1623913852, '0', 0, 0, 9, 0, 2),
(1935, 3, '80', 1623913857, '95.153.168.57', 0, 0, 0, 0, 0),
(1936, 7, '79', 1623938701, '85.249.161.13', 0, 0, 0, 0, 0),
(1937, 16, '3', 1623938720, '85.249.161.13', 0, 0, 0, 0, 0),
(1938, 9, '0', 1623938839, '0', 0, 0, 77, 0, 8),
(1939, 7, '7', 1623938871, '85.249.161.13', 0, 0, 0, 0, 0),
(1940, 7, '27', 1623938928, '85.249.161.13', 0, 0, 0, 0, 0),
(1941, 7, '43', 1623938934, '85.249.161.13', 0, 0, 0, 0, 0),
(1942, 16, '3', 1623943853, '85.249.161.13', 0, 0, 0, 0, 0),
(1943, 9, '0', 1623943853, '0', 0, 0, 0, 0, 8),
(1944, 7, '7', 1623943872, '85.249.161.13', 0, 0, 0, 0, 0),
(1945, 7, '76', 1623943907, '85.249.161.13', 0, 0, 0, 0, 0),
(1946, 7, '44', 1623943939, '85.249.161.13', 0, 0, 0, 0, 0),
(1947, 7, '41', 1623943959, '85.249.161.13', 0, 0, 0, 0, 0),
(1948, 7, '15', 1623943961, '85.249.161.13', 0, 0, 0, 0, 0),
(1949, 7, '48', 1623944457, '85.249.161.13', 0, 0, 0, 0, 0),
(1950, 9, '4', 1623944618, '0', 0, 3, 0, 0, 8),
(1951, 7, '2', 1623945003, '85.249.161.13', 0, 0, 0, 0, 0),
(1952, 7, '14', 1623945085, '85.249.161.13', 0, 0, 0, 0, 0),
(1953, 7, '18', 1623945239, '85.249.161.13', 0, 0, 0, 0, 0),
(1954, 9, '5', 1623945355, '0', 0, 1, 7, 0, 8),
(1955, 7, '31', 1623945459, '85.249.161.13', 0, 0, 0, 0, 0),
(1956, 7, '1', 1623945497, '85.249.161.13', 0, 0, 0, 0, 0),
(1957, 7, '21', 1623945595, '85.249.161.13', 0, 0, 0, 0, 0),
(1958, 7, '75', 1623945612, '85.249.161.13', 0, 0, 0, 0, 0),
(1959, 7, '72', 1623945631, '85.249.161.13', 0, 0, 0, 0, 0),
(1960, 7, '74', 1623945633, '85.249.161.13', 0, 0, 0, 0, 0),
(1961, 7, '51', 1623945655, '85.249.161.13', 0, 0, 0, 0, 0),
(1962, 3, '51', 1623945669, '85.249.161.13', 0, 0, 0, 0, 0),
(1963, 7, '14', 1623945688, '85.249.161.13', 0, 0, 0, 0, 0),
(1964, 7, '18', 1623945698, '85.249.161.13', 0, 0, 0, 0, 0),
(1965, 3, '2', 1623945747, '85.249.161.13', 0, 0, 0, 0, 0),
(1966, 3, '1', 1623945751, '85.249.161.13', 0, 0, 0, 0, 0),
(1967, 7, '42', 1623945773, '85.249.161.13', 0, 0, 0, 0, 0),
(1968, 7, '34', 1623945818, '85.249.161.13', 0, 0, 0, 0, 0),
(1969, 7, '80', 1623946006, '85.249.161.13', 0, 0, 0, 0, 0),
(1970, 7, '64', 1623946066, '85.249.161.13', 0, 0, 0, 0, 0),
(1971, 7, '62', 1623946091, '85.249.161.13', 0, 0, 0, 0, 0),
(1972, 7, '61', 1623946115, '85.249.161.13', 0, 0, 0, 0, 0),
(1973, 7, '59', 1623946132, '85.249.161.13', 0, 0, 0, 0, 0),
(1974, 7, '58', 1623946158, '85.249.161.13', 0, 0, 0, 0, 0),
(1975, 7, '71', 1623946175, '85.249.161.13', 0, 0, 0, 0, 0),
(1976, 7, '70', 1623946221, '85.249.161.13', 0, 0, 0, 0, 0),
(1977, 3, '67', 1623946261, '85.249.161.13', 0, 0, 0, 0, 0),
(1978, 7, '68', 1624016490, '85.113.213.65', 0, 0, 0, 0, 0),
(1979, 7, '67', 1624016555, '85.113.213.65', 0, 0, 0, 0, 0),
(1980, 7, '75', 1624018457, '85.193.67.29', 0, 0, 0, 0, 0),
(1981, 3, '76', 1624018518, '85.193.67.29', 0, 0, 0, 0, 0),
(1982, 7, '77', 1624018518, '85.193.67.29', 0, 0, 0, 0, 0),
(1983, 7, '78', 1624018527, '85.193.67.29', 0, 0, 0, 0, 0),
(1984, 7, '80', 1624018528, '85.193.67.29', 0, 0, 0, 0, 0),
(1985, 3, '80', 1624018529, '85.193.67.29', 0, 0, 0, 0, 0),
(1986, 7, '76', 1624018853, '85.193.67.29', 0, 0, 0, 0, 0),
(1987, 7, '75', 1624029838, '95.153.132.26', 0, 0, 0, 0, 0),
(1988, 7, '35', 1624037306, '193.106.185.34', 0, 0, 0, 0, 0),
(1989, 7, '33', 1624037320, '193.106.185.34', 0, 0, 0, 0, 0),
(1990, 16, '2', 1624042660, '85.113.213.65', 0, 0, 0, 0, 0),
(1991, 7, '81', 1624042708, '85.113.213.65', 0, 0, 0, 0, 0),
(1992, 3, '81', 1624044910, '85.113.213.65', 0, 0, 0, 0, 0),
(1993, 16, '1', 1624091731, '185.104.7.96', 0, 0, 0, 0, 0),
(1994, 7, '82', 1624097315, '185.104.7.96', 0, 0, 0, 0, 0),
(1995, 16, '1', 1624097329, '185.104.7.96', 0, 0, 0, 0, 0),
(1996, 7, '82', 1624113696, '85.113.213.209', 0, 0, 0, 0, 0),
(1997, 7, '82', 1624113869, '85.113.213.209', 0, 0, 0, 0, 0),
(1998, 9, '3', 1624122972, '3', 0, 0, 0, 0, 3),
(1999, 16, '8', 1624131935, '109.111.145.118', 0, 0, 0, 0, 0),
(2000, 7, '81', 1624131954, '109.111.145.118', 0, 0, 0, 0, 0),
(2001, 7, '81', 1624132244, '109.111.145.118', 0, 0, 0, 0, 0),
(2002, 2, 'mastergame', 1624142161, '185.15.37.57', 0, 0, 0, 0, 0),
(2003, 16, '10', 1624142181, '185.15.37.57', 0, 0, 0, 0, 0),
(2004, 9, '0', 1624142181, '0', 0, 0, 0, 0, 24),
(2005, 7, '6', 1624142193, '185.15.37.57', 0, 0, 0, 0, 0),
(2006, 7, '1', 1624142277, '185.15.37.57', 0, 0, 0, 0, 0),
(2007, 7, '8', 1624142291, '185.15.37.57', 0, 0, 0, 0, 0),
(2008, 7, '49', 1624142340, '185.15.37.57', 0, 0, 0, 0, 0),
(2009, 7, '63', 1624142351, '185.15.37.57', 0, 0, 0, 0, 0),
(2010, 7, '72', 1624142407, '185.15.37.57', 0, 0, 0, 0, 0),
(2011, 7, '80', 1624142409, '185.15.37.57', 0, 0, 0, 0, 0),
(2012, 7, '32', 1624142456, '185.15.37.57', 0, 0, 0, 0, 0),
(2013, 7, '50', 1624142555, '185.15.37.57', 0, 0, 0, 0, 0),
(2014, 16, '8', 1624168462, '109.111.145.118', 0, 0, 0, 0, 0),
(2015, 7, '75', 1624170791, '85.113.213.209', 0, 0, 0, 0, 0),
(2016, 16, '2', 1624170872, '85.113.213.209', 0, 0, 0, 0, 0),
(2017, 9, '8', 1624170873, '0', 0, 0, 0, 0, 6),
(2018, 7, '71', 1624170889, '85.113.213.209', 0, 0, 0, 0, 0),
(2019, 7, '81', 1624175624, '185.104.7.96', 0, 0, 0, 0, 0),
(2020, 16, '10', 1624176120, '185.15.37.57', 0, 0, 0, 0, 0),
(2021, 9, '10', 1624176120, '0', 1, 0, 0, 0, 24),
(2022, 7, '5', 1624176374, '185.15.37.57', 0, 0, 0, 0, 0),
(2023, 9, '0', 1624179276, '0', 0, 0, 0, 0, 24),
(2024, 16, '10', 1624183358, '185.15.37.57', 0, 0, 0, 0, 0),
(2025, 9, '0', 1624183359, '0', 0, 0, 0, 0, 24),
(2026, 7, '14', 1624183366, '185.15.37.57', 0, 0, 0, 0, 0),
(2027, 9, '3', 1624183477, '0', 0, 0, 0, 0, 24),
(2028, 9, '10', 1624183666, '0', 1, 0, 0, 0, 24),
(2029, 9, '10', 1624183930, '3', 0, 0, 0, 0, 24),
(2030, 7, '40', 1624183942, '185.15.37.57', 0, 0, 0, 0, 0),
(2031, 9, '2', 1624184104, '0', 0, 0, 0, 0, 24),
(2032, 9, '12', 1624184354, '2', 0, 0, 69, 0, 24),
(2033, 7, '14', 1624184397, '185.15.37.57', 0, 0, 0, 0, 0),
(2034, 7, '18', 1624184474, '185.15.37.57', 0, 0, 0, 0, 0),
(2035, 7, '31', 1624185357, '185.15.37.57', 0, 0, 0, 0, 0),
(2036, 16, '8', 1624186433, '109.111.145.118', 0, 0, 0, 0, 0),
(2037, 7, '20', 1624187232, '185.15.37.57', 0, 0, 0, 0, 0),
(2038, 7, '7', 1624188357, '185.15.37.57', 0, 0, 0, 0, 0),
(2039, 7, '76', 1624191015, '185.15.37.57', 0, 0, 0, 0, 0),
(2040, 7, '81', 1624191086, '185.15.37.57', 0, 0, 0, 0, 0),
(2041, 16, '8', 1624192455, '109.111.145.118', 0, 0, 0, 0, 0),
(2042, 7, '60', 1624192530, '109.111.145.118', 0, 0, 0, 0, 0),
(2043, 7, '66', 1624192625, '109.111.145.118', 0, 0, 0, 0, 0);

-- --------------------------------------------------------

--
-- Структура таблицы `bannedips`
--

CREATE TABLE `bannedips` (
  `IP` varchar(255) COLLATE utf8_unicode_ci NOT NULL DEFAULT '127.0.0.1',
  `ID` int(11) NOT NULL
) ENGINE=InnoDB DEFAULT CHARSET=utf8 COLLATE=utf8_unicode_ci;

-- --------------------------------------------------------

--
-- Структура таблицы `blocks`
--

CREATE TABLE `blocks` (
  `ID` int(11) NOT NULL,
  `person1` int(11) NOT NULL,
  `person2` int(11) NOT NULL
) ENGINE=InnoDB DEFAULT CHARSET=utf8 COLLATE=utf8_unicode_ci;

--
-- Дамп данных таблицы `blocks`
--

INSERT INTO `blocks` (`ID`, `person1`, `person2`) VALUES
(1, 6, 4);

-- --------------------------------------------------------

--
-- Структура таблицы `comments`
--

CREATE TABLE `comments` (
  `userID` int(11) NOT NULL,
  `userName` varchar(50) COLLATE utf8_unicode_ci NOT NULL,
  `comment` longtext COLLATE utf8_unicode_ci NOT NULL,
  `secret` varchar(10) COLLATE utf8_unicode_ci NOT NULL DEFAULT 'none',
  `levelID` int(11) NOT NULL,
  `commentID` int(11) NOT NULL,
  `timestamp` int(11) NOT NULL,
  `likes` int(11) NOT NULL DEFAULT 0,
  `percent` int(11) NOT NULL DEFAULT 0,
  `isSpam` tinyint(1) NOT NULL DEFAULT 0
) ENGINE=InnoDB DEFAULT CHARSET=utf8 COLLATE=utf8_unicode_ci;

--
-- Дамп данных таблицы `comments`
--

INSERT INTO `comments` (`userID`, `userName`, `comment`, `secret`, `levelID`, `commentID`, `timestamp`, `likes`, `percent`, `isSpam`) VALUES
(6, 'GDKipper', 'RWFzeSE=', 'none', 2, 1, 1617370705, 0, 100, 0),
(6, 'GDKipper', 'TWFkbmVzcyE=', 'none', 1, 2, 1617381738, 0, 0, 0),
(8, 'OJector', 'NyBhdHQgZ2cu', 'none', 1, 3, 1617717478, 0, 100, 0),
(8, 'OJector', 'Z2c=', 'none', 3, 4, 1617719217, 0, 100, 0),
(2, 'GDsasheg', 'NTMlIHBvc3NpYmxl', 'none', 3, 5, 1617777121, 0, 0, 0),
(8, 'OJector', 'T01HISEhISEhISEhIEZJUlNUIEVQSUMgT0ggU0hJVCEhIFRIQU5LIFlPVSBBTEwgR1VZUyEhISE=', 'none', 7, 7, 1617850398, 1, 100, 0),
(2, 'GDsasheg', 'Z2cgMyBjb2lu', 'none', 9, 9, 1618059540, 0, 59, 0),
(6, 'GDKipper', 'Y29wZSArIHBhc3RlLiBTdGFyIHJlaXQgaWxpIEZlYXRodXJlZC4gWWEgdXlkdSBzIHNlcnZlcmEgZXNsaSBldG8gZXBpYy4=', 'none', 10, 10, 1618064072, -2, 6, 0),
(2, 'GDsasheg', 'Z2c=', 'none', 2, 13, 1618203551, 0, 100, 0),
(8, 'OJector', 'ZGllIHlvdXIgZnVja2luZyBiaXRjaA==', 'none', 12, 15, 1618317614, -1, 0, 0),
(2, 'GDsasheg', 'd293', 'none', 20, 19, 1618668150, 0, 0, 0),
(2, 'GDsasheg', 'Ll8uIHdoYXQgaXMgYSBiZz8=', 'none', 19, 20, 1618670249, 0, 0, 0),
(6, 'GDKipper', 'T2plY3Rvcix1IHRlYnlhIG5ldCBkcnVnaWNoIGlkZWkgZGx5YSBCRz8=', 'none', 19, 22, 1618681197, 1, 8, 0),
(6, 'GDKipper', 'bmljZSBlZmVjdA==', 'none', 18, 23, 1618681252, 0, 24, 0),
(6, 'GDKipper', 'ZXRvIHVqYXNuby4=', 'none', 22, 24, 1618681376, 1, 9, 0),
(6, 'GDKipper', 'Q2hyZW5vdmF5YSBpZGV5YSBkZWxhdCBOQw==', 'none', 16, 25, 1618681426, 0, 5, 0),
(6, 'GDKipper', 'bmljZSBjaGFsYW5naXN0', 'none', 14, 26, 1618681448, 0, 0, 0),
(2, 'GDsasheg', 'bmVpZ3JhYmVsbm8oc29yaSk=', 'none', 22, 27, 1618705617, 0, 0, 0),
(8, 'OJector', 'ZXRvIGNoYWxsZW5nZSBkYXVuaQ==', 'none', 22, 28, 1618720682, -2, 100, 0),
(8, 'OJector', 'Ymx5YWQ=', 'none', 21, 30, 1618726212, 0, 0, 0),
(2, 'GDsasheg', 'ZnVjaw==', 'none', 20, 33, 1618776423, 0, 54, 0),
(2, 'GDsasheg', 'bmljZSBjb2Nr', 'none', 7, 34, 1618776447, 1, 0, 0),
(2, 'GDsasheg', 'bmljZSBjb2Nr', 'none', 7, 36, 1618849355, 1, 0, 0),
(2, 'GDsasheg', 'IWRlY3JpcHRpb24gVEkgWkFFQkFMIE5BSFlJIERFTEFUJyBDSEVMTEVOREpJIE5FVkFaTU9KTklFISEh', 'none', 5, 38, 1618850330, 0, 0, 0),
(2, 'GDsasheg', 'ZmlnaQ==', 'none', 13, 45, 1618922746, 0, 0, 0),
(2, 'GDsasheg', 'Pz8_IHRpIGNobyBlYmFudWxzYT8=', 'none', 28, 47, 1618981710, 0, 0, 0),
(2, 'GDsasheg', 'RnVjayB5b3UhISEh', 'none', 27, 49, 1618992902, 0, 49, 0),
(2, 'GDsasheg', 'aXpp', 'none', 20, 50, 1619332692, 0, 100, 0),
(2, 'GDsasheg', 'YnkgTWFGRmFLYQ==', 'none', 32, 54, 1619517187, 0, 0, 0),
(6, 'GDKipper', 'ZWFzeQ==', 'none', 31, 55, 1619555875, 0, 100, 0),
(2, 'GDsasheg', 'bnl5IG5vcm1hbG5vIG5vIG5hZG8gbmVtbm9nbyBkb2RlbGF0JyBpIHBvZmlrc2l0JyBpIGJ5ZGV0IG5vcm0pKSk=', 'none', 33, 56, 1619589116, 0, 34, 0),
(2, 'GDsasheg', 'Li4u', 'none', 32, 57, 1619589615, 0, 47, 0),
(6, 'GDKipper', 'cGlkYXJhcywgc2Nrb3Bpcm92YWw=', 'none', 32, 58, 1619616379, 1, 0, 0),
(2, 'GDsasheg', 'c3lrYS4uLi4=', 'none', 33, 59, 1619616968, 0, 71, 0),
(2, 'GDsasheg', 'cmVhbCduby4uLi4gcGl6ZGE=', 'none', 17, 60, 1619617653, 0, 15, 0),
(6, 'GDKipper', 'bmljZQ==', 'none', 35, 63, 1619706584, 0, 76, 0),
(15, 'herobro', 'ZXRvIG5lIHZvem1vem5vISEhIQ==', 'none', 31, 65, 1619884342, 0, 0, 0),
(8, 'OJector', 'c29uZyBpc24ndCBkb3dubG9hZGJsZSwgc3RhciByYXRlIC5fLg==', 'none', 35, 66, 1620140252, 0, 100, 0),
(8, 'OJector', 'c2hpdHR5IGdhbWVwbGF5Li4u', 'none', 31, 67, 1620140360, 0, 19, 0),
(2, 'GDsasheg', 'cmVhbCdubyBoYXJk', 'none', 20, 68, 1620319469, 0, 20, 0),
(6, 'GDKipper', 'bnUgbmF5cyxubyBkZWNvciBsZWdraXk=', 'none', 39, 69, 1620345882, 0, 11, 0),
(15, 'herobro', 'bmUgc3RhdnRlIGRleiBsYWlrIHB6', 'none', 37, 70, 1620412046, 0, 0, 0),
(6, 'GDKipper', 'MzUxYXR0', 'none', 39, 71, 1620511932, 0, 100, 0),
(6, 'GDKipper', 'MTIgYXR0IEVhc3k=', 'none', 34, 72, 1620512019, 0, 100, 0),
(2, 'GDsasheg', 'ZGEgZXh0cmlt', 'none', 38, 75, 1620731979, 1, 0, 0),
(6, 'GDKipper', 'c3Bhc2liYSB2ZXJpZmFsIDYgbWVzYWNldg==', 'none', 38, 76, 1620905375, 0, 100, 0),
(6, 'GDKipper', 'cGxhY2hvaSBzYW55YSxwbG9jaG9pIQ==', 'none', 45, 77, 1621007719, 0, 100, 0),
(2, 'GDsasheg', 'bm9wZS4=', 'none', 44, 78, 1621538796, 0, 55, 0),
(2, 'GDsasheg', 'aHlpYQ==', 'none', 13, 79, 1621540540, 0, 100, 0),
(6, 'GDKipper', 'bmljZSwgaGFyZGVyIDYgc3Rhcg==', 'none', 46, 80, 1621608976, 0, 100, 0),
(6, 'GDKipper', 'ZWFzeSAyIHN0YXI=', 'none', 15, 82, 1621614668, 0, 71, 0),
(2, 'GDsasheg', 'ZnVjayB5b3UgSmF4', 'none', 49, 84, 1621671211, 0, 95, 0),
(2, 'GDsasheg', 'WVJBQUFBIQ==', 'none', 49, 85, 1621671359, 0, 100, 0),
(2, 'GDsasheg', 'c3lrYSBieWxhdCE=', 'none', 50, 87, 1621755779, 0, 88, 0),
(19, 'theRealXone', 'dm9ka2Egcm9zc2lhIGJhbGFsYWlrYSBwdXRpbiBib2ggcyBuYW1pIHJvc3NpYWFhYWFhYWE=', 'none', 18, 88, 1621842363, 0, 28, 0),
(6, 'GDKipper', 'RnVjayBZb3Uh', 'none', 54, 89, 1621850320, 0, 0, 0),
(2, 'GDsasheg', 'bm90IHBvc3NpYmxl', 'none', 53, 90, 1621886783, 1, 33, 0),
(2, 'GDsasheg', 'cG9zc2libGUgOkQ=', 'none', 53, 91, 1621891874, 1, 100, 0),
(2, 'GDsasheg', 'c2VjcmV0IHdheSAuXy4=', 'none', 48, 92, 1621892077, 0, 100, 0),
(9, 'savaxx', 'a2Fr', 'none', 53, 93, 1621916708, 0, 32, 0),
(9, 'savaxx', 'c2FueWEgdGkga2FrIHByb3Nob2w=', 'none', 53, 94, 1621916766, 0, 32, 0),
(9, 'savaxx', 'dSBtZW55YSB2aWxldGFldA==', 'none', 53, 95, 1621916930, 0, 32, 0),
(21, 'TwoSteps', 'bG9sIGV0YSBzbG9nbmVpc2hpeSB1cm92ZW4gdiBnZW9tZXRyYWEgZGFz', 'none', 38, 96, 1622021728, 0, 100, 0),
(2, 'GDsasheg', 'bm9zdGFsZ2lhLi4uLg==', 'none', 59, 97, 1622116723, 1, 7, 0),
(2, 'GDsasheg', 'MTAgYXR0', 'none', 53, 98, 1622116880, 0, 0, 0),
(2, 'GDsasheg', 'L19cL19cL19cIG5vIHRlbW5vIGthayB2IGpvcGUgbmVncmE=', 'none', 61, 99, 1622139103, 1, 2, 0),
(2, 'GDsasheg', 'L1wvXC9c', 'none', 64, 100, 1622144854, 0, 0, 0),
(2, 'GDsasheg', 'Y29vbCE=', 'none', 66, 102, 1622224043, 0, 100, 0),
(2, 'GDsasheg', 'R0FWTk8gRUJBTk9FIFlDSU5DS0lZIFBJWkRBTElTISE=', 'none', 65, 103, 1622224081, 0, 33, 0),
(6, 'GDKipper', 'RWFzeQ==', 'none', 66, 104, 1622372453, 0, 43, 0),
(6, 'GDKipper', 'b3RrdWRhIDIwNSBncnVwIElEPyEgVGkgY2hvIG5hdmVyY2h1IHVyb3ZueWEgcG9ybnVjaHUgYW5pbWlyb3ZhbD8h', 'none', 68, 105, 1622411234, 0, 26, 0),
(6, 'GDKipper', 'R29vZCBHUA==', 'none', 70, 106, 1622453931, 0, 3, 0),
(2, 'GDsasheg', 'bmFtYW5h', 'none', 68, 107, 1622476567, 0, 100, 0),
(2, 'GDsasheg', 'Z2F2bm8gZWJhbm9lIHlmaW5ja3V5IHBpemRhbGlzIQ==', 'none', 70, 108, 1622476812, 0, 0, 0),
(2, 'GDsasheg', 'ZHJhaC0-aGFyZA==', 'none', 67, 109, 1622562289, 0, 48, 0),
(8, 'ojector', 'QEdES2lwcGVyIHlhIG5lIG1vZyBzZGVsYXQgY2ljbGljaG5pIE1vdmUgdHJpZ2dycg==', 'none', 68, 111, 1622994266, 0, 0, 0),
(23, 'danya228666', 'd293ISAobmFwaXNhbCBnZHNhc2hlZyk=', 'none', 76, 112, 1623757493, 0, 100, 0),
(6, 'GDKipper', 'bmljZQ==', 'none', 77, 113, 1623840697, 0, 100, 0),
(2, 'GDsasheg', 'MTAwYXR0IDEwMCUgdiBwcmFjdGlrZQ==', 'none', 80, 114, 1623913770, 0, 12, 0),
(8, 'ojector', 'WmEgY2h0byAxMCBsYWlrb3Y_IQ==', 'none', 79, 115, 1623938720, 0, 0, 0),
(21, 'TwoSteps', 'TmljZSE=', 'none', 81, 117, 1624132265, 0, 0, 0),
(21, 'TwoSteps', 'a2FrIGV0aiByZXl0bnVsaQ==', 'none', 62, 118, 1624132396, 0, 0, 0);

-- --------------------------------------------------------

--
-- Структура таблицы `cpshares`
--

CREATE TABLE `cpshares` (
  `shareID` int(11) NOT NULL,
  `levelID` int(11) NOT NULL,
  `userID` int(11) NOT NULL
) ENGINE=InnoDB DEFAULT CHARSET=utf8 COLLATE=utf8_unicode_ci;

-- --------------------------------------------------------

--
-- Структура таблицы `dailyfeatures`
--

CREATE TABLE `dailyfeatures` (
  `feaID` int(11) NOT NULL,
  `levelID` int(11) NOT NULL,
  `timestamp` int(11) NOT NULL,
  `type` int(11) NOT NULL DEFAULT 0
) ENGINE=InnoDB DEFAULT CHARSET=utf8 COLLATE=utf8_unicode_ci;

--
-- Дамп данных таблицы `dailyfeatures`
--

INSERT INTO `dailyfeatures` (`feaID`, `levelID`, `timestamp`, `type`) VALUES
(1, 1, 1617400800, 0),
(2, 7, 1618178400, 1),
(3, 2, 1618092000, 0),
(4, 1, 1618783200, 1),
(5, 13, 1619388000, 1),
(6, 11, 1618531200, 0),
(7, 21, 1618704000, 0),
(8, 24, 1618790400, 0),
(9, 20, 1618876800, 0),
(10, 14, 1618963200, 0),
(11, 27, 1620000000, 1),
(12, 10, 1619568000, 0),
(13, 31, 1619654400, 0),
(14, 32, 1620604800, 1),
(15, 32, 1619740800, 0),
(16, 35, 1619827200, 0),
(17, 43, 1620950400, 0),
(18, 41, 1621036800, 0),
(19, 40, 1621123200, 0),
(20, 39, 1621209600, 0),
(21, 44, 1621382400, 0),
(22, 46, 1621555200, 0),
(23, 51, 1621641600, 0),
(24, 52, 1621728000, 0),
(25, 50, 1621814400, 1),
(26, 49, 1622419200, 1),
(27, 57, 1621900800, 0),
(28, 56, 1621987200, 0),
(29, 53, 1622073600, 0),
(30, 60, 1622160000, 0),
(31, 59, 1622246400, 0),
(32, 63, 1623024000, 1),
(33, 63, 1622332800, 0),
(34, 72, 1623628800, 1),
(35, 77, 1623801600, 0),
(36, 78, 1623888000, 0),
(37, 75, 1623974400, 0),
(38, 74, 1624060800, 0),
(39, 80, 1624233600, 1),
(40, 79, 1624147200, 0),
(41, 82, 1624233600, 0);

-- --------------------------------------------------------

--
-- Структура таблицы `friendreqs`
--

CREATE TABLE `friendreqs` (
  `accountID` int(11) NOT NULL,
  `toAccountID` int(11) NOT NULL,
  `comment` varchar(1000) COLLATE utf8_unicode_ci NOT NULL,
  `uploadDate` int(11) NOT NULL,
  `ID` int(11) NOT NULL,
  `isNew` tinyint(1) NOT NULL DEFAULT 1
) ENGINE=InnoDB DEFAULT CHARSET=utf8 COLLATE=utf8_unicode_ci;

--
-- Дамп данных таблицы `friendreqs`
--

INSERT INTO `friendreqs` (`accountID`, `toAccountID`, `comment`, `uploadDate`, `ID`, `isNew`) VALUES
(1, 5, '', 1619354334, 4, 1),
(6, 5, '', 1621585509, 5, 1),
(1, 7, '', 1622144928, 7, 1),
(1, 6, '', 1622144938, 8, 1);

-- --------------------------------------------------------

--
-- Структура таблицы `friendships`
--

CREATE TABLE `friendships` (
  `ID` int(11) NOT NULL,
  `person1` int(11) NOT NULL,
  `person2` int(11) NOT NULL,
  `isNew1` int(11) NOT NULL,
  `isNew2` int(11) NOT NULL
) ENGINE=InnoDB DEFAULT CHARSET=utf8 COLLATE=utf8_unicode_ci;

--
-- Дамп данных таблицы `friendships`
--

INSERT INTO `friendships` (`ID`, `person1`, `person2`, `isNew1`, `isNew2`) VALUES
(1, 1, 2, 0, 0),
(2, 1, 3, 0, 0),
(3, 1, 4, 0, 0),
(4, 1, 8, 0, 0),
(5, 9, 1, 0, 1);

-- --------------------------------------------------------

--
-- Структура таблицы `gauntlets`
--

CREATE TABLE `gauntlets` (
  `ID` int(11) NOT NULL,
  `level1` int(11) NOT NULL,
  `level2` int(11) NOT NULL,
  `level3` int(11) NOT NULL,
  `level4` int(11) NOT NULL,
  `level5` int(11) NOT NULL
) ENGINE=InnoDB DEFAULT CHARSET=utf8 COLLATE=utf8_unicode_ci;

--
-- Дамп данных таблицы `gauntlets`
--

INSERT INTO `gauntlets` (`ID`, `level1`, `level2`, `level3`, `level4`, `level5`) VALUES
(1, 35, 20, 18, 34, 14),
(2, 52, 51, 31, 14, 49);

-- --------------------------------------------------------

--
-- Структура таблицы `levels`
--

CREATE TABLE `levels` (
  `gameVersion` int(11) NOT NULL,
  `binaryVersion` int(11) NOT NULL DEFAULT 0,
  `userName` mediumtext COLLATE utf8_unicode_ci NOT NULL,
  `levelID` int(11) NOT NULL,
  `levelName` varchar(255) COLLATE utf8_unicode_ci NOT NULL,
  `levelDesc` mediumtext COLLATE utf8_unicode_ci NOT NULL,
  `levelVersion` int(11) NOT NULL,
  `levelLength` int(11) NOT NULL DEFAULT 0,
  `audioTrack` int(11) NOT NULL,
  `auto` int(11) NOT NULL,
  `password` int(11) NOT NULL,
  `original` int(11) NOT NULL,
  `twoPlayer` int(11) NOT NULL DEFAULT 0,
  `songID` int(11) NOT NULL DEFAULT 0,
  `objects` int(11) NOT NULL DEFAULT 0,
  `coins` int(11) NOT NULL DEFAULT 0,
  `requestedStars` int(11) NOT NULL DEFAULT 0,
  `extraString` mediumtext COLLATE utf8_unicode_ci NOT NULL,
  `levelString` longtext COLLATE utf8_unicode_ci DEFAULT NULL,
  `levelInfo` mediumtext COLLATE utf8_unicode_ci NOT NULL,
  `secret` mediumtext COLLATE utf8_unicode_ci NOT NULL,
  `starDifficulty` int(11) NOT NULL DEFAULT 0 COMMENT '0=N/A 10=EASY 20=NORMAL 30=HARD 40=HARDER 50=INSANE 50=AUTO 50=DEMON',
  `downloads` int(11) NOT NULL DEFAULT 0,
  `likes` int(11) NOT NULL DEFAULT 0,
  `starDemon` int(1) NOT NULL DEFAULT 0,
  `starAuto` varchar(11) COLLATE utf8_unicode_ci NOT NULL DEFAULT '0',
  `starStars` int(11) NOT NULL DEFAULT 0,
  `uploadDate` bigint(20) NOT NULL,
  `updateDate` bigint(20) NOT NULL,
  `rateDate` bigint(20) NOT NULL DEFAULT 0,
  `starCoins` int(11) NOT NULL DEFAULT 0,
  `starFeatured` int(11) NOT NULL DEFAULT 0,
  `starHall` int(11) NOT NULL DEFAULT 0,
  `starEpic` int(11) NOT NULL DEFAULT 0,
  `starDemonDiff` int(11) NOT NULL DEFAULT 0,
  `userID` int(11) NOT NULL,
  `extID` varchar(255) COLLATE utf8_unicode_ci NOT NULL,
  `unlisted` int(11) NOT NULL,
  `originalReup` int(11) NOT NULL DEFAULT 0 COMMENT 'used for levelReupload.php',
  `hostname` varchar(255) COLLATE utf8_unicode_ci NOT NULL,
  `isCPShared` int(11) NOT NULL DEFAULT 0,
  `isDeleted` int(11) NOT NULL DEFAULT 0,
  `isLDM` int(11) NOT NULL DEFAULT 0
) ENGINE=InnoDB DEFAULT CHARSET=utf8 COLLATE=utf8_unicode_ci;

--
-- Дамп данных таблицы `levels`
--

INSERT INTO `levels` (`gameVersion`, `binaryVersion`, `userName`, `levelID`, `levelName`, `levelDesc`, `levelVersion`, `levelLength`, `audioTrack`, `auto`, `password`, `original`, `twoPlayer`, `songID`, `objects`, `coins`, `requestedStars`, `extraString`, `levelString`, `levelInfo`, `secret`, `starDifficulty`, `downloads`, `likes`, `starDemon`, `starAuto`, `starStars`, `uploadDate`, `updateDate`, `rateDate`, `starCoins`, `starFeatured`, `starHall`, `starEpic`, `starDemonDiff`, `userID`, `extID`, `unlisted`, `originalReup`, `hostname`, `isCPShared`, `isDeleted`, `isLDM`) VALUES
(21, 34, '1', 1, 'killbotij', 'a2lsbGJvdD8=', 5, 3, 0, 0, 0, 0, 0, 595394, 6666, 1, 10, '0_50_0_0_0_0_0_0_0_0_0_0_0_0_0_0_222_244_88_0_0_0_0_0_44_0_0_0_0_0_0_0_0_0_0_0_0_0_0_0_46_0_0_0_0_0_0_0_0_0_0_0_0_0_0', '', 'H4sIAAAAAAAAAy2U1xEEIQxDO2LWCcNc_32dJfGDeEuwcdjv9_uW189GMgB5CNsBB2DrG7AVggrAFpwBXx4DvhLz6pnHsvphPIRwQGNX0kwuLMyWmkMzwakZLxzZ65sde5kTHPPSwhj99cL3XhGYt-DOriM3DlcO751xbFxcaCNGSCcUYRehCUfbLh746dCoCd2FIcyH5cQtalEf4bznZ7acaIgPxkd1iLuFLTwPL9DXR3QEEqKbJtJN7BIeYDyPJ-pC5SvkYihUo9yM6FiuD9fme1vqbYnbiaVVxmi0eXBdrpbOFrMBEcVbTGGFkHFpFdpoNFF2mskf2Q8PSaV3WAwj9jAOsUUHAb54sEHp_8vwaAkvivNjEY-kqEQtwj0-dQ7_RhFtN201uuempDqOuXI4uoUXBj1wHmIldGE8RExGtqiDxHw7OidlL7UvUYaDhT6AeAvpTT2Tm9U5wriPFukBm7ORKIPS91Z0RtEAIzuEB6tHXTeKfI7UEW7ho0u4pIn-D6M_QoJGsoR09z4rl1U-oldf9m2wpwyKl4_0Q7gUkw2Q8SeSwXpLhS9T92ah9X-51S6pH8UuJvkP0jOjYOIEAAA=', 'Wmfd2893gb7', 50, 37, 2, 1, '0', 10, 1617315873, 1617781214, 1617690165, 1, 1, 0, 0, 3, 2, '1', 0, 0, '91.237.111.52', 0, 0, 0),
(21, 34, 'GDsasheg', 2, 'first level', '', 1, 0, 0, 0, 0, 0, 0, 837281, 51, 1, 2, '0_84_0_0_0_0_0_0_0_0_0_0_0_0_0_0_0_0_0_0_0_0_0_0_0_0_0_0_0_0_0_0_0_0_0_0_0_0_0_0_0_0_0_0_0_0_0_0_0_0_0_0_0_0_0', '', 'H4sIAAAAAAAAAyXNyw0AIQgA0Y4IP2UN_fe1Ml7IvEhQ21rFvO90Oibj0HkGm950FfjAGZjo6jttAQeRIMF62KDe2hywd8BFL5xvXCqnvwSzFTz_WK1Bi6gAAAA=', 'Wmfd2893gb7', 10, 21, 2, 0, '0', 2, 1617316024, 1617316024, 1621578919, 1, 1, 0, 0, 0, 2, '1', 0, 0, '217.175.3.29', 0, 0, 0),
(21, 34, 'GDKipper', 3, 'Space Challangist', 'MTE5IGF0dCAoIEltIE5vb2IgKQ==', 1, 0, 0, 1, 1344578, 0, 0, 374628, 1217, 0, 2, '0_961_0_0_0_0_0_0_0_0_0_0_459_0_0_0_77_0_0_0_0_0_0_0_0_0_0_0_0_0_0_0_0_0_0_0_0_0_0_0_0_0_0_0_0_0_0_0_0_0_0_0_0_0_0', '', 'H4sIAAAAAAAAAyWPQQ4AIQgDf0QErLjh__9aWi84kxKQ1d6re9kOVlDtgFwpuUX5KG5rEjeHJJISJclLOVfydYd5DIe6wpCSAuVjVypJ25BcsrZsW_OXbS72IgckqeA8-UbwtsASFJTkzrDDKc5H8jjEW4wgnxfMrVOvmHM5p3RtcUP_5XmEFicBAAA=', 'Wmfd2893gb7', 10, 23, 1, 0, '0', 2, 1617452403, 1617452403, 1621626544, 1, 1, 0, 0, 6, 6, '2', 0, 0, '185.188.98.50', 0, 0, 0),
(21, 34, 'GDKipper', 4, 'god challenge', 'MTI5IGF0dA==', 1, 1, 0, 1, 0, 0, 0, 595394, 582, 0, 2, '0_130_0_0_0_0_52_0_0_0_213_0_102_0_0_0_0_0_0_58_0_0_0_0_0_0_0_0_0_0_0_0_0_0_0_0_0_0_0_0_0_0_0_0_0_0_0_0_0_0_0_0_0_0_0', '', 'H4sIAAAAAAAAAyWR2Q3AMAhDN0Ipd5T99yo2P8ivmHD0vO-d946cQvwKLNoAp3bqVEIp4FLfqfjk9MCHwolmBDdALCShgtABuOii8r0JSmkK7UGYwonrqYbuJqCjiSJjYg1Ian5vVLucqXZRJYx3olOHQue6igm-G3Jmqtjdg7uHuBIwSsgmUBJysVWyS3L4ZJPcCyUvlNLrGvMrOciUfArQBSM4dUAmZUH2Wi70xYTNv9M7YYsGgLdu3rr31s1bN0YAzDOIY_4BTAOsTOUBAAA=', 'Wmfd2893gb7', 30, 26, -2, 0, '0', 4, 1617463906, 1617463906, 1622193442, 1, 1, 0, 0, 6, 6, '2', 0, 0, '185.188.98.50', 0, 0, 0),
(21, 35, 'OJector', 5, 'HYINA', 'R0RTYXNoZWcgcGlkb3I=', 2, 0, 0, 0, 1000013, 0, 0, 839572, 649, 0, 10, '0_94_0_0_0_0_0_0_0_0_0_0_90_0_0_0_0_0_0_0_0_0_0_0_0_0_0_0_0_0_0_0_0_0_0_0_0_0_0_0_0_0_0_0_0_0_0_0_0_0_0_0_0_0_0', '', 'H4sIAAAAAAAACyXOyw3AMAgD0I1Q-RNl_72KnQv1k0NSFfOrVyX87uxYmHxxd9oQoUAyZyNXEZ3AOzSFfFA4111UCR3AXuNswolUoA6xqzfkw7EQTYB_FuLI3swRQL6CGzXMTUwSZy9O-fD-fg6gRVgC7kQYkEPsPTvP9j9-am9CEwEAAA==', 'Wmfd2893gb7', 50, 25, 1, 0, '0', 0, 1617718976, 1617719071, 1617776959, 1, 0, 0, 0, 6, 8, '3', 0, 0, '5.165.16.19', 0, 0, 0),
(21, 35, 'OJector', 6, 'Back on Track', 'Xm9eIHRoZXJlIGlzIGEgbGV2ZWwgYnkgbWUsIG5ldyBoYXJkZXN0IGRlbW9uIDU2NyBhdHRlbXB0cw==', 1, 2, 0, 0, 1000013, 0, 0, 806733, 955, 0, 10, '0_155_0_42_0_0_61_0_0_0_0_0_130_0_0_0_61_0_0_0_0_0_0_0_0_0_0_0_0_0_0_0_0_0_0_0_0_0_0_0_0_0_0_0_0_0_0_0_0_0_0_0_0_0_0', '', 'H4sIAAAAAAAACy3TWQ4EIQgE0BsZQQRJ3_9eU0XNT-OLG6K9P_v29-3VaNjy-vCNB_jAVx7gLMsPXxcqiCe0E11ArI1hsewM7BHhg-tETjsv26Upb9AB3LXtw9dy4Jc4HJbTk8yJuGyX2i-ItkFjy1qbByiOqvXYfiuxfa99gV4WROTgPqIJ2wu74OsmnR6WhKU-mx7jERkmOcS4w5SKna4NEHlchOIR7azD3qOxR2NRTKm5ISo3y8Y63PHqQhCvmFesO5yrQ4G4UC6TWDsEpZBKoZYPa8VoJr61eemPRRl6DM8V4wzvnynmf25p7hQZsTm3mYoxmg3tid5D1axVM9Q_RN4Qwr-z3uil2HyLWwsjsvoI_ufxYZh4RykgU4ZqUeqR8aEw2J9MECEk1I4hS-RREebVIzZ38X9Grozwz7gohcCRR48S8djwtMg7ddw0FVMTn59lmGKlyPTwj8zMq__z6ooRr5hPbKaQXNAY2Vn_bPEO3nCGvnkrCFroadOn0vtcJsM9Iv-ws1my7wcRTf7xPQQAAA==', 'Wmfd2893gb7', 50, 29, 3, 1, '0', 10, 1617807043, 1617807043, 1621578852, 1, 1, 0, 0, 0, 8, '3', 0, 0, '5.165.16.19', 0, 0, 0),
(21, 35, 'OJector', 7, 'Code Blue', 'bWFkZSBpbiAxIG1vbnRoLiB0aGF0IHdhcyBteSBwYXJ0IGluIG15IG1lZ2Fjb2xsYWIgYnV0IEkgd2FudCB0byB1cGxvYWQgaXQgaGVyZS4=', 1, 1, 0, 0, 0, 0, 0, 510853, 24502, 0, 10, '0_195_45_39_0_0_976_0_0_0_675_0_112_0_0_0_112_0_0_0_0_0_709_0_2295_0_154_0_0_0_0_0_0_0_0_0_0_0_0_0_0_0_0_0_0_0_0_0_0_0_0_0_0_0_0', '', 'H4sIAAAAAAAACy2QURJFMQRDd2SKop3uf18vyX0_5IwKuszr-Vs2_RDvBbj5Q8iQ3kmoEjReha0NCAsnfLqCuqX7UF92pC1A6lFaF_UcwWnCZcumI-I-gk7C2YI775UloaycMANoW4C27QLsh9hf5QTh0m1kPeYf5CHomLHjhJsCXP6O0QxxqCMEoULS-drCateyBEWtkb5soQdJc5A5CKn_yI2YeK27PsXz80HeGOFloWpzsBJm_QDZggFknwEAAA==', 'Wmfd2893gb7', 50, 27, 4, 1, '0', 10, 1617808293, 1617808293, 1621578817, 1, 1, 0, 1, 3, 8, '3', 0, 0, '5.165.16.19', 0, 0, 1),
(21, 35, 'OJector', 8, 'coshache gavno', '', 2, 2, 0, 0, 1000008, 0, 0, 839572, 754, 0, 10, '29_29_29_40_29_29_29_29_29_29_29_29_29_29_29_29', '', 'H4sIAAAAAAAACy3SyRHAIAgF0I4YWYWx_74Cn1wCz4VIzKG4j9-h5NfPygZT50zKyK0G14DOhU51LiQyMAPc31NSbSi5DtKA6mJGZ2DEMuidA518xy0nDwYCuAVkDMobTtpwSgV67MUWDuI76Hl-l8JeP2d_0uliRTr7i3xyNFyE8VnDpxs8s3By4gTFlsrgP1ldmZkC-5gywZoDseBdHdiXaqCtHIhFFHRzmbsRXbLSmbVKrEsxUGppAlouvcD4OZXsb8a2GZsLAfsWn_DeTMea6-xjz2xHNpBrqQLim3a0C7otQ8G7ugHlv7Z2En-TdD-zVac-KArKP2s7676cy-uAQ9g0PcF46ZDnCmew_Yod84K4DZmVPm-efK4EoZZozf-qTr70fzZ28ZXlLbBQKvCrfisMOT42AwAA', 'Wmfd2893gb7', 50, 23, 2, 1, '0', 10, 1617980036, 1618849474, 1621626530, 1, 1, 0, 0, 0, 8, '3', 0, 0, '77.223.69.215', 0, 0, 0),
(21, 35, 'OJector', 10, 'ne copipast', 'VXdV', 3, 2, 0, 0, 0, 0, 0, 584398, 40065, 0, 10, '29_29_29_40_29_29_29_29_29_29_29_29_29_29_29_29', '', 'H4sIAAAAAAAACzWSURLEIAhDb8QIKOp4_3ttEro_Td9AU6KM94at8xyy33OLwrtbCu4ChA1AWF3B8ffSMgFpcxEuK9MclWm1BPu8tywJyyagbPCbMp-EmoIN691u22a9d7rtmC_CmoKCwbUIwKUpnprNhw2UIGqEwvf5P8aX4wvi0c1h6zbuAObXjFBT2M1TsSHljWpGJA4BZXSIsjtSsXrsyOriHeNqpGvThXUaDz6MYU6EIjuldiOPN5x2TsVoFA0M3SnUTyPMWQ2OIiwXXlmlkXBFDSXQeLFscYZl-zZeVot2Tp1TqCuC4sxi83adGo2rGjURbot0LJZofYiVoVz1Xp0RZH5YjZfNOXTckBmNHBGiidNtcO1wnx_OK9yn8cIqg793al7hjkZ4vMyOl9pdSkUjVzCxvdroqXyQFY3F6uLvncqtzN1LDuWWJ24ajj_kG9RJSgMAAA==', 'Wmfd2893gb7', 50, 26, 1, 1, '0', 10, 1618063494, 1618063964, 1621779064, 1, 0, 0, 0, 5, 8, '3', 0, 0, '77.223.69.215', 0, 0, 1),
(21, 34, 'GDsasheg', 11, 'ToF', 'N2F0dCBwb3NzaWJsZS4uIHJlbWFrZSBUb0Ug', 2, 3, 11, 0, 0, 9, 0, 1021711, 4673, 0, 7, '0_246_0_0_0_0_0_74_0_0_82_0_136_0_0_0_0_0_0_0_0_0_0_0_0_0_0_0_0_0_0_0_0_0_0_0_0_0_0_0_0_0_0_0_0_0_0_0_0_0_0_0_0_0_0', '', 'H4sIAAAAAAAAAyXPUQ7AIAgD0Bs1A0Qx3P9eo_WH9aVK3Ifwtv6Q3jMrhVvdBhaGSOZdwvTt8Bg44hArhSxiPxw19Y7d6GYKWHOksheRr-D59ZoFF-JhCemCcp3JiW_em9xCLOFw2eaame5CCPqtjTsLDm_afEzQnULMa8pwb_cPwnYDRxIBAAA=', 'Wmfd2893gb7', 50, 10, 2, 0, '0', 8, 1618086947, 1618211405, 1618211422, 1, 0, 0, 0, 0, 2, '1', 1, 0, '91.237.111.52', 0, 0, 0),
(21, 34, 'savaxx', 12, '._.', '', 7, 1, 0, 0, 1001234, 0, 0, 595394, 996, 2, 6, '0_72_0_0_0_0_199_0_0_0_60_0_67_0_0_0_0_0_0_0_0_0_0_0_0_0_0_0_0_0_0_0_0_0_0_0_0_0_0_0_0_0_0_0_0_0_0_0_0_0_0_0_0_0_0', '', '0', '', 50, 20, 1, 0, '0', 0, 1618215566, 1620720510, 1619510978, 1, 0, 0, 0, 0, 9, '4', 1, 0, '91.237.111.52', 0, 0, 0),
(21, 34, 'GDsasheg', 13, 'buffed killbotij', '', 1, 3, 0, 0, 0, 0, 0, 595394, 7004, 1, 10, '0_105_0_0_0_0_0_0_0_0_0_0_55_0_0_0_113_244_85_0_0_0_0_0_44_0_0_0_0_0_0_0_0_0_0_0_0_0_0_0_46_0_0_0_0_0_0_0_0_0_0_0_0_0_0', '', 'H4sIAAAAAAAAAy2TyxEAIQhDO2IE-ejYf19Lwl4Mb1SUiOvpW-8tsY1I9gH4QBBuxyqrXo9uBEyo5CZ0bGLesYkjjg63aD6Ml7AJCXDx3uFysDtk6euReUPCARczKctej6oExnEZV7xXc-GSTagiXMQXqw63H2QE9FXfnctcYbwn9gJEEdIApYSjgHMIFwUvWYmKl-ggi27dSmTKVr_E-BfnYP2LD1Bhj0JjExPnqNGblkufN91p0SEeu8VqEKW3uA8yU5s8lLO27iBP3XK51WVhq48hrVbE_c_6YMRgOrFs8JAmU0ymEPVBc-L-0QfDBgvl9NPx2GKztXgO4vVb8sdKIvuk9WL2wBGF6ibuHPSZPTHIxfcv6I6r_bJnsL2wNcW3oviWtEF0l03XW1_XFEchZm0tPwFKFlK2okFc0XQK7RyO39CwaZG350T6-Dym6tZu1-cph1jsQe-Gxc39wsgX3UuoOhQf82VO77fiW5XygA9pxykFyQMAAA==', 'Wmfd2893gb7', 50, 13, 0, 1, '0', 10, 1618300704, 1618300704, 1618300717, 1, 0, 0, 0, 5, 2, '1', 1, 0, '91.237.111.52', 0, 0, 0),
(21, 34, 'GDsasheg', 14, 'spider challengist', '', 1, 2, 9, 0, 0, 0, 0, 0, 1168, 0, 5, '0_61_0_50_0_0_0_0_0_0_0_0_0_0_0_0_0_0_0_0_0_0_0_0_0_0_0_0_0_0_0_0_0_0_0_0_0_0_0_0_0_0_0_0_0_0_0_0_0_0_0_0_0_0_0', '', 'H4sIAAAAAAAAAzWVW5LEIAhFd2SpgJjq_e9r7sP5yckp7SgC9vyt3_z95tiXbyM35YSkL-WjrFH9w_M0ZHMCnndD8BaDU2IkpuT4-KUa64dH-L02pfV-6_c7Y_GnZ-ympKUkbeG0Hosfbk1rfoXCtdtrNzf3u552GQOeVZLm-8c1P66GZ5SkJMfCENdkgHMsRji9G7Csfa0fNrQWwloElwLKxi0B2hP4cXCPpV_uESGtsCJA4qPFmFwlxt7WsJ6n2l5wbWjyTPGMsJVM5wVeTq0xNVj8IJG2Clm_QR7uOgx4kbGl-fR49GpR7gcJ0Kt39xIBamK_iXdMfuYyWdKUqZRARXJdHMsZARzKp1BeTkBM3XNMTgV3SOMp0wdo0Y0D2c4JwJC3cwIc220rKuG3t88ZRC0QqhXwXOmn0eDShHoCzJCep5eaPmlwXamqC9T-kJanH6yY5UVuWYaNFQZcG0t5H9fydmsAea3Ho1faOmtgPWWJAefp5aje0RuM9I5_TVlbrseUlP057NcnYFpVNCAnx3TnhtMCpI1RAzes7IBwYoBdsmorGwBQBsOZie1VwbTWtTIzqpIIHg2hSgC1Znh_4OUPkyezSMYNRFs1GWl5-lHLhw2ynQF1AHhk7NA4Y_JDx0cdbhbg2NqDSks0a4LYYU3ZedYt1WnHdTT3zb2qyLi-bkBWQ3xvg8iJrCzsO8DX76fDzuluBvkhoGynZTrsXKqbVEakKatnLdOdmVv7A_bTlKlFQbYzoFgy1M5AbKv-CMJ_FiDLMdNNANryGQsbUDAgqyHrBVMqbMA7LJUOoONOpwbYT9mn6dQA2uLx31e2ijvbNw6YVm-xeeXkde2Ay6pCA1k76aZJN01-vp5A9gEQTzX3cxpBprGm0wiyqWv6AgVZ3PWSU-6aWq4IkIkEjq1tyk5tnTgQT8uq9ID8UPiGAnmJV7y57hvgGdumkke5SF6igK4osDyqtim3TRV7a5Fh1T9b8Q-eT12idfTPBjxjIgGdN9gedOTgkeq0nCqA18YfDGaBT6AIAAA=', 'Wmfd2893gb7', 20, 33, 4, 0, '0', 3, 1618381366, 1618381366, 1621614116, 1, 0, 0, 0, 0, 2, '1', 0, 0, '91.237.111.52', 0, 0, 0),
(21, 34, 'savaxx', 15, 'spasiba', '', 1, 1, 0, 0, 0, 0, 0, 0, 53, 3, 2, '0_0_0_85_0_0_0_0_0_0_0_0_0_0_0_0_0_0_0_0_0_0_0_0_0_0_0_0_0_0_0_0_49_0_0_0_0_0_0_0_0_0_0_0_0_0_0_0_0_0_0_0_0_0_0', '', 'H4sIAAAAAAAAAz2QWQ5FIQhDd0QUZDDsf1-vxZv3Q3uQKa7uLZa9IWndKssAKlaEKoCJNoLp-EN_Xj7oI8dnEerBze4ji1VHjD7GltJfB7gsFDnm0bvRz7qQhaoQzYGTBH8vn0T1P5ZO6pM7rYzJvfkuTYnJ5Hi01ZtUyPQ-ogSoE132_AdOw4SNPfwRaDnwykb_D6z4Kgw3AQAA', 'Wmfd2893gb7', 50, 18, 1, 0, '1', 1, 1618485406, 1618485406, 1623944001, 1, 0, 0, 0, 0, 9, '4', 0, 0, '194.147.51.112', 0, 0, 0),
(21, 35, 'OJector', 16, 'devat kryshkov nahyi', '', 1, 2, 0, 0, 0, 0, 0, 649039, 5076, 0, 10, '29_29_29_40_29_29_29_29_29_29_29_29_29_29_29_29', '', '0', 'Wmfd2893gb7', 50, 22, 1, 1, '0', 10, 1618503173, 1618503173, 1618848985, 1, 0, 0, 0, 5, 8, '3', 0, 0, '77.223.69.215', 0, 0, 0),
(21, 35, 'OJector', 17, 'pizda', '', 1, 3, 17, 0, 0, 0, 0, 0, 14534, 0, 10, '29_29_29_40_29_29_29_29_29_29_29_29_29_29_29_29', '', '0', 'Wmfd2893gb7', 50, 22, 1, 1, '0', 10, 1618505720, 1618505720, 1621776310, 1, 0, 0, 0, 5, 8, '3', 0, 0, '77.223.69.215', 0, 0, 0),
(21, 34, 'GDsasheg', 18, 'circus', '', 2, 1, 0, 0, 0, 0, 0, 806733, 1592, 0, 3, '0_293_0_44_0_0_0_0_0_0_199_35_91_0_0_0_0_0_0_0_0_0_0_0_0_0_0_0_0_0_0_0_0_0_0_0_0_0_0_0_0_0_0_0_0_0_0_0_0_0_0_0_0_0_0', '', 'H4sIAAAAAAAAAy2QWxJEMQREd9QVj4uU_e9rtMwPTpGmc3CrpQViPVF1wRf8dZJ1fltXES5BIc2QW9tH8AdhhHxTV7sNxwYMUgR9YAv-LQTrYMOpyVgLVHaELtR0PijXfPDuQPJJoGZLPuFc4QSHikcWsrbmKffZulx4UXwgZ0wdnLV7YLoYj5L2BWf9C8wW95zJvEf-vicHv2fMLjoVmebc_gF8I8L3aAEAAA==', 'Wmfd2893gb7', 10, 27, 2, 0, '0', 2, 1618579370, 1618673941, 1618579376, 1, 1, 0, 0, 0, 2, '1', 0, 0, '217.175.3.29', 0, 0, 1),
(21, 35, 'OJector', 19, 'u tebua net drygix idei dla bg', 'aGVoZWhlaGVoZWhlaGVoZWVoZWhlaA==', 2, 2, 0, 0, 0, 0, 0, 944913, 73259, 0, 10, '0_346_0_0_0_0_965_0_0_0_205_0_346_0_38_0_204_1975_0_0_0_0_1744_0_0_0_0_0_0_0_0_0_0_0_0_0_0_0_0_0_0_0_0_0_0_0_0_0_0_0_0_0_0_0_0', '', 'H4sIAAAAAAAAC02UW5bEIAhEd8QJ-MLj_vc1VJXJ9Ed7vRppRZLHWj9-3Po4Jwz9sLHPaRatpNVQNWuwv9s5eKSbV8fC2Y8FaYPS8YgNzUz052S_QpxhniUfej9fyyUfJsfUpoYuNuOgnfYgzIfGMbWdI2o5oKY2t6xFDS_-7bJclJ3npLaV1tAfi_0ZkI1cbHtqybY2KX1BpqT6Hph3ckpT6tCG1DhY2fVuD44DSn1JY1JXSl_ivC-GPYz0T2_nF_uOXsY-P-Duf4g0_GPciC-nn1_ciC-XtnORd1TEOfizJwhnyGkhbS7ttBGyoSXcG3K6kB_0cTdAaAplC_SrY1Dn1TWpOaQboRLX4iBDJeqW2qQ6cpqeXVuWmtyMtHWWfW92K9K2uLOtUbusa3KGdGnpukuzno3HkIUC3qECS7OI2ygk30e3gLqurDhojFtcjZp3EpUcocsvVpoBvsBF_muonqOhCAF3aS0CIqVITKFfHdK5pKtTk7Pod91VEWkpxNUm5V0VcVcFHU5VW2gyfoeqwq4m8lIlxO1XDQ1qkw2nTZfOpOadxccqlt6zIpeuu6eqn00dMh6tyucqrqqQMj25aYmtAHxfi3UoYEwp95CoPyq3n3ftRp4BXNEfpzZAPXkFAAA=', 'Wmfd2893gb7', 50, 25, 2, 1, '0', 10, 1618593186, 1618668994, 1618847643, 1, 1, 0, 0, 4, 8, '3', 0, 0, '77.223.69.215', 0, 0, 1),
(21, 34, 'GDKipper', 20, 'ebat slojniu', 'UmF0ZSBIYXJkIGFuZCBGZWF0Y2h1cmVk', 1, 2, 0, 0, 0, 0, 0, 831303, 6584, 0, 4, '0_203_0_35_0_0_92_0_0_0_232_0_126_0_0_0_287_0_0_159_0_0_0_0_0_0_0_0_0_0_0_0_0_0_0_0_0_0_0_0_0_0_0_0_35_0_0_0_0_0_0_0_0_0_0', '', 'H4sIAAAAAAAAAy2VWRIDIQhEb2QFEJea-98rvfiT9hUOIiD5ffH9vu83TnI1bn1fjmxAjpoEr_twvY_gxvfV-PGTGlGE3IJ5CEvrvb5vjuInE17wc7Hs8cMHTeeEDsK25eKLNZJ-16gidAvWIRytL3ztEdy1Ry5CtYCnnxFYn5HF9eUpdyQMd9QVzE2Q4ztWEXYKtOvYcAHxGz86gMYWKjZopfAZp_f2NTLYiBGyxlgpvPQbqXxByqS9OU4Yj_Eym4EU46qQaCPvBFHqoDOFz8gKQXYYD43zBTyVTch82KIVprWFu40KYrIawPZdVSnhFqlfoJfG5V6AhijDxLRD5jJu71VNYqsP4hUSmimsMNYW7rf5EM_zfBzTGb2NyuJ9GUe5p3A95PUSJWQYUHQ3ZW0jeo-iqDKUcshlfTKNOeY09hbaWuwOiq3FBvhyjh-DhOJAynrI6yfaX2H0IKHLRejzJdxlPLZedlQiVTx2O5FQvizIlePjKM6732EGKepGqG5__MSgLFje8dNLvuprSC5j2_qMx8ZLrB8jp0xTm7bpIAaVrpDCy7WvBp1GOUk7SRZQ2Ma1jLxZlZ4wJDln0LRMCrRLuI5x09ruWii7tpZmTClzX21fExrG1UYds_3UoZw7dfzM6vjYM2YY26iOh3JEFjJGukp2aYwINfN-rFdQo4XLtE2McAa7hBJl5NuGtGlxaz4_mBlH2GWU9Q1gaISwTZwDEI2QOTVuIGlq037Ira1sQ1qwDFuwt-ksod7I9Jyey88NygcF0RCGTmOncYXwaPPWg4LMh5y_EB_E2a3fa-L8gNQzcnBDeho5VyHPuGlEIfQpWreEN42c5v3j4UHFzPk67QnKICDnGvn3RsGmP0KWNqIgBwAA', 'Wmfd2893gb7', 30, 27, 1, 0, '0', 4, 1618656659, 1618656659, 1620967212, 1, 1, 0, 0, 6, 6, '2', 0, 0, '46.47.55.114', 0, 0, 0),
(21, 34, 'GDsasheg', 21, 'test', '', 2, 2, 0, 1, 0, 0, 0, 0, 2, 0, 0, '0_0_0_0_0_0_0_0_0_0_0_0_0_0_0_0_0_0_0_0_0_0_0_0_0_0_0_0_0_0_0_0_0_0_0_0_0_0_0_0_0_0_0_0_0_0_0_0_0_0_0_0_0_0_0', '', 'H4sIAAAAAAAAAzM21TM1srYGALtYAkMHAAAA', 'Wmfd2893gb7', 50, 9, 0, 1, '0', 10, 1618671422, 1618671493, 1623945593, 1, 1, 0, 1, 6, 2, '1', 1, 0, '217.175.3.29', 0, 0, 0),
(21, 35, 'OJector', 22, 'Ojector xvatit delat chellendji nevozmojnie bylat syka ebani rot', '', 1, 0, 0, 0, 0, 0, 0, 1000000, 49294, 0, 10, '29_29_29_40_29_29_29_29_29_29_29_29_29_29_29_29', '', '0', 'Wmfd2893gb7', 0, 22, 2, 0, '0', 1, 1618674678, 1618674678, 0, 0, 0, 0, 0, 6, 8, '3', 0, 0, '77.223.69.215', 0, 0, 0),
(21, 34, 'GDsasheg', 24, 'what', '', 1, 1, 0, 1, 0, 0, 0, 1088, 10500, 0, 1, '0_0_0_0_0_0_0_0_0_0_0_0_0_0_0_0_0_0_0_0_0_0_0_0_0_0_0_0_0_0_0_0_0_0_0_0_0_0_0_0_0_0_0_0_1371_0_0_0_0_0_0_0_0_0_0', '', 'H4sIAAAAAAAAAzM01TOxsLYGACGrtmEHAAAA', 'Wmfd2893gb7', 50, 15, 1, 0, '1', 1, 1618775667, 1618775667, 1618775674, 1, 0, 0, 0, 0, 2, '1', 0, 0, '217.175.3.29', 0, 0, 0),
(21, 34, 'Player', 26, 'chto eta takoe', '', 1, 0, 0, 1, 0, 0, 0, 0, 1, 0, 10, '0_0_0_0_0_0_0_0_0_0_0_0_0_0_0_0_0_0_0_0_0_0_0_0_0_0_0_0_0_0_0_0_0_0_0_0_0_0_0_0_0_0_0_0_0_0_0_0_0_0_0_0_0_0_0', '', 'H4sIAAAAAAAAAzPSM7CwtgYA9dxr0QYAAAA=', 'Wmfd2893gb7', 50, 13, 0, 0, '1', 1, 1618853086, 1618853086, 1620748171, 1, 0, 0, 0, 0, 12, 'ffffffff-edfc-4c76-ffff-ffffd2ad4b5c', 0, 0, '91.221.201.146', 0, 0, 0),
(21, 34, 'GDKipper', 27, 'Stale', '', 1, 2, 0, 0, 1000008, 0, 0, 482872, 5389, 0, 4, '0_311_0_0_0_0_155_0_0_0_138_0_90_0_0_0_0_0_0_0_0_0_0_0_188_0_0_0_0_0_0_0_0_0_0_0_0_0_0_0_0_0_0_0_0_0_0_0_0_0_0_0_0_0_0', '', 'H4sIAAAAAAAAAy2SyxEAIQhDO2IURHTsv69Nwl4Mb0R-Mt58471hk4c70YL2StkpqBAcwSVMG_Vw6sm0cEIeAbxxXthuA7bbPALZWbL3IZwQ3HwvbDJWmNOOlL0OYYeAccMu3y8644wQoFicSr9sC5g-baLItBUCBkteE5hym_PJpgPO3VBFOEwDq2zyQZkL0gXMUXb4AEGPDVls8HSCYwculwVMSAhU4LWifVI2y5gc_5SUSM1Ds7Gq8RA1-El1kTqALpB3HVMDfxNTFGKMJcwfd-PxxstImKXi9jBn2lAR2aH2n3V3iZsfLlyibMh2rf-O9I8P6o1aJSiT-rBBXyi8KJodlMvBDieFy-XeE4NeXqIZYfQirX-tFpM_z24Vyp1x_LP2bLPH52VLkUsF--F4JnXT-XbnUHYeo78QGly_f-BQjim8K46lrV3_2q7e29XNBpfxRfbnQLlJ8W8ldIsKPh-FlN4FjgMAAA==', 'Wmfd2893gb7', 30, 24, 3, 0, '0', 4, 1618854534, 1618854534, 1621853433, 1, 1, 0, 0, 6, 6, '2', 0, 0, '185.188.98.210', 0, 0, 0),
(21, 35, 'OJector', 28, 'waveman adventures', 'dWhtbS4uLiBpZGsgd2hhdCBJIGdvbm5hIGRvIG5leHQuLi4=', 1, 3, 12, 0, 0, 0, 0, 0, 5619, 0, 10, '0_221_0_0_0_0_0_100_0_0_94_0_135_0_0_0_0_0_0_0_0_0_0_0_0_0_0_0_0_0_0_0_0_0_0_0_0_0_0_0_0_0_0_0_0_0_0_0_0_0_0_0_0_0_0', '', 'H4sIAAAAAAAACzWXCa7kIAwFbxR9Fi-o73-veYtHLaVSIukQMMb5-_3-vl2_BdxFuU8Sj5IhqUPpJemmvISs7w8t61tLsh5lt-QEJY4kJVWS1j3N5-zvD_ds3km5TWn-wVHL-faR8N_OVyF5kPvxmfc7l-dhyUOpI-n6_UJXxbcXz3Et5R6KehZfqqV03jrvkDxIckwWkJfSOn88fbyj9PqlZ9S3ebqvzo_ktOQGJXxVNCWPpHjuizAcOD4-u78_3NHf2pLNc01Raxj6u27AG_DYkuK5JuV9K384bsspyg1JqEUD9PS6j--J39_3BwP0UHBbz7Heksa11pb2tD62Lj53kXgyEaO1pJ79pYElpJj6n45tu9ZKq649HI9FrpDuZz1Pessa1mzrY5jdT--DOFmya2OgARo7MFNaauUzwhO5FDOEhpxsaU6rxgEhM61P5jdLzSKwbFocOasj_b_JWJRyLoHcVg1ZzviWxgixtW3HqugC75NGWbOlNcq4WogoXaxgwvGULa1a2Evh81sIHz31KYgBz_lznxA1o1yE-48rYJG4iVAfQZtWD5hW9QnkygQe-7SXU8ByqIH3SrVeQC5Q4lnLFytqN9IH-gis0X2l_qvUGwA3rVx7QI4yD-3yYIBhdasGkNBjeR_W49W5H_IYjIvkhefPyw1k94EY5XQA9azti_XqB6-OEQec8bbWIKAHgch9xJlWxh6QtpLUtDFXKmUukgsQOGnVjcfRDjJoAV3LNMrjsejK67R_ggvtd5IBt8jLv-VonVJ-AE5YGYRA2krivtXnJr9yc6oI53WEoMzD8zwAz6sCjJJmWSulisCjzPW7f8z1CMPiuecE5MgBZ1sZ50DZ0C-i06rdZDGSFrmtWuFgXWlPK-cPUJ6-W_n_bm9FSmKEXu0qColrC5tW-NX04diW9o3-V6U7QqmYfNJjO268c21saU5rWbW5Xme9-397vBxsHDV-IJf79Q4JbIlHLDTVQNo0CDEjFh6xZPAuUq-dHDjpcavmECxZz7WP71IOVFC3lpPi1VIk7rXGleaoetEzUa2MA_hebYrCKCsOQBsJ-GRPj32MeRz9mKe0AGjfAG1P5YESGqE1GF7dQC4rshIxjZTFGF5iS7UphjdF4Ezrtca0sruAduZwiRQTZuEwA5SYQfVpTzmzXc9sRoI0rWXrkD1de7ROgG1jYgOUpsFY0hxl1Qf03Mr9NK6HH1xXqn0SZKoFNOtgWP1Xl0HA47Ppn8LxAy7rXlab8gzIwgPQJgSmW2tb2_psj6-TfMdFciePictwXAJ3NKyadZBZHOi5V39V3jbBVVK_rHfgmB04XOBFTR_LJWW5WAU7paoKAuHLceuZy9bijqnvQOaMmAoP1DC2kwbIjBfP5RC4tnTbNJnPe188R-rz0gdTVnOnxg1BPrdyVeafV2UqixLqE3is6hPIRJb6QJCyLAAUJelSMJcHLv1JABzblahLIOcyl6sukJGa1zsKyCydEySg_iimFfEgU3gly3cdn619pxZPphYPoC6U4imnWgIZ4zmTkyq5CVUxICtKwD1UEsk3jS6sAX0vgZz1nNoaZCeKm1P9KXoARV7p0-lXy-m99L1EaBGCYdXLlMrkX21PeanQIZSmySfVt0yxNOCxxjjJgCa5jr9VZlcBmUSAM3rdGraUqOYCW6alUf76qjs9ch4AtOkVCwkd28bRBmIa061KymBb3cHQ4ANKy6UPNMKfSsGrfpWuN0EmDUAxCl6Zb01tHKUqWtq-1t9s5R7__1TTKia0wzPoaqplkLUAcG1hK5uv1EZbT3VoPX8Jvs9yLCFpC_NK_3nw2l9ZPd_c7TqlXae0vrcJ7UTtT21gjXI_AbTftRcToAUOtluV9nv7g3IKS3BbFZDtHQOoUYZuH6-8Zkj8-uqWfwNNjLctEAAA', 'Wmfd2893gb7', 50, 13, 0, 1, '0', 10, 1618929095, 1618929095, 1621776377, 1, 0, 0, 0, 5, 8, '3', 0, 0, '77.223.69.215', 0, 0, 0),
(21, 34, 'GDsasheg', 31, 'perestroika', 'YmV0YSBsZXZlbA==', 2, 3, 0, 0, 0, 0, 0, 1000000, 12069, 1, 8, '0_196_441_47_0_0_0_41_0_0_40_279_248_0_0_0_0_0_0_0_0_0_0_0_0_0_0_0_0_0_0_0_0_0_0_0_0_0_0_0_0_0_0_0_46_0_0_0_0_0_0_0_0_0_0', '', 'H4sIAAAAAAAAAz2U15EEIQxEM6JAQpgi_7yuzdz-8KYXFnn6e73dfOONlvGwziNR571oge9oqe9VEiffy5YbIltJaCfbxf9nK-78sPf7rcc_CdUGTv-vkfrpAy8tOVBtl346EKsNurZaFkWlxNoUx-JC7BY8tttMihUSW0KBnjYeltj6nvze_qaVi92BlUZuK33jDq5H4iJJXYkBMqWcs96WlAIco3VuDnsAXtw4onWdZWq5ZlpNby6rbXVpfiT9xarsgFNK-QXhFXHC8lLONnR2tijJLEurta22zx45VHa3HFk5smISJWGO2FaHFy0Wb5CxJafVsrpUm-ESKtA4dIxQicAKya0-QzrRZ0G_BnkpUzUINdmL6R4A6R9AKwHfYRNQqkH2WywnF5zs363CApFSqjnIrg15MkiZQRNo99rMdSWysxJYt4UmYShsQKPwlRdk5oFPsfaZ7lmQKUpVZ5CcL-DqMGaCh8v9BsrM4qFByo6DAWRmO2WpBn_5BQPKzv3sXA4tcTWHXaUBZGc6nOlwABZ8hswAYaVpBDEDE9FIuQXn9ECBU8pGSgWfbhzg8J7Fbh8kZ3xuBjzIlDpS3DnfK4IGgbrumuk45hdHdb8hnSMuySkuxKHdwZmscKuCcSTVjnpnvkkCN6-ZNgLy-ShNxSBDys9RMQH1hQHShCsCMFWApqpO6_wjKpGW7My6Hsji-_JW59PV2XGELCxHsfwu_AG8KuMcpAUAAA==', 'Wmfd2893gb7', 40, 19, 3, 0, '0', 7, 1619516108, 1619622026, 1619622036, 1, 1, 0, 0, 0, 2, '1', 0, 0, '185.104.7.96', 0, 0, 1),
(21, 27, 'Reupload', 32, 'DOLBIT NORMALNO', 'Vm5hMnJlIG5vcm1hbCduby4gTXkgYmVzdCB3b3JrIGZvciBub3cgOik=', 8, 3, 0, 0, 1001337, 63405062, 0, 815808, 0, 0, 10, '228_469_88_101_0_0_469_339_0_0_650_800_212_0_119_0_757_567_44_198_105_0_272_40_1123_1318_44_0_0_0_0_0_0_0_60_0_0_0_0_0_222_0_0_0_38_0_0_0_0_0_0_0_0_0_0', '', '0', '0', 50, 17, 1, 1, '0', 10, 1619517114, 1619517114, 1619517202, 1, 1, 0, 0, 4, 71, '71', 0, 63405062, '185.104.7.96', 0, 0, 1),
(21, 34, 'GDKipper', 33, 'Dont More lay Prew', 'a2FrIHNhZGVjb3JpdD8=', 1, 1, 0, 0, 1000136, 0, 0, 928231, 526, 0, 2, '0_177_0_49_0_0_0_0_0_0_0_0_103_0_0_0_0_0_0_0_0_0_0_0_0_0_0_0_0_0_0_0_0_0_0_0_0_0_0_0_0_0_0_0_0_0_0_0_0_0_0_0_0_0_0', '', 'H4sIAAAAAAAAAy2SSxLAIAhDb8QUEdHx_vdqEtyQvEHl03428_r9bI-LeDbAbQDcMgUVhFOAYQ4YFilIelykP_eGRcAHn0TMhtr3Tvt4apoLxhaEIOWz6FU-VSRZl7BxavX9ZYN-hvyiP7DFLKKXAE0gqnpZoZVjHzOHdRGjYdG3Re_-2SBA2RZkPdx4wd2c5DxEqWpUkq05VsOlDY4oZDHIbOJ8EM0E1b1QecgjzuJaFcWbvEQjG6OTczfq28z-BtBDzF4W1EXdUPIJSr0k9-qLHtvlvfWKLG6IohVCVwrrYV98v0qpSL0iZYMvaZBeNwSLvD9TZeZcZwIAAA==', 'Wmfd2893gb7', 10, 11, 0, 0, '0', 2, 1619555754, 1619555754, 1619589125, 1, 0, 0, 0, 0, 6, '2', 0, 0, '46.47.53.127', 0, 0, 0),
(21, 34, 'GDsasheg', 34, 'what a  is this', '', 1, 2, 0, 0, 0, 0, 1, 704040, 559, 0, 3, '0_226_0_70_0_0_40_0_0_0_0_0_116_0_0_0_0_0_0_0_0_0_0_0_0_0_0_0_0_0_0_0_77_0_0_0_0_0_0_0_0_0_0_0_0_0_0_0_0_0_0_0_0_0_0', '', 'H4sIAAAAAAAAAz1USRIEIQj7EdXigpb__9cQEueUkE6pbP3d2-5nqyeAbMTNTlTs5regu-K5Kawt4XQI3T6e0M2DwlC8GMZUfOr7sFbxsK5484CJkwp9ShiM1zPsetSyj49apnhNxbtOiJfFtjZvodLYNjaF6BIO4mON8THfFKZLCMabebfPvjozif-l8aQVT9qUGuyNzF3SeMoMKdufxCo1NKA9cgEsV-vWdW232SXVtSAowG3DPnkGikkyZnlGdRKouic7bL4qDzJuwaJjWvDyxWxAWp2ybOid6yWTXQh5zoQnXiphnY8JW16WwHQUHlUpW3aJvZeFLQOGP8vmew_aC89BfwvVtWQr5Dl1jmffUgEy7SSjLK4lAMGAXW9vppM1jn32jJ6GsQaoY8lYPWfHgL0uqpVp_BKVt2tZQByNSlT5kmnBOkcT5NRrBharPEPDmWTPJx0ePf-uqUnx174k3Av_b04ybmuSyetWVQyoVnhUxYoMphacncSXfWhefXMbQLAMQPXLX7_8oJrwnBoE4JLnaML6pxIlqQlLHCxjsjXlqWW8vZarUL-MZLQ03g5y6NAvobs2Ikmv6Uky_t_quIQmCwhw1er-AORfx0Q0BQAA', 'Wmfd2893gb7', 30, 11, 2, 0, '0', 4, 1619600194, 1619600194, 1619600206, 1, 0, 0, 0, 0, 2, '1', 0, 0, '185.104.7.96', 0, 0, 0),
(21, 34, 'GDsasheg', 35, 'somewhere in nevada', '', 1, 1, 0, 0, 0, 33, 0, 928231, 3544, 0, 8, '52_174_0_49_0_0_177_0_0_0_223_34_102_0_0_0_0_0_0_0_0_0_0_0_0_0_0_0_0_0_0_0_0_0_0_0_0_0_0_0_0_0_0_0_0_55_0_0_0_0_0_0_0_0_0', '', 'H4sIAAAAAAAAAy2SXRLAMASEb2SCCJnc_17dpS_WN1K_XRL59C3JerBVABWzBxvekACDZ6IJT9wbgn5W-xdPXCwALpt-jI8PNpwtiudbrBq2EU77eBGymDI6f4hlw2441XDfO7KY87AM7B44Sei2k2lgdcCDsAcKFYsJ3mUrCtkNMZBJuBxTlyyOvyYR1JvOT6j1VOmrKEP6b826PkSH2CflD-4J9rqh2fTHLgnb6oW7VDRe9qbY3WtbQ97kObSr8fhgTXQGiWkopqFgBsp0EJLROM3H9HB4A6Xa4PwDh9NTaujy05yzQXXQfnRWLV5Zf31653pQz8bCVB9GSl-ifQIAAA==', 'Wmfd2893gb7', 10, 17, 2, 0, '0', 2, 1619703118, 1619703118, 1622994604, 1, 1, 0, 0, 0, 2, '1', 0, 0, '185.104.7.96', 0, 0, 1),
(21, 34, 'GDKipper', 36, 'Funny Spider', 'OikgRG9udCB0ZWxlcG9ydA==', 1, 0, 0, 1, 0, 0, 0, 0, 107, 0, 1, '0_0_0_94_0_0_0_0_0_0_0_0_0_0_0_0_0_0_0_0_0_0_0_0_0_0_0_0_0_0_0_0_0_0_0_0_0_0_0_0_0_0_0_0_0_0_0_0_0_0_0_0_0_0_0', '', 'H4sIAAAAAAAAAzPVMzO3tgYArPRZ4gYAAAA=', 'Wmfd2893gb7', 50, 11, 1, 0, '1', 1, 1619707368, 1619707368, 1620967267, 1, 0, 0, 0, 0, 6, '2', 0, 0, '46.47.53.127', 0, 0, 0),
(21, 34, 'herobro', 37, 'ball1', '', 4, 1, 0, 0, 0, 0, 0, 0, 331, 1, 6, '0_77_0_46_0_0_0_0_0_0_0_0_64_0_0_0_0_0_0_0_0_0_0_0_0_0_0_0_0_0_0_0_0_0_0_0_0_0_0_0_0_0_0_0_0_0_0_0_0_0_0_0_0_0_0', '', 'H4sIAAAAAAAAAz1OyQ3AMAjbyEq4K_bfq0DTfHxghFm5c2VuWJS6FJ4HCeQ1uiSaBxmLanSJ8oc5cikiD0ofKdQOBF7LCucyOrlhd4mBqc2sOR6uXxaiW_YuLS2kqwofbafoQEH8OfaxNtbgkvkCa1dKsuoAAAA=', 'Wmfd2893gb7', 10, 10, -1, 0, '0', 2, 1619886254, 1619886254, 1620319709, 1, 0, 0, 0, 0, 15, '5', 0, 0, '5.101.212.10', 0, 0, 0),
(21, 34, 'GDKipper', 38, 'Shesterionki', 'RXh0cmFlbSBEaWFtb24hIT8hKD8hKD8hKCg=', 1, 0, 0, 0, 0, 0, 0, 0, 104, 0, 10, '0_73_0_0_0_0_72_0_0_0_0_0_37_0_0_0_0_0_0_0_0_0_0_0_0_0_0_0_0_0_0_0_0_0_0_0_0_0_0_0_0_0_0_0_0_0_0_0_0_0_0_0_0_0_0', '', 'H4sIAAAAAAAAAx2K2QkAMAyFNnrkKE3B_fdqkh9R0HQLx1QFrpxwnQehtuH6XqHqSFnAB69V1J45AAAA', 'Wmfd2893gb7', 10, 13, 1, 0, '0', 2, 1619926848, 1619926848, 1622193447, 1, 1, 0, 1, 6, 6, '2', 0, 0, '46.47.53.127', 0, 0, 0),
(21, 34, 'GDsasheg', 39, 'low tysa', 'NDg4YXR0KGlhIG55Yik=', 1, 2, 0, 0, 0, 0, 0, 1000000, 2712, 1, 9, '0_117_502_0_0_0_0_0_0_0_0_600_280_0_0_0_0_0_0_0_0_0_0_0_0_0_0_0_0_0_0_0_0_0_0_0_0_0_0_0_0_0_0_0_0_0_0_0_0_0_0_0_0_0_0', '', 'H4sIAAAAAAAAAy2U0RHAIAhDN_IEFfC6_15Ngj_GV1ABsfOzb37fHOdwrEMeF2BjFsCGc7403fp--nsUoWjxMfPD6CXYgmjIIly6rXGw2RpFyx4Tu-2xlwDfvjOccPgNYyYgxgTEMBdYEfwIlhNWu_HQ4AGEI7doNxmyNC9tVg0XlhyTS5LZYrQjcCd4CpZga84KZJ8C0fpYgtD67PWlJTomVc1iGgYxzl1TJItxNWzOd2rOrYp7EO73XUzuMLhfRkZAaBhXCbbgHAEztPkub44mxQhFSSmXm5iptBBralAM0HBhrsZq69W2rmpBvIkVguwmlgXCqG2NxYVr7GoMkcoERXK2mZlRmRSkXbcuEZI65HSwr0Wgi70YfUdQtozF683oROOFi2slZtcauhvPsybDr7ezrgKjGgZ6abzdJVA2IORkY7DVpyoIccFaTXoGxqdhVK6E6M6gCN-db8Co1qjUoSGKZ0wal94gZAvUgq56cqwmpu37RbDluuEiwE1-rroZdTdGNrJjPZ41GAjlPIxG_R54S47i6YxkkBSVC8pyefGdGJW9AMmH7CJHw8LpB6EjWMV6BAAA', 'Wmfd2893gb7', 50, 16, 2, 0, '0', 8, 1620319175, 1620319175, 1621777443, 1, 1, 0, 0, 0, 2, '1', 0, 0, '185.104.7.96', 0, 0, 0),
(21, 34, 'GDsasheg', 40, 'zadecorte', 'cGFzcyA2NjY2', 1, 1, 0, 0, 1006666, 0, 0, 944913, 2403, 0, 2, '0_188_0_0_0_0_0_338_0_0_0_0_187_0_0_0_0_0_0_0_0_0_144_56_0_0_0_0_0_0_0_0_79_0_0_0_0_0_0_0_0_0_0_0_0_0_0_0_0_0_0_0_0_0_0', '', 'H4sIAAAAAAAAAyWR0Q0AIQhDNyICh2Lcf69ryw_tC6CI6_lb7y3bQWcdhD4AtwsI8wKEZRI--S1_2JLm_RD3wBGo_7OFss9cPg59hqDoq-SPis50XFSVLWaKxYhfCHglYgvuextm6-5tkYIUfAObfo_vJDR7D8ZB-Eq-MUib8-62PISS30pcXn1t4dzLNKHode7l0M-XHgiJEH1nsFp4chAju8_LoJwb0kqGFgWJGsR0FO0XytZkjVNTlD10QnhJH79K0oNciNc8FspHQbRqKHft2xaO_wGfqdJvBgIAAA==', 'Wmfd2893gb7', 10, 16, 4, 0, '0', 2, 1620681864, 1620681864, 1621614065, 1, 0, 0, 0, 0, 2, '1', 0, 0, '185.104.7.96', 0, 0, 0),
(21, 34, 'savaxx', 41, 'sss', '', 1, 1, 0, 0, 0, 0, 1, 0, 257, 0, 10, '0_88_0_77_0_0_0_0_0_0_0_0_88_0_0_0_0_0_0_0_0_0_0_0_0_0_0_0_0_0_0_0_0_0_0_0_0_0_0_0_0_0_0_0_0_0_0_0_0_0_0_0_0_0_0', '', 'H4sIAAAAAAAAA0WQWw5EIQhDd0SuPATD_vc1UEjmq9IDFv0y8yPmPNAoPXUQh6-JSoeqLDUe36S6DgmmSw38kBp89UTpa7tMX_D40W3a5YHOuNKL8q17jLiHS5HRhnZmSQyPwSGLnwE_RN95UOngS1rRLTL4LnZbHgH-sKETNiuZcSdp7LilS-f1fRvDB-CaoIPlY7731EEYviA-6Olf8weKHrYjigEAAA==', 'Wmfd2893gb7', 10, 14, -1, 0, '0', 2, 1620804200, 1620804200, 1620813634, 1, 0, 0, 0, 0, 9, '4', 0, 0, '91.237.111.52', 0, 0, 0),
(21, 34, 'GDsasheg', 42, 'WTF 5min level', 'cGFzcyA2MzIx', 1, 4, 0, 0, 1006321, 0, 0, 649039, 3817, 0, 10, '0_237_0_0_0_0_0_0_0_0_44_0_118_0_0_0_0_0_0_220_0_0_140_0_0_0_0_0_0_0_0_0_0_0_0_0_0_0_0_0_0_0_0_0_0_0_0_0_0_0_0_0_0_0_0', '', 'H4sIAAAAAAAAAyWQyxEAIQhDO8oIuKBD_31tghfhTfjF1dare8FcGeIIvjPA3LA-5gYvwT4DFYIrxWFf83UfiBLcIgSSZfsN2Njdn2qNQf2JFYSclkRqMrPC1qSamsKpAa7q8yadWXjgMZADVz0Xixfft-QiXHBVZvQnM7Q0buiKormCKY4abybjlrp1mSl-3GEfppXHS-TZonxaos5DHerxfsgjZKt_K0RP42QBAAA=', 'Wmfd2893gb7', 30, 13, 2, 0, '0', 5, 1620823180, 1620823180, 1621793303, 1, 1, 0, 0, 0, 2, '1', 0, 0, '185.104.7.96', 0, 0, 0),
(21, 34, 'GDsasheg', 43, 'SSsss', 'YmV0YQ==', 2, 2, 0, 0, 0, 0, 0, 837181, 825, 1, 8, '0_115_0_45_0_0_0_0_0_0_0_0_114_0_0_0_0_0_0_0_0_0_0_0_0_0_0_0_0_0_0_0_0_0_0_0_0_0_0_0_0_0_0_0_0_37_0_0_0_0_0_0_0_0_0', '', 'H4sIAAAAAAAAAy2SSxLAIAhDb8QIqMB4_3s1gW6Mb5CUT9d7S_QpTkverzXEeU-Fd5VAwGQ5wEQbjjXcIBQjDhccJ_seTqgAbFF4bUnCkWUP582GxLMrdgBXHM4hi89CzAnFSNI5pXAtWfAqYbYuVNiF8o7wU2V1SqWxoj6S8dNPXW4_dWQ_3axdqaQj3nTkNGXbXPZMURu005g-WExFqR0NcUZzuoFuRkt2R0uON45zda6tcYayXYgP7YaeETQxMVOOR6k0gvSeoFyUWa8QYg1pQ8UYdkJyZlDCB3OCPWLbnDtFf-TPAJk9b2HwzEd6VhQuxO7YBu2AzMrfJMWb4qfiQ3SO7j5F0hrOdgIAAA==', 'Wmfd2893gb7', 50, 20, 3, 0, '0', 8, 1620886591, 1621011872, 1621794906, 1, 1, 0, 0, 0, 2, '1', 0, 0, '185.104.7.96', 0, 0, 0),
(21, 34, 'savaxx', 44, 'milf beta', '', 2, 3, 0, 0, 0, 0, 1, 991157, 1346, 0, 10, '0_79_0_0_0_0_0_0_0_0_0_0_79_0_0_0_0_0_0_0_0_0_0_0_0_0_0_0_0_0_0_0_0_0_0_0_0_0_0_0_0_0_0_0_0_0_0_0_0_0_0_0_0_0_0', '', 'H4sIAAAAAAAAAz2QUQ4EIQhDb9SACg7h_vdaKLPz1b5GsCqZmpKZgvuULUCcDhd2aW7ILSpdi2g-eIsO5DQd6KDtQW80SC8s1SDakHsRtzh0t8eJQVdiEC-0G1yYDl5SOHs-UE3qny97B3QxCKw34HybywkVyGZSrqvR2Be5vVGciZRFaLb9I3uT5zsUs6o-bpKFM2N77mvDnyhdfKFW-Xe86nuOCSZeC_PT_AHvBfdtqQEAAA==', 'Wmfd2893gb7', 10, 17, -1, 0, '0', 2, 1620930113, 1620930628, 1621845124, 1, 0, 0, 0, 0, 9, '4', 0, 0, '193.106.185.34', 0, 0, 0),
(21, 34, 'savaxx', 45, 'klik', '', 1, 0, 0, 1, 0, 0, 0, 0, 5, 0, 10, '0_0_0_0_0_0_0_0_0_0_0_0_0_0_0_0_0_0_0_0_0_0_0_0_0_0_0_0_0_0_0_0_0_0_0_0_0_0_0_0_0_0_0_0_39_0_0_0_0_0_0_0_0_0_0', '', 'H4sIAAAAAAAAAzPWMzC3tgYAbUhrEQYAAAA=', 'Wmfd2893gb7', 50, 9, 2, 0, '1', 1, 1620995912, 1620995912, 1621614034, 1, 0, 0, 0, 0, 9, '4', 1, 0, '194.147.50.82', 0, 0, 0),
(21, 34, 'GDsasheg', 46, 'MILF', '', 1, 2, 0, 0, 0, 0, 0, 991157, 1275, 1, 7, '0_193_0_42_0_0_0_0_0_0_0_0_143_0_0_0_0_0_0_0_0_0_0_0_0_0_0_0_0_0_0_0_0_0_0_0_0_0_0_0_0_0_0_0_0_0_0_0_0_0_0_0_0_0_0', '', 'H4sIAAAAAAAAAzWTUQ4EIQhDb2QERDTe_15L29mfaV8URGTme3PMeNYSDlhJ2O_ZsGpvIwKwBVXv-bjYFcPO628EIQtQgtMra0zErOHwS74T50hvn0j59pinYQ93wApCHsAF1Jj5-sv44ik16hBux5wxke0MC4ALgitLkIQtKMKhv7AX_g57_XHagF2068Bv-oLV5g60iX5MlA-xI2Szpk5uTeFOYSXxhPACDRc0qAm9hFHEdYToScv-sIQX1FcyH8YzfYhCsEQp2qISHRHbbME-t5joIv8SLb5OS4hWkJg0US8kXMjF_C-yzC3anB47GpJW3v9-hV8lupqn1iXMb3VrM2p3NbZlh7BPccMIGDSSuEWFra4xb7Ui5ocboaEaWhkaOtRDsUuz04r3a7nEZMda-J-0-iEqcypzfps555BIIYayhZPcilZ4aYy8L93j2NJP836y26N9pAMAAA==', 'Wmfd2893gb7', 40, 16, 4, 0, '0', 6, 1621508560, 1621508560, 1622893037, 1, 0, 0, 0, 6, 2, '1', 0, 0, '91.237.111.52', 0, 0, 0),
(21, 34, 'savaxx', 48, 'lol', '', 8, 1, 0, 0, 1001234, 0, 1, 595394, 1216, 2, 6, '0_72_0_0_0_0_199_0_0_0_60_0_67_0_0_0_0_0_0_0_0_0_0_0_0_0_0_0_0_0_0_0_0_0_0_0_0_0_0_0_0_0_0_0_0_0_0_0_0_0_0_0_0_0_0', '', 'H4sIAAAAAAAAAzWP2Q0AIQhEO5oAgkjsv6-VY-PHwGPkIBjffIRtt_TEgDgJBLoKyDgEp8HKbEGsM6g0cB0QnsBAPcLA2sB6xEEUCOhzXiaQV-GPMqimrSkrhr9pY93cpV0LMYPKy7DpxvDuov-1L8pf7xgB1Q4fN0FpaQkBAAA=', 'Wmfd2893gb7', 10, 15, 2, 0, '0', 2, 1621585177, 1621585177, 1621845106, 1, 0, 0, 0, 0, 9, '4', 0, 0, '91.237.111.52', 0, 0, 0),
(10, 27, 'Reupload', 49, 'The Nightmare', 'SGFyZCBtYXAgYnkgSmF4LiA3ODEz', 1, 3, 2, 0, 17813, 13519, 0, 0, 0, 0, 0, '0', '', '0', '0', 50, 18, 2, 1, '0', 10, 1621613535, 1621613535, 1621852323, 1, 1, 0, 0, 3, 71, '71', 0, 13519, '185.104.7.96', 0, 0, 0),
(21, 27, 'Reupload', 50, 'THE LIGHTNING ROAD', 'UmVtb3ZlZCBDb2lucywgfiBUaW1lbGVzcyBSZWFsIC8gUmVkdWxvYw==', 3, 3, 3, 0, 1808080, 55520, 0, 0, 0, 0, 10, '0_104_0_46_0_0_0_0_0_0_136_0_83_0_0_0_0_0_0_0_0_0_0_0_0_0_0_0_0_0_0_0_0_0_0_0_0_0_0_0_0_0_0_0_0_0_0_0_0_0_0_0_0_0_0', '', '0', '0', 50, 13, 2, 1, '0', 10, 1621614403, 1621614403, 1621615319, 1, 1, 0, 0, 3, 71, '71', 0, 55520, '185.104.7.96', 0, 0, 0),
(20, 27, 'Reupload', 51, 'malchik gay', 'ZXRvIHRvbGtvIDQyJSB3aHkgMyBkaXpsaWtlPyBpIGFtIG1hZGUgaXQgaW4gbW9iaWxlIG9uIHZlcnNpb24gMi4wIGEgYW0gbm90IGhhdmUgcHJlbW1pc2lvbiAoV1RGKSAgdG8gY29tbWVudHMgaW4gbGV2ZWw=', 1, 2, 0, 0, 0, 59255266, 0, 590669, 0, 1, 7, '29_317_177_54_29_29_132_999_29_29_132_756_424_29_29_29', '', '0', '0', 20, 14, 2, 0, '0', 3, 1621615301, 1621615301, 1621891882, 1, 1, 0, 0, 0, 2, '1', 0, 59255266, '185.104.7.96', 0, 0, 0),
(20, 27, 'Reupload', 52, 'demonischen pro', 'aXRzLi4uIGEuLi4uIHJlYWx5Li4uLiAgREVNT04gRVhUUklNRSEhISEhISEhICAgIGF0dGVtcHMgMzkyICAgICAgICAganVwbXMgMTEwMSAgICAgc2hvcnQgICAgNzM4IG9iamVrdHMhISEhIQ==', 3, 1, 0, 0, 0, 58535017, 0, 685746, 0, 3, 10, '29_999_29_132_29_29_54_29_29_29_29_29_999_29_29_29', '', '0', '0', 10, 16, 1, 0, '0', 2, 1621617000, 1621617000, 1621617080, 1, 1, 0, 0, 0, 2, '1', 0, 58535017, '185.104.7.96', 0, 0, 0),
(21, 35, 'OJector', 53, 'very possible level', 'aGFoYWhhaA==', 1, 0, 0, 0, 1001234, 0, 0, 0, 507, 0, 10, '0_577_0_0_0_0_0_0_0_0_0_0_554_0_0_0_0_0_0_0_0_0_0_0_0_0_0_0_0_0_0_0_0_0_0_0_0_0_0_0_0_0_0_0_0_0_0_0_0_0_0_0_0_0_0', '', 'H4sIAAAAAAAACzPQM7SwNrQ20DMys7Y2ApMAHTvTEBMAAAA=', 'Wmfd2893gb7', 10, 15, 3, 0, '0', 2, 1621778780, 1621778780, 1621940926, 1, 1, 0, 0, 6, 8, '3', 0, 0, '176.215.29.138', 0, 0, 1),
(21, 34, 'GDKipper', 56, 'Feacher', '', 1, 0, 0, 0, 0, 0, 0, 0, 87, 0, 10, '0_37_0_0_0_0_0_0_0_0_0_0_0_0_0_0_0_0_0_0_0_0_0_0_0_0_0_0_0_0_0_0_0_0_0_0_0_0_0_0_0_0_0_0_0_0_0_0_0_0_0_0_0_0_0', '', 'H4sIAAAAAAAAAx3JyQ0AMAgDwY4sMJBD7r-vQH47WpPLJIPHFHgGuT9WSY5kw1ExOPVx-xAxh8g-AS7pAc_G1oBOAAAA', 'Wmfd2893gb7', 10, 11, 1, 0, '0', 2, 1621852979, 1621852979, 1621886836, 1, 1, 0, 0, 6, 6, '2', 0, 0, '185.188.98.56', 0, 0, 0),
(21, 34, 'GDKipper', 57, 'Effect Impact', '', 1, 0, 0, 0, 0, 0, 0, 579560, 669, 0, 2, '0_517_0_0_0_0_0_0_0_0_48_0_134_0_0_0_167_0_0_39_0_0_0_0_0_0_0_0_0_0_0_0_0_0_0_0_0_0_0_0_0_0_0_0_0_0_0_0_0_0_0_0_0_0_0', '', 'H4sIAAAAAAAAAx3L2w0AMAgCwI2Ij2pr2H-vqj-SCyi4l0pBGamIgeIpadBsGHwRtsgiHT7NmeibunhnUNUISM8Cfhb9yoQF-QE9LSyBbgAAAA==', 'Wmfd2893gb7', 10, 8, 1, 0, '0', 2, 1621867017, 1621867017, 1621867102, 1, 1, 0, 0, 0, 6, '2', 0, 0, '185.188.98.56', 0, 0, 0),
(21, 35, 'TwoSteps', 58, 'Rotate Challenge', 'Um90YXRlIHRyaWdnZXI=', 1, 2, 0, 0, 0, 0, 0, 0, 620, 0, 3, '0_69_0_0_0_0_0_0_0_0_378_0_62_0_0_0_0_0_0_0_0_0_0_0_0_0_0_0_0_0_0_0_0_0_0_0_0_0_0_0_0_0_0_0_0_0_0_0_0_0_0_0_0_0_0', '', 'H4sIAAAAAAAACy2VWQ4EIQhEb2RaQcHM_e81tfjT1S-4ICB-v_n7fr9vRPFbTR43fr855gbMsTahCWt8_cN3tmAJtqGC8IZdzIkxAxAaFiNLsAXaJ0YDcny0JBfFN1qwg2BDyXBp2FwT37UFdHqPXYIjuLQcromv_Dxy4IwMwd6EMrSGaenS2WqsEoTgLAHPVuPiv8eH_x5rCehA24EepwnNxe7vdweH3BGL_xpyNeQOjRgXhvmNyWFQhfnz-aHb1nrWJiIlpMndKbGN2UKPnTrUXHYRmqJ-xMzMoOOTqm1CR5vIBI1Jl4VaV3tsuknJZdzc4_D_KG4Qm45SN8tZhcrXetaytZ-1be3nTnvHyxhP6iyh517NXR-9nFS4RkkT87rm-DgWyqkQLbwcIojSDjVd0eIcijIBXSFUdKG5hfsNZplB6lnbeLVPqO4gviDBYqLEQx0gxjGVyVcmuMRvJaM5qUsUhjTtbTwhrDeU12i9G7K27-hW-UFYfxBVP1Rh2lxBWEb7sO3DeT7o_lBUD9AU7Udy4rjqoG10IHyZIA5E2Yt6XpS9KMZSWCXU1VFTaVX6cn1A7EFzPsW5wI3bQueiHYd-cbh24TKdwhDlI3lwuYJQHlxmU8g4xOc4QBkHSISRXkD2Q3oBkRfQNioQMVUREAUCGqI08PZBlIxQdVJaSNOyu1Det1iu31jeY7nZRejexqs6qOai2kzH5KmhPMVruuGuC_HR0kdLhwXK8oh0YkIV9ovthwG6jLqeUFY3pEy0sdDjqHdA1LShbJpxXMzQY_Spj0Nfbw-1Y4pjXT5MveA23abkNipK_V6XVoeN634R7iYQXUbottX7uh3nay5QNgGIzpaf36PPD5K7cU63qdRDSVHDgKZRb0c6q7lcS1AeCKKcQ1l4GbqsEJ4nX66gbC75-jFUC6cvq_63X1XoATHaefRCQvQsQ0ukVpfqypRjqiW6JkY-2692tnd7zRfKyKduyO8P_oiaqDUIAAA=', 'Wmfd2893gb7', 50, 12, 0, 1, '0', 10, 1622021433, 1622021433, 1622056929, 1, 0, 0, 0, 0, 21, '8', 0, 0, '91.109.142.62', 0, 0, 0),
(21, 34, 'GDKipper', 59, 'The Impossible Game', '', 1, 2, 0, 0, 1, 0, 0, 944913, 970, 0, 2, '0_90_0_0_0_0_100_0_0_0_0_0_45_0_0_0_0_0_0_0_0_0_0_0_0_0_0_0_0_0_0_0_0_0_0_0_0_0_0_0_0_0_0_0_0_0_0_0_0_0_0_0_0_0_0', '', 'H4sIAAAAAAAAAy2RSxLAIAhDb5QRUMHx_vdqgt0Qn_JJ6bh3YNc1SoXgLILB6jLOPm_XuZzAk798R-W9ARcEZgOv7E4MdprwB3Pdu7AEC0nYYFNGvjMetU1eMazV5wxBqXF1hQ3MkBV6zcauMtqUNftf6ZTULw5TnWt642ZPC1gnBh61Kaq-dWFqIHULN6Jxy5Tkp6P5idN9CkO59c8vrIf16KjyINrR6RVRMh8ernI8f1T5o_QC3TBYSukVenZfP_oRJs2HnRyhP3Pj32Rk18bB4O0HQ1wZ0N8BAAA=', 'Wmfd2893gb7', 20, 12, 1, 0, '0', 3, 1622067618, 1622067618, 1622116771, 1, 1, 0, 0, 0, 6, '2', 0, 0, '185.188.98.90', 0, 0, 0),
(21, 35, 'TwoSteps', 60, 'Challenge', '', 1, 0, 0, 0, 0, 0, 0, 0, 272, 0, 10, '0_141_0_0_0_0_0_0_0_0_0_0_135_0_0_0_0_0_0_0_0_0_0_0_0_0_0_0_0_0_0_0_0_0_0_0_0_0_0_0_0_0_0_0_0_0_0_0_0_0_0_0_0_0_0', '', 'H4sIAAAAAAAACyXLyRHAMAgDwI405jaj_vsKOC9YgQ55UJcyo4MUeA0EqaRCYqCwu7j60EUa9mDI2R2yfYc99H4FZPqB-tFkwreSG7GgQn7ZtUuzfAAAAA==', 'Wmfd2893gb7', 10, 10, 0, 0, '0', 1, 1622114128, 1622114128, 1622116798, 1, 0, 0, 0, 0, 21, '8', 0, 0, '91.109.148.215', 0, 0, 0),
(21, 35, 'TwoSteps', 61, 'RIPMICHIGUN', 'UmVzdCBpbiBwZWFjZSAvXC9cL1w=', 1, 1, 0, 0, 1032021, 0, 0, 452965, 839, 0, 5, '0_156_0_0_0_0_137_0_0_0_0_0_78_0_0_0_0_0_0_0_0_0_35_35_0_0_0_0_0_0_0_0_0_0_0_0_0_0_0_0_0_0_0_0_0_0_0_0_0_0_0_0_0_0_0', '', 'H4sIAAAAAAAACy2SyxEAIQhDO2IEl49j_31tCF5M3oCo4JIvr94l4feqGLzKzvanAyaKgMn4gt8S8J8su1g_-sQGF90A74JYD3yIYUNIFCBl7XtLcADWDpTsItDH-Gp_utKRhcDp1Ia-1JHxYe3LCEi-umT1fqiRPIdysHyQuSrKKB5qRPfBSGI9PI32kk2siD4UEyyeunnqlj3wEdyGYmL5sDaRT9SPb4RoDfJG3yvrbDJk70En1SPeL14w2HdI1uDp5Oxba-vXlWoGXL2nJR_2XPVMEJ0e4kCUbb62-h9o6yadzjWVhUONP4boRuzhm_FtEE4Z6puYOXg6F21i9BNrxIfyQU9iPMwu5fw8kB4FBF26P6YlDcnBAgAA', 'Wmfd2893gb7', 20, 12, 0, 0, '0', 3, 1622126186, 1622126186, 1622781929, 1, 1, 0, 0, 0, 21, '8', 0, 0, '91.109.148.215', 0, 0, 0),
(21, 35, 'TwoSteps', 62, 'kakashka', 'YSA2dXcgM3I7MzI0cg==', 1, 1, 0, 0, 1003641, 0, 0, 629573, 9959, 0, 10, '0_83_0_71_0_0_2871_0_0_0_0_0_0_0_2871_0_0_0_0_0_0_0_0_0_0_0_0_0_0_0_0_0_0_0_0_0_0_0_0_0_0_0_0_0_0_0_0_0_0_0_0_0_0_0_0', '', 'H4sIAAAAAAAACzWPwQ0EMQgDO0IBwkKU_vs629F94plFwLLuXRZ9HbGD8om7yKcgbo6CWzzJoXRLBhKgME-QxZMMSpWkyZNiDLxpPpC0TMp-8pG7xIOWDdravG23pPjZDieVLchnB9y2MAjvSNBBGPN7WT4s4K2QYI8vHuHMSqn2IqekR8e5Gv1_OC4vqX4YyUlhn4rJyxn5bKdso-MHSXgx-WIBAAA=', 'Wmfd2893gb7', 10, 10, 0, 0, '0', 2, 1622128965, 1622128965, 1622139218, 1, 1, 0, 0, 0, 21, '8', 0, 0, '91.109.148.215', 0, 0, 0),
(21, 34, 'GDsasheg', 63, 'nedopolis', '', 2, 2, 13, 0, 0, 0, 0, 0, 6141, 0, 10, '33_330_0_0_0_0_38_83_0_0_66_44_326_0_0_0_405_220_0_0_0_0_0_0_0_0_0_0_0_0_0_0_0_0_0_0_0_0_0_0_0_0_0_0_46_0_0_0_0_0_0_0_0_0_0', '', 'H4sIAAAAAAAAAzWU2REEIQhEM7JGwKvMP6_tw_2xfQMqg8h3-_3aGBfjTsGJe3vbmGMSrQ_OWnKe-tqGDMOwBMtwsBF3SS7juAUpWEvA_YufOqQGYS4BHO7wmsGzMG66zfZhzWzTsAGLQXQIlmKU22oHa3b7CLsF5xWaT8FegoMlpxXjPNzz9q99JGg35kM4UZSZ3hUGREdDeXZnajqlQnRkTPtme5SmmcYtUtS9MC8HDe1bGA9trEfDRu9SDOv2wZM6NURe6fxB9JvQCZrvN6d_8zw8PvS0CGPaWs86lnA-67J1m3jj8fHynTzKNiZrprcSdt0BZIVxD6HSFcFQJNsYIYxlLJECgjKg-BdgKKBArck3Van5fNO-6auP0q1AYhuHaD7aoiMaDIWSYWQpQMYwLtHRKdO-84U7lXvIfFbWtU2rdQawfEtQphoy0jjl6ce39FJiv5yooDHWo7mFjgBXyZXnJUFXefNTaUK4bXYXCrQbVeRQVlUiu3qeYUTiSKn3keV3BGWnyFdVUPlOnwpllUPsPO08XTjpd5vrnbNUD-l_hahzbN8plKWd5_WPo1LKV5FQHYtKNGnf4ysuPWVKPFSH-fzWoGwR1Z1TaIjSwCumLOO0UV2n2BE1PtI-wbR3KksfEmnMJZymlSL1yAo3QDmmyqHcJcp9ElIPRwodgPrnrWJ49wfBzIvDtwUAAA==', 'Wmfd2893gb7', 50, 15, 2, 1, '0', 10, 1622136799, 1622564674, 1622138870, 1, 1, 0, 0, 4, 2, '1', 0, 0, '95.153.132.201', 0, 0, 0),
(21, 35, 'TwoSteps', 64, 'RIPMICHIGUN medium', 'UmVzdCBpbiBwZWFjZSAvXC9cL1wgWW91IGlzIGxlZ2VuZGFyeSBwbGF5ZXI=', 1, 1, 0, 0, 0, 61, 0, 452965, 689, 0, 10, '0_193_0_0_0_0_0_0_0_0_0_0_96_0_0_0_0_0_0_0_0_0_52_52_0_0_0_0_0_0_0_0_0_0_0_0_0_0_0_0_0_0_0_0_0_0_0_0_0_0_0_0_0_0_0', '', 'H4sIAAAAAAAACy2R2xFEIQhDO2IELj6G_vvaJOyP8YwIAVZ7r-5lFbzZ6Xbzg7tbJuEVIMyjce4ruHjJgbR3u8uC_8uqe_OjQ74kHEYdW3i5hrQ4I3nPK_guYZfgCB7rP1uAZzGQghrYgjvA-r7MmQEaR6h-oHtQsVAF-ySF0iJkDx2Bqjs6bp6RQ3mEkxaDSOFRbFqgO0jW4NCOoRPCm4Oy8P0Tf2oM8hRctlin7BuqoUfatpho_6tseqFM3k3f7ceCY4V-NHH_Y7nj__49XWPRx6U6NUXaAZTbjTWPUCSkyGC4tgLJM1gp1HwjbBFjdgutEv7pkT71BqF9yM5BjLKjzIVFSzjPwOXHzeRO9RSypR8SO_I6wAIAAA==', 'Wmfd2893gb7', 10, 11, 0, 0, '0', 2, 1622144205, 1622144205, 1622144844, 1, 0, 0, 0, 0, 21, '8', 0, 0, '91.109.148.215', 0, 0, 0),
(21, 35, 'OJector', 65, 'The challenge', '', 1, 0, 0, 1, 0, 0, 0, 837281, 104, 0, 8, '0_212_0_0_0_0_0_0_0_0_0_0_96_0_0_0_0_0_0_0_0_0_0_0_0_0_0_0_0_0_0_0_0_0_0_0_0_0_0_0_0_0_0_0_0_0_0_0_0_0_0_0_0_0_0', '', 'H4sIAAAAAAAACx3Nxw0AMAgDwI0QJTSx_14Bfyzfw8Ajw2Qxm66A1yFlIcQ-mxrAk4M7EH2oB3TOKMltlNQOloBfD0VPoAzoPWbE--wD01JM64QAAAA=', 'Wmfd2893gb7', 30, 13, -3, 0, '0', 5, 1622192765, 1622192765, 1622782037, 1, 1, 0, 0, 0, 8, '3', 0, 0, '77.223.69.201', 0, 0, 0),
(21, 35, 'TwoSteps', 66, 'block', '', 1, 1, 0, 0, 0, 0, 0, 0, 53, 0, 10, '0_38_0_0_0_0_0_0_0_0_0_0_0_0_0_0_0_0_0_0_0_0_0_0_0_0_0_0_0_0_0_0_0_0_0_0_0_0_0_0_0_0_0_0_0_0_0_0_0_0_0_0_0_0_0', '', 'H4sIAAAAAAAACyXMyQ3AQAwCwI7Q-oqJ6L-veOMXjJAInJAp4C4lsgaJp6QC71J4KTXMBw0fEDmdqJDsgD0yw2ndWPrSUVw2f96zD66HRIh0AAAA', 'Wmfd2893gb7', 10, 8, 0, 0, '0', 2, 1622210186, 1622210186, 1622224049, 1, 0, 0, 0, 0, 21, '8', 0, 0, '109.111.148.209', 0, 0, 0),
(21, 35, 'TwoSteps', 67, 'The realy hard', '', 1, 0, 0, 0, 0, 0, 0, 0, 221, 0, 10, '0_80_0_0_0_0_0_0_0_0_0_0_80_0_0_0_0_0_0_0_0_0_0_0_0_0_0_0_0_0_0_0_0_0_0_0_0_0_0_0_0_0_0_0_0_0_0_0_0_0_0_0_0_0_0', '', 'H4sIAAAAAAAACyXN2w0AIQhE0Y4mAvLY0H9fy-APucconpZWiPZMtYU5cXMR7JfF_HTacOaBIW1R1n0hPrjQJEIXc6EdMu1QZZsvrhNJzA_xjgPbH7cmZBYVDlGQInTmD3HpAMexAAAA', 'Wmfd2893gb7', 10, 11, -1, 0, '0', 2, 1622304064, 1622304064, 1622797347, 1, 0, 0, 0, 0, 21, '8', 0, 0, '109.111.148.209', 0, 0, 0),
(21, 34, 'ojector', 68, 'first mini game', 'OTg2MDAwLCAyMDUgZ3JvdXAgSURz', 2, 1, 19, 1, 0, 0, 0, 0, 1932, 0, 2, '0_572_0_172_0_0_63_0_0_0_0_0_286_0_0_0_0_0_0_0_0_0_0_0_0_0_0_0_0_0_0_0_0_0_0_0_0_0_0_0_0_0_0_0_0_0_0_0_0_0_0_0_0_0_0', '', 'H4sIAAAAAAAAAzXQWQ4EIQgE0BuRZpEl3v9eQ5WZH-Q1KrTf1fvJ53ejHsIKcCfiAK9w-l4VB1RiYZK9MGE-trnzrhDfPbtE3HvEgCNuQBZRBfSrDCuDSoraf9m4RxGbnwJ5vHIkcILIA2QS5UAN0Q0MzpfsXSVmzD2AKOIMkEGUARym5dvz_UZqMeTmzPd9EN8uDNNyDpEK5EMFUE00L-M7bcORDw1H1AFNwgj-8EgowEcama3ohy73B14pAPy2AQAA', 'Wmfd2893gb7', 10, 11, 2, 0, '0', 2, 1622374075, 1622374626, 1622374085, 1, 1, 0, 0, 0, 8, '3', 0, 0, '81.222.190.107', 0, 0, 0),
(21, 34, 'GDKipper', 69, 'I', 'PV0=', 1, 1, 0, 0, 1000105, 0, 0, 593661, 412, 0, 2, '0_0_0_0_0_0_0_0_0_0_0_0_0_0_0_0_0_0_0_0_0_0_0_0_240_0_0_0_0_0_0_0_0_0_0_0_0_0_0_0_0_0_0_0_0_0_0_0_0_0_0_0_0_0_0', '', 'H4sIAAAAAAAAAy2QUQ7AMAhCb0TaWq3G-99rqPuCFwYzXblzZR48pROEZl6cQ7iQBmv_PFMhj6DQBtMGIxjcCYYgvPnsQcv7-AocIgTHfQVBH1j0MY2AngI_DXXLXpBapg65DgVre88g9Q7W5D5YnKFM8_QqpUPBkiyZUCaUf1f6zn3_9E564TLYf9U_5TtIY99L7YPtTw1DU7Wp8mki8wOl0MNFdQEAAA==', 'Wmfd2893gb7', 40, 9, 0, 0, '0', 2, 1622374206, 1622374206, 1622395804, 1, 1, 0, 0, 0, 6, '2', 0, 0, '185.188.98.90', 0, 0, 0),
(21, 35, 'TwoSteps', 70, 'Lets go prew', '', 1, 2, 5, 0, 0, 0, 0, 0, 1676, 0, 10, '0_352_0_0_0_0_0_0_0_0_55_0_176_0_0_0_0_0_0_0_0_0_0_0_0_0_0_0_0_0_0_0_0_0_0_0_0_0_0_0_0_0_0_0_0_0_0_0_0_0_0_0_0_0_0', '', 'H4sIAAAAAAAAC02SQZIgIQgEf2S0KALh__-1VYWzMxfTbFsR5Lv3G-Z3AntRKiBzTL8Y3SRxr_HLBNai7JCE3buG8a-l_Wsk5nt8mO-xTOKch6aZ9_pYlDM-yOnoR7vPOJrXvcFAE8AVMJ6WSEqGBDe9OT5uzzGTsk3CPTliSRiyMCvFqz63mAHG0DyZ7Dc-pY56yPQf6K3HW3kFoLQ6GZ5QCUBkdidqRTOmRpxsTZ60xlSYNZDwRKW0cyvo7rqCpxdLi66bA7vNXRY69vDaxHqq-wLRGjwJ1aQFC0S4t56URrSWrHQQSno1PrOUdt41Jo-td1CNE9KwVtbcvm4fU-2IbCvaZE6TROmI3ebcad05pj67xuJMYrlsZ-sxqd4ZTP6rJnVdD-g2dbSVxmfZi-p06_oBShRkooC3KUZ0k4J8X4uXWHRir36m-ln2i4K6A3rSW_VvvbSrwxSLMf9zqQf_wLK__pDP9ws98R_2nh7zfWtOteIvVME_ZJZEr6rrlvUl7AU3JkIE8A8UBB1PNwQAAA==', 'Wmfd2893gb7', 40, 7, 0, 0, '0', 7, 1622451270, 1622451270, 1622476818, 1, 0, 0, 0, 0, 21, '8', 0, 0, '109.111.148.209', 0, 0, 0),
(21, 35, 'TwoSteps', 71, 'Ballistic prew', 'QmFsbGlzdGljIA==', 1, 2, 0, 1, 0, 0, 1, 3837, 2490, 0, 1, '0_304_0_40_0_0_0_0_0_0_0_0_255_0_0_0_0_0_0_0_0_0_0_0_0_0_0_0_0_0_0_0_0_0_0_0_0_0_0_0_0_0_0_0_0_0_0_0_0_0_0_0_0_0_0', '', 'H4sIAAAAAAAAC03Q2w1EIQgE0I7IBdSB0H9f6wPIxg_wOMQEdtKIECaTUxeJBO-zO53xmoGilYIOnbHbeBLuHVRXUk0ZWjSLVqcgSVbiL2T05ZwRF0mTFo1ZNGfSQhGQZJ3yR05f_ujEliRNirOVXe-T7jXhr4kfJfQWID8BAAA=', 'Wmfd2893gb7', 50, 10, 0, 0, '1', 1, 1622459313, 1622459313, 1622476876, 1, 1, 0, 0, 0, 21, '8', 0, 0, '109.111.148.209', 0, 0, 0),
(21, 34, 'GDsasheg', 72, 'the pizdec', '', 2, 3, 0, 0, 0, 0, 0, 595621, 36502, 0, 10, '0_202_0_0_0_0_0_0_0_0_0_0_202_0_0_0_0_0_0_0_0_0_0_0_0_0_0_0_0_0_0_0_0_0_0_0_0_0_0_0_0_0_0_0_0_0_0_0_0_0_0_0_0_0_0', '', 'H4sIAAAAAAAAA03VW7aGIAgF4Bm58oKXxfznlbBBeDh-sTv2W6l9pS-u_JW5mGup_Ra1dDneenhu3gpJ3spqUhwpeiG-zW73eJR6_2vcRI7X7U2lyWWpjCbF7Frs22WWT4pZ6pZibC2WHB_psvTEKnNrcW6XXZoUu5AWW4pT2r3ywZlTxpKCZDD1K5_cS8O5q1S9NL21Xjpp2TfKgbOEirZWs6FccvLenZ6994dSubemaTg52tOQwYkRPdAjnBytPtznKp-M6KFPNdkRG8P6uNQ5sy01Jzopu3w60rB2TnRC6g7Eir2EpA7ngYcZLnQS2oexJolTuywzZY46VR5Jzcq8cRpmcrIRJ3QsSZ3Yhk2VpEyZYDSkLiFWRvnkCSV1OI9hqStTKdBlkly4pEIyU2uWEBvoE1onZZauYw3H5sREqNzJJC_mMRdSd7O3tiyTMh0CnfvPo5M_IITO5sS0Hq6-lsdeSNWum1W0nplyg07HXEg2TaXnkGFVUXayfh-yVKR73H2IG9W5lW1ZXdfra1dH5p7Gj40ZmkSKVmdCcrK3x8YUypaX8NSU5RZMhIYsNmN8peqmHUqXYCFUqozktdjsw9P5cZeWhI870xL6XJLyJXA69pxk52g3IXPle-QMfEuSlTixLHU3YuMgVCTRP6yQJFK0uyNzz-bH_aBJ-JCNJtDvZ3Kii7LsPYStc0L33KR8sQKyPu4kThzrA7E0A_3GPLE0A0JoyOILvIdKn-x2iYrQaAgNQqhU_algIDTksxVMhAb-39plmXk4tfY7sOnqDpqlLnFqm2WmvGSn410kZRMOdK9MHvZ2YO9JtsUJ3EO4ERvH-kDC4zamXTFsmxOLkLqHvV32ayFSaWXDskanY6B7c1I-NM7RTSDoHK1sxcYP1rPWWHwKAAA=', 'Wmfd2893gb7', 50, 15, 2, 1, '0', 10, 1622711061, 1622797010, 1622711075, 1, 0, 0, 0, 3, 2, '1', 0, 0, '95.153.132.63', 0, 0, 0),
(21, 34, 'GDKipper', 73, 'Lost Stale', '', 1, 2, 0, 0, 0, 0, 0, 575472, 6105, 0, 10, '0_311_0_0_0_0_155_0_0_0_138_0_90_0_0_0_878_0_0_0_0_0_0_0_188_0_0_0_0_0_0_0_0_0_0_0_0_0_0_0_0_0_0_0_0_0_0_0_0_0_0_0_0_0_0', '', 'H4sIAAAAAAAAAy2UVxLAIAhEb-REEMt4_3tliz8uL5Ygxe_2-937tW9zDGJLmiNll2BtwYl7O5d2iOwM2YP2XLI37VOwo33YHa0vQWzC8EwVwRM7aB9CypH0uUknME7Zi-ZO2Tj-jvZxx2h9E9IwFmEaMMG_FVdijC0YgumZxTXtwJ73zhY8f7ZMQsnW97Vkb6xeDsDitTBqx2qpmVqCKdhcBms7ALvFIgx95lKMKwW7CArakbOnRQgQCIzlGZ57uJiAeN3--WwoXYZoJRTXo-wwHs721vk7aBgVM2iJZpgWM4vc6aTwWuTNVAK5DVVBZOvamS1KaB-SqyjHJH-VrU5NY4VxplAx60gYD653uVIUIGWaAl-Nubt9stI6tZcwHw6j8gKdRnmEBF6OaRghsu-LwaDsZZTz-5X-ZodgrEdMC0S12ZXG28-L9VHZQ8bD8qy8j08XjZdFaBjdJJ-KBPImd4rcW50Joiig4ZxCeLcIn5tvMt17yUsKy7PqASgzHoPp61SWEkQnlXu43l-n_zp9u5j-64t3ON7x4g2dS6jWjsU6oZRJbX8c4nQk8l0dOkWH_mfXzvR7AWG7ZLp807fJwRbsVGE9LL1gED8v0yct3xWKlyu3Xwao3pvtDoMevkWHVY7X5FNjju5qh7KdRzimY6i2BooTVfUDDb_LglYFAAA=', 'Wmfd2893gb7', 40, 7, 0, 0, '0', 6, 1622902047, 1622902047, 1623523310, 1, 1, 0, 0, 0, 6, '2', 0, 0, '185.188.98.53', 0, 0, 0),
(21, 34, 'GDsasheg', 74, 'Unnamed 4', '', 2, 2, 0, 0, 0, 0, 0, 1021710, 1519, 0, 3, '0_169_102_0_0_0_168_156_0_0_74_44_115_0_0_0_0_0_0_0_0_0_0_0_0_0_0_0_0_0_0_0_0_0_0_0_0_0_0_0_0_0_0_0_0_0_0_0_0_0_0_0_0_0_0', '', 'H4sIAAAAAAAAA03SWRLEIAgE0BtZbigp7n-vCA3Kx_hMRxyNVpFaBkk7kPaXdXlo_-vnYZQp2rD1l_bXtj5r_4xsMkvtclobNMtiffh0VirtTEWFdKplb9oZoK8albolYWOSZ1RiexoyioylU7RsR-zYBpOE2Fkdacgsl12G7il5VpeJ1N2IA_LU_RAbXJqt9Tm3XL5SbcZnR-xMQhraH14-rzF7tTMImtKySNESIQv1wIJemqXPIa_1yDlXJIF1hMO2GMwydP9JGnIhfJ3kYEnYXUluFDnMSOHCB7hsT8NzYS_nvO3rPJGi_TYyeE7wfPbHHEhDvWaP5TUho8j4SrO1PAdiZ3akIZEEo-JUkp0lMRE6hNBhr4BN_OczPYe8lgYy2EvV-IKK51lxgh4_2_T6voEEAAA=', 'Wmfd2893gb7', 20, 7, 3, 0, '0', 3, 1623077840, 1623257758, 1623077848, 1, 0, 0, 0, 0, 2, '1', 0, 0, '95.153.133.62', 0, 0, 0),
(21, 34, 'GDsasheg', 75, 'just a lvl', '', 1, 3, 0, 0, 0, 0, 0, 1021710, 16234, 0, 5, '0_63_1163_0_0_0_0_0_0_0_0_264_221_0_0_0_0_0_0_0_0_0_0_0_0_0_0_0_0_0_0_0_0_0_0_0_0_0_0_0_0_0_0_0_0_0_0_0_0_0_0_0_0_0_0', '', 'H4sIAAAAAAAAAy3QURLEIAgD0BsxClhguP-9NoH9aXwjRVTlat9W0Wx8LQY-eG_wDWKRgzLA5AAmd6GP2LUH158OYqqSOz5wqQS-kmPdgXLtzivGEiT_RhRnSZVDKouGmIqR_1206jSOf5n-hqFLjpsul8Mjdbmd33YOsSkOeTksKncz90WQT4fxZ5G4wDQusRzuscXLdh2hEL6aF0Ry4rqcFESbwuPjrB_PCHu-igEAAA==', 'Wmfd2893gb7', 30, 7, 1, 0, '0', 5, 1623691921, 1623691921, 1623691931, 1, 1, 0, 0, 0, 2, '1', 0, 0, '2.56.25.31', 0, 0, 0),
(21, 34, 'GDKipper', 76, 'Flappy', '', 1, 1, 0, 1, 1344544, 0, 0, 584398, 451, 0, 2, '0_59_0_0_0_0_0_0_0_0_59_0_59_0_0_0_59_0_0_46_0_0_99_99_0_0_0_0_0_0_0_0_0_0_0_0_0_0_0_0_0_0_0_0_0_0_0_0_0_0_0_0_0_0_0', '', 'H4sIAAAAAAAAAyXQ2Q0AIQgE0I4mAnIY-u9rGfaH-CKDx2np031wjFWMhi7MF9eJ_FHVLTg1ECjX13btTkQuprkVwohCk0hb1MAgzNvuGDwXsagfb0ZfKNsurIhHOI-een0x0alhCx4acB0EYpA4bEteZGrVYuZ0gZHC7X5_0-Nj3p9-nNiyv9EfVAGkfCEBAAA=', 'Wmfd2893gb7', 10, 9, 1, 0, '0', 2, 1623742826, 1623742826, 1623825517, 1, 1, 0, 0, 0, 6, '2', 0, 0, '85.113.213.65', 0, 0, 0),
(21, 34, 'GDsasheg', 77, 'level one', '', 1, 2, 0, 0, 0, 0, 0, 593661, 1157, 0, 3, '0_215_117_0_0_0_0_0_0_0_0_204_215_0_0_0_0_0_0_0_0_0_0_0_0_0_0_0_0_0_0_0_0_0_0_0_0_0_0_0_0_0_0_0_0_0_0_0_0_0_0_0_0_0_0', '', 'H4sIAAAAAAAAAy2T0Q0AIQhDNzIeiGDcf69riz_UFwQVcN47R-T9IOmEE4BvzLiw3hBG2A2Z99qYBrDxGcFSkIjx4VjDFtcrBIi8a0zuWtwMCz8hnLBdkEZox7k3Bs-I4c51cs9mElgrwXJCtGfjxBwfT8zhSdhaa3mYqxRe40uBCbyBlz9jMtfBG2CitG5H6fETdZjDXOuxRF2WOQpB39cZoGZCt8aVwl2NRbS3GWUsYW82VQWSz1shPCTnCyl6NVTHrocoJRPrRiwfrd4H3aDdrYJGCdMadZ98WYp9pxzdVuWgfbRKqKmB6sTDsRAi5tock5uhXwotGl20rSkb6-ExoU61b3xX9pGV0B-GaDek4HmqN3YWU8charlpVCkabOgKYTzcjSo8tEyo2THXn4Bo-KBLFA2sJ2Q_XzaWTl3sBKzaC12i9XyRwo5cHbl63qCH3ng_LPRs_IWGElQ1qfC7fxn0a-zLbv1HyHpeThiki5ScaIp7o0pYr0ilDttpdLWWwpgfe48K2D8EAAA=', 'Wmfd2893gb7', 20, 6, 1, 0, '0', 3, 1623754780, 1623754780, 1623755787, 1, 0, 0, 0, 0, 2, '1', 0, 0, '95.153.133.254', 0, 0, 0),
(21, 34, 'GDsasheg', 78, 'level two', '', 1, 2, 0, 0, 0, 0, 0, 593661, 11028, 0, 4, '0_160_199_0_0_0_38_0_0_0_0_0_196_0_38_0_0_0_0_0_0_0_0_0_0_0_0_0_0_0_0_0_0_0_0_0_0_0_0_0_0_0_0_0_0_0_0_0_0_0_0_0_0_0_0', '', 'H4sIAAAAAAAAAy2Q2RHEMAhDO2KCOQxD_30tkvfH6EUYYn1SOTqfdM2oaCyonASYETwAz0iDziTc7Triqw-NIzcIrTMmiusmpwAWBE9AKOGyreD4jMvBBUfrnqmEa4B60OuEfGgLOQqwJCQ0X5Ky3xNbodfeM42w_tz3xCsG_eSuwlmEgm7sW1VIYpW4Ajin0NLyob35uuac5hxlLIqKFPS8392qRWQQW4N0_yZ7TT6amxmJu7c6yf9eYE7IxX43hIZi-hCZbume-QEwkNsc2wEAAA==', 'Wmfd2893gb7', 30, 6, 1, 0, '0', 4, 1623755776, 1623755776, 1623755792, 1, 0, 0, 0, 0, 2, '1', 0, 0, '95.153.133.254', 0, 0, 0),
(21, 35, 'TwoSteps', 80, 'XBClubStep', 'cmVtYWtlIG9mICBDIGwgdSBiIFMgdCBlIHA=', 1, 3, 13, 0, 0, 0, 0, 0, 0, 0, 10, '0_528_0_0_0_0_0_0_0_0_39_0_264_0_0_0_0_0_0_0_0_0_0_0_0_0_0_0_0_0_0_0_0_0_0_0_0_0_0_0_0_0_0_0_0_0_0_0_0_0_0_0_0_0_0', '', 'H4sIAAAAAAAACy2WVxLDIAxEb8SYosLk_vfKFn78vKFYqJHvN3_fOPuHZ5ZEr99vjrkh5tibojmCt02Nt3GKolriYuSMtSDO0PsuvZ-miJCoRXE5K8YXPzynxcJm6Q_mWE1RFvf3qzG5WcmS8mbFcTwvRXMlnlESsOl3Le7AxvMbS0f5xsbQnP4qqHMu2w1qdI9JtbnBb8J2DdpEoJ5szs2xJXOEVNMbs8ZHl5U9NWXxb7ZdMtsb9-iwvNzpjil5x8bk9XkteCzTqiQuxRwf1eKCSdLVQLRlw4aFaFH5MEBZaeyMT1MP3UvIPvBYplW21NVGoaOtFzeQsQLCKkNKSQEyKxbiSZWKHhBPJny_yvaVv1lvZXllKxJES9klrVQF5Ox1bdEduS1b6iovPy3d0zkDMmf5_b3obyKsckt52ebxiNIoHEV5eFhJxmQfpwLIVNjhLAIZwF3OX_ByLYzWaCsXgCpLHnRfuQjYJaUqBJme53OYwC31BLPmTC0EjoSsP0vxPMoASU3d3hXUrirIUN0AsgZENf3Oq0OQKX_qfb_GCkmdBIwt2U9qbTMpJ7mWpCe3J7e7yEFNn8tq4ztL59zxBHeJj5-aJB0SKgJJ7gLksizLfpKejvnWum8ByjcwpbKtqiTlIpBh8MSl2MdyzwGZmYCqNbbb1rbxoCzazsU4ysVIZ2oo139RLm1wW-4n36gaFdjcWck-ybUllWThLCfaUo65DhzIgs7ntrSf8vkp7ZhkLaVaH6EuASLDCfXkXNyeyCfppdz89iSnpewHQ4rNKI_3PT55uocAGZaMFKC5XBYsYr6rDQBlRR9kOolAffA1WfBYppX2TO_JgbLrQF0gpdIGWNqAXJVuLdnPVUpQwv5odTtAm17Vfb7WDDIkgL2jTsMnV9aHy-hz4YBM_nppW4oD4Ynjwtia706bSgrAc5WmeLYFO0stBx1cUvupsKwnea7abswgixWQm8t5Wu7_QEvo7iwnbZ1nkLoc4ZXHnzlvsq9B4FiFhCxIeQvQXQuyDwJKb7CkrpRKglAqlds_IM-CVrpyircAn4pQqSCEsuz389WvttJ3al0W6xRL0r5xHAlPUqMG0Zt-_WoIPFLxFLMWqCf1dbD981sqg_vzIXv6X8nUWYHY_pUpBniS76H2PQQwkwEP8q8In-cpXuL94tZHoQDUYtuBAuiPDq0MZxWYUuq-zffX41vRIraHVA7tSvsDtJP5kxgKAAA=', 'Wmfd2893gb7', 50, 9, 2, 1, '0', 10, 1623849780, 1623849780, 1623913774, 1, 0, 0, 0, 3, 21, '8', 0, 0, '109.111.140.214', 0, 0, 0);
INSERT INTO `levels` (`gameVersion`, `binaryVersion`, `userName`, `levelID`, `levelName`, `levelDesc`, `levelVersion`, `levelLength`, `audioTrack`, `auto`, `password`, `original`, `twoPlayer`, `songID`, `objects`, `coins`, `requestedStars`, `extraString`, `levelString`, `levelInfo`, `secret`, `starDifficulty`, `downloads`, `likes`, `starDemon`, `starAuto`, `starStars`, `uploadDate`, `updateDate`, `rateDate`, `starCoins`, `starFeatured`, `starHall`, `starEpic`, `starDemonDiff`, `userID`, `extID`, `unlisted`, `originalReup`, `hostname`, `isCPShared`, `isDeleted`, `isLDM`) VALUES
(21, 34, 'GDKipper', 81, 'Retro Igng', 'TmljZT8=', 1, 2, 0, 0, 1112233, 0, 0, 485978, 5423, 0, 3, '0_284_0_0_0_0_128_0_0_0_481_0_157_0_0_0_260_0_0_46_0_0_0_0_0_0_0_0_0_0_0_0_0_0_0_0_0_0_0_0_0_0_0_0_0_0_0_0_0_0_0_0_0_0_0', '', 'H4sIAAAAAAAAAy2USxLAIAhDb8QoqOD0_vdqEtyYvsEPBuywm9_8po39YVxbsIpwHeDf5xbBL0YxXnzH94UFJ4etJCQnLxtYuay_ffNbsyBJOCVIRLbhJI7J770FJwiXcLTXsRUCrKjOo2wHQXuVZRK05NoAXG5JuJg2hy1mA90uPE2nRPWCl0EmNKfOhWgXqDfqHlMWUXY1nhTq-tALctNU55xvhk3FwlzUFkenE0xfWNx20flJPaIr2roWpFPYcnwecy09vCBlN-0OdkLHSlSamjZ5SnIOsGx9HOuR_IKHNBmquffNvVaI-mAfDFROYzUpgL0EPB5ysrFEOsG5Su7ym6sp_jAa5Q6UjQDJh5XC7khnipTdRJsh5yGbC1LVeBkNWjip7kL5DFW68c4JtsPnusli2SjexC6AvNgWqOl86-1AwhuXSIWFVgc7dZTVT1sKTdHV48q-1KsN9HBd2dC6UgtAsonJ3FeAqwaAnCZ5dftdx9BCiHwOloljPWLJQ-ZPKo4Mf-SP9EIilF68ZoZ6o14klCmEmlp4RHqh0a5ShIvdg9GjKUSqO5SvIpauAsmmt-4K-l5brxQiD0LmU1bTbjrRmCHsq2xtdNpZKOscp38T1BLWQ_4YIt8xqWyz00vWr70qmwwUX6bwiPIFtUf1a47-SUH8ITs_brfBGvIZ4t4YW8j38ANeTTU1rAUAAA==', 'Wmfd2893gb7', 30, 5, 1, 0, '0', 5, 1624042660, 1624042660, 1624132242, 1, 1, 0, 0, 0, 6, '2', 0, 0, '85.113.213.65', 0, 0, 0),
(21, 34, 'GDsasheg', 82, 'bymer', '', 1, 2, 0, 0, 1, 0, 0, 1021711, 725, 0, 3, '0_161_0_0_0_0_0_0_0_0_57_0_141_0_0_0_0_0_0_0_0_0_0_0_0_0_0_0_0_0_0_0_0_0_0_0_0_0_0_0_0_0_0_0_0_0_0_0_0_0_0_0_0_0_0', '', 'H4sIAAAAAAAAAy2R0REEIQhDO2JWUIGx_74uCfez8S0iAZZ5vPWW7fPwvS7Ies_tC37XwS-3QDxs4xyW_t5meEFckDozb1sNNDKOMo6d4LkKcO3Lh28cASNph5G0REpZEMouz0lDLSs9t9oKsD5zPgDdLjw-CAsr2A5o2wLBBB1Bk5lXniA3RbILbWKankmLEJ0_3iPMHCxi2UdDUA_hycEU5T_YDKIFOWraptwYzMFmHf9soRlI5OAdbF72pTqQFGI1RJ8ZebACZdVguHAu79nm_kf3RPdY9tkcpElHG4JowlDu3i_LLeoWaTJQZd7Zrec0gAGRaqj-D2mzFE0RWkSV7LnZaukHYxJKOpQCAAA=', 'Wmfd2893gb7', 20, 3, 0, 0, '0', 3, 1624091731, 1624091731, 1624097329, 1, 0, 0, 0, 0, 2, '1', 0, 0, '185.104.7.96', 0, 0, 0);

-- --------------------------------------------------------

--
-- Структура таблицы `levelscores`
--

CREATE TABLE `levelscores` (
  `scoreID` int(11) NOT NULL,
  `accountID` int(11) NOT NULL,
  `levelID` int(11) NOT NULL,
  `percent` int(11) NOT NULL,
  `uploadDate` int(11) NOT NULL,
  `attempts` int(11) NOT NULL DEFAULT 0,
  `coins` int(11) NOT NULL DEFAULT 0
) ENGINE=InnoDB DEFAULT CHARSET=utf8 COLLATE=utf8_unicode_ci;

--
-- Дамп данных таблицы `levelscores`
--

INSERT INTO `levelscores` (`scoreID`, `accountID`, `levelID`, `percent`, `uploadDate`, `attempts`, `coins`) VALUES
(1, 1, 1, 100, 1620683396, 124, 1),
(2, 2, 3, 100, 1617487057, 87, 0),
(3, 3, 3, 100, 1617719213, 10, 0),
(4, 2, 4, 46, 1617728551, 76, 0),
(5, 3, 21, 100, 1618672066, 1, 0),
(6, 2, 11, 9, 1618691127, 1, 0),
(7, 1, 27, 49, 1618992902, 14, 0),
(8, 2, 20, 0, 1618919986, 0, 0),
(9, 3, 8, 100, 1618928428, 53, 0),
(10, 2, 14, 6, 1619268511, 4, 0),
(11, 1, 13, 1001, 1619511226, 11, 3),
(12, 1, 14, 100, 1619617738, 12, 0),
(13, 2, 27, 34, 1619556024, 18, 0),
(14, 1, 32, 68, 1620683359, 14, 0),
(15, 1, 33, 84, 1619617524, 34, 0),
(16, 1, 17, 15, 1620683362, 183, 0),
(17, 1, 34, 100, 1619617721, 8, 0),
(18, 1, 31, 100, 1619622044, 42, 0),
(19, 1, 24, 100, 1619617728, 2, 0),
(20, 1, 18, 100, 1619617734, 19, 0),
(21, 1, 2, 100, 1619617747, 7, 1),
(22, 1, 21, 100, 1619617768, 5, 0),
(23, 1, 28, 4, 1620683350, 33, 0),
(24, 1, 16, 5, 1620683366, 130, 0),
(25, 1, 19, 26, 1620683370, 173, 0),
(26, 1, 8, 11, 1620683373, 46, 0),
(27, 1, 7, 21, 1620683400, 178, 0),
(28, 1, 6, 21, 1620683403, 267, 0),
(29, 1, 42, 100, 1621202652, 10, 0),
(30, 1, 39, 57, 1620823278, 72, 0),
(31, 1, 41, 100, 1620840475, 16, 0),
(32, 3, 20, 9, 1620967192, 9, 0),
(33, 1, 45, 100, 1621538722, 2, 0),
(34, 1, 44, 100, 1621538716, 28, 0),
(35, 1, 43, 100, 1621538711, 14, 1),
(36, 1, 46, 100, 1623756811, 22, 1),
(37, 1, 22, 12, 1621540416, 33, 0),
(38, 1, 49, 100, 1621671359, 4, 0),
(39, 1, 50, 88, 1621755779, 22, 0),
(40, 1, 52, 54, 1621617662, 4, 0),
(41, 1, 53, 100, 1623826517, 50, 0),
(42, 1, 59, 28, 1622116891, 7, 0),
(43, 1, 63, 36, 1622139004, 22, 0),
(44, 2, 59, 100, 1622140025, 11, 0),
(45, 3, 7, 100, 1622189045, 98, 0),
(46, 1, 72, 100, 1622804136, 88, 0),
(47, 1, 74, 100, 1623168965, 39, 0),
(48, 1, 79, 0, 1623827258, 0, 0),
(49, 1, 78, 100, 1623912935, 26, 0),
(50, 1, 80, 26, 1623913852, 106, 0),
(51, 2, 73, 100, 1624170877, 4, 0);

-- --------------------------------------------------------

--
-- Структура таблицы `links`
--

CREATE TABLE `links` (
  `ID` int(11) NOT NULL,
  `accountID` int(11) NOT NULL,
  `targetAccountID` int(11) NOT NULL,
  `server` varchar(255) COLLATE utf8_unicode_ci NOT NULL,
  `timestamp` int(11) NOT NULL,
  `userID` int(11) NOT NULL,
  `targetUserID` int(11) NOT NULL
) ENGINE=InnoDB DEFAULT CHARSET=utf8 COLLATE=utf8_unicode_ci;

--
-- Дамп данных таблицы `links`
--

INSERT INTO `links` (`ID`, `accountID`, `targetAccountID`, `server`, `timestamp`, `userID`, `targetUserID`) VALUES
(1, 1, 12189930, 'www.boomlings.com', 1619517070, 2, 122395782);

-- --------------------------------------------------------

--
-- Структура таблицы `mappacks`
--

CREATE TABLE `mappacks` (
  `ID` int(11) NOT NULL,
  `name` varchar(100) COLLATE utf8_unicode_ci NOT NULL,
  `levels` varchar(512) COLLATE utf8_unicode_ci NOT NULL COMMENT 'entered as "ID of level 1, ID of level 2, ID of level 3" for example "13,14,15" (without the "s)',
  `stars` int(11) NOT NULL,
  `coins` int(11) NOT NULL,
  `difficulty` int(11) NOT NULL,
  `rgbcolors` varchar(11) COLLATE utf8_unicode_ci NOT NULL COMMENT 'entered as R,G,B',
  `colors2` varchar(11) COLLATE utf8_unicode_ci NOT NULL DEFAULT 'none'
) ENGINE=InnoDB DEFAULT CHARSET=utf8 COLLATE=utf8_unicode_ci;

--
-- Дамп данных таблицы `mappacks`
--

INSERT INTO `mappacks` (`ID`, `name`, `levels`, `stars`, `coins`, `difficulty`, `rgbcolors`, `colors2`) VALUES
(1, 'Chavo', '1,18,14', 8, 2, 5, '255,255,255', 'none'),
(2, 'Chavo', '1,18,14', 8, 2, 5, '255,255,255', 'none'),
(3, '.', '1,1,1', 1, 1, 0, '29,244,255', 'none'),
(4, 'Gg', '1,1,1', 9, 1, 5, '255,255,255', 'none'),
(5, 'Chachvo', '21,15,1', 5, 2, 3, '171,2,2', 'none');

-- --------------------------------------------------------

--
-- Структура таблицы `messages`
--

CREATE TABLE `messages` (
  `userID` int(11) NOT NULL,
  `userName` varchar(50) COLLATE utf8_unicode_ci NOT NULL,
  `body` longtext COLLATE utf8_unicode_ci NOT NULL,
  `subject` longtext COLLATE utf8_unicode_ci NOT NULL,
  `accID` int(11) NOT NULL,
  `messageID` int(11) NOT NULL,
  `toAccountID` int(11) NOT NULL,
  `timestamp` int(11) NOT NULL,
  `secret` varchar(25) COLLATE utf8_unicode_ci NOT NULL DEFAULT 'unused',
  `isNew` int(11) NOT NULL DEFAULT 0
) ENGINE=InnoDB DEFAULT CHARSET=utf8 COLLATE=utf8_unicode_ci;

--
-- Дамп данных таблицы `messages`
--

INSERT INTO `messages` (`userID`, `userName`, `body`, `subject`, `accID`, `messageID`, `toAccountID`, `timestamp`, `secret`, `isNew`) VALUES
(8, 'OJector', 'aU17Gng=', 'dmFsZXJh', 3, 1, 1, 1618726196, 'Wmfd2893gb7', 1),
(2, 'GDsasheg', 'RV0SUF1VUUA=', 'bWFzc2E=', 1, 2, 3, 1618848442, 'Wmfd2893gb7', 1),
(2, 'GDsasheg', 'X0ESUUhcVUcVXF5eXFofHxocFV9UW1xaR1hZEkZFWFhXWBgYHQ==', 'ZG9udCBtb3JlIGxheSBwcmV2', 1, 3, 2, 1619617986, 'Wmfd2893gb7', 1),
(9, 'savaxx', 'QlVcTFARTVMVRFlbVUARQhRCR1hHVUZeWA==', 'Z2dn', 4, 4, 1, 1620994618, 'Wmfd2893gb7', 1),
(2, 'GDsasheg', 'SFUST19QTUcVUllAXRVeXxRGVFwRUUFBFhFdElFQW1ESUlVUGBJbXhFEQFxaXlgSQxFFW18VUllbElpfEUISXl5fV1c=', 'bmVkb3BvbGlz', 1, 5, 8, 1622145890, 'Wmfd2893gb7', 0);

-- --------------------------------------------------------

--
-- Структура таблицы `modactions`
--

CREATE TABLE `modactions` (
  `ID` int(11) NOT NULL,
  `type` int(11) NOT NULL DEFAULT 0,
  `value` varchar(255) COLLATE utf8_unicode_ci NOT NULL DEFAULT '0',
  `timestamp` int(11) NOT NULL DEFAULT 0,
  `value2` varchar(255) COLLATE utf8_unicode_ci NOT NULL DEFAULT '0',
  `value3` int(11) NOT NULL DEFAULT 0,
  `value4` varchar(255) COLLATE utf8_unicode_ci NOT NULL DEFAULT '0',
  `value5` int(11) NOT NULL DEFAULT 0,
  `value6` int(11) NOT NULL DEFAULT 0,
  `account` int(11) NOT NULL DEFAULT 0,
  `value7` varchar(255) COLLATE utf8_unicode_ci NOT NULL DEFAULT '0'
) ENGINE=InnoDB DEFAULT CHARSET=utf8 COLLATE=utf8_unicode_ci;

--
-- Дамп данных таблицы `modactions`
--

INSERT INTO `modactions` (`ID`, `type`, `value`, `timestamp`, `value2`, `value3`, `value4`, `value5`, `value6`, `account`, `value7`) VALUES
(1, 1, 'Harder', 1617315887, '6', 1, '0', 0, 0, 1, '0'),
(2, 2, '0', 1617315887, '0', 1, '0', 0, 0, 1, '0'),
(3, 3, '1', 1617315887, '0', 1, '0', 0, 0, 1, '0'),
(4, 5, '1', 1617315921, '1617400800', 1, '0', 0, 0, 1, '0'),
(5, 1, 'Easy', 1617316031, '2', 2, '0', 0, 0, 1, '0'),
(6, 2, '0', 1617316031, '0', 2, '0', 0, 0, 1, '0'),
(7, 3, '1', 1617316031, '0', 2, '0', 0, 0, 1, '0'),
(8, 1, 'Demon', 1617364474, '10', 1, '0', 0, 0, 1, '0'),
(9, 2, '0', 1617364474, '0', 1, '0', 0, 0, 1, '0'),
(10, 3, '1', 1617364474, '0', 1, '0', 0, 0, 1, '0'),
(11, 10, 'Hard', 1617364478, '0', 1, '0', 0, 0, 1, '0'),
(12, 1, 'demon', 1617481682, '2', 3, '0', 0, 0, 1, '0'),
(13, 1, 'N/A: 0', 1617481793, '0', 4, '0', 0, 0, 1, '0'),
(14, 10, 'Extreme', 1617481798, '0', 4, '0', 0, 0, 1, '0'),
(15, 1, 'Easy', 1617481801, '2', 4, '0', 0, 0, 1, '0'),
(16, 2, '0', 1617481801, '0', 4, '0', 0, 0, 1, '0'),
(17, 3, '1', 1617481801, '0', 4, '0', 0, 0, 1, '0'),
(18, 1, 'demon', 1617481812, '2', 4, '0', 0, 0, 1, '0'),
(19, 8, 'god challenge', 1617535033, '0', 4, '0', 0, 0, 1, '0'),
(20, 10, 'Extreme', 1617535105, '0', 3, '0', 0, 0, 1, '0'),
(21, 10, 'Insane', 1617562174, '0', 1, '0', 0, 0, 1, '0'),
(22, 1, 'Demon', 1617690165, '10', 1, '0', 0, 0, 1, '0'),
(23, 2, '1', 1617690165, '0', 1, '0', 0, 0, 1, '0'),
(24, 3, '1', 1617690165, '0', 1, '0', 0, 0, 1, '0'),
(25, 1, 'Auto', 1617693717, '1', 4, '0', 0, 0, 1, '0'),
(26, 2, '0', 1617693717, '0', 4, '0', 0, 0, 1, '0'),
(27, 3, '1', 1617693717, '0', 4, '0', 0, 0, 1, '0'),
(28, 1, 'Demon', 1617776959, '10', 5, '0', 0, 0, 1, '0'),
(29, 2, '0', 1617776959, '0', 5, '0', 0, 0, 1, '0'),
(30, 3, '1', 1617776959, '0', 5, '0', 0, 0, 1, '0'),
(31, 10, 'Extreme', 1617776973, '0', 5, '0', 0, 0, 1, '0'),
(32, 1, 'Demon', 1617777176, '10', 4, '0', 0, 0, 1, '0'),
(33, 2, '0', 1617777176, '0', 4, '0', 0, 0, 1, '0'),
(34, 3, '1', 1617777176, '0', 4, '0', 0, 0, 1, '0'),
(35, 1, 'Demon', 1617777230, '10', 3, '0', 0, 0, 1, '0'),
(36, 2, '0', 1617777230, '0', 3, '0', 0, 0, 1, '0'),
(37, 3, '1', 1617777230, '0', 3, '0', 0, 0, 1, '0'),
(38, 9, '1000013', 1617805214, '0', 5, '0', 0, 0, 1, '0'),
(39, 1, 'N/A: 0', 1617815602, '0', 7, '0', 0, 0, 1, '0'),
(40, 1, 'Insane', 1617815605, '9', 7, '0', 0, 0, 1, '0'),
(41, 2, '1', 1617815605, '0', 7, '0', 0, 0, 1, '0'),
(42, 3, '1', 1617815605, '0', 7, '0', 0, 0, 1, '0'),
(43, 1, 'Insane', 1617815662, '9', 6, '0', 0, 0, 1, '0'),
(44, 2, '0', 1617815662, '0', 6, '0', 0, 0, 1, '0'),
(45, 3, '1', 1617815662, '0', 6, '0', 0, 0, 1, '0'),
(46, 1, 'Demon', 1617816031, '10', 6, '0', 0, 0, 1, '0'),
(47, 2, '0', 1617816031, '0', 6, '0', 0, 0, 1, '0'),
(48, 3, '1', 1617816031, '0', 6, '0', 0, 0, 1, '0'),
(49, 4, '1', 1617817037, '0', 7, '0', 0, 0, 1, '0'),
(50, 1, 'Demon', 1617817070, '10', 7, '0', 0, 0, 1, '0'),
(51, 2, '0', 1617817070, '0', 7, '0', 0, 0, 1, '0'),
(52, 3, '1', 1617817070, '0', 7, '0', 0, 0, 1, '0'),
(53, 5, '1', 1617817126, '1618178400', 7, '1', 0, 0, 1, '0'),
(54, 1, 'harder', 1618059304, '2', 3, '0', 0, 0, 1, '0'),
(55, 1, 'Demon', 1618059472, '10', 8, '0', 0, 0, 1, '0'),
(56, 2, '0', 1618059472, '0', 8, '0', 0, 0, 1, '0'),
(57, 3, '1', 1618059472, '0', 8, '0', 0, 0, 1, '0'),
(58, 1, 'Insane', 1618059545, '9', 9, '0', 0, 0, 1, '0'),
(59, 2, '1', 1618059545, '0', 9, '0', 0, 0, 1, '0'),
(60, 3, '1', 1618059545, '0', 9, '0', 0, 0, 1, '0'),
(61, 1, 'NA', 1618061696, '0', 9, '0', 0, 0, 1, '0'),
(62, 1, 'Auto', 1618061703, '1', 9, '0', 0, 0, 1, '0'),
(63, 2, '0', 1618061703, '0', 9, '0', 0, 0, 1, '0'),
(64, 3, '1', 1618061703, '0', 9, '0', 0, 0, 1, '0'),
(65, 1, 'NA', 1618061716, '0', 9, '0', 0, 0, 1, '0'),
(66, 1, 'Harder', 1618070387, '6', 10, '0', 0, 0, 1, '0'),
(67, 2, '0', 1618070387, '0', 10, '0', 0, 0, 1, '0'),
(68, 3, '1', 1618070387, '0', 10, '0', 0, 0, 1, '0'),
(69, 1, 'Harder', 1618086960, '7', 11, '0', 0, 0, 1, '0'),
(70, 2, '0', 1618086960, '0', 11, '0', 0, 0, 1, '0'),
(71, 3, '1', 1618086960, '0', 11, '0', 0, 0, 1, '0'),
(72, 5, '1', 1618087431, '1618092000', 2, '0', 0, 0, 1, '0'),
(73, 5, '1', 1618087465, '1618783200', 1, '1', 0, 0, 1, '0'),
(74, 1, 'Insane', 1618211422, '8', 11, '0', 0, 0, 1, '0'),
(75, 2, '0', 1618211422, '0', 11, '0', 0, 0, 1, '0'),
(76, 3, '1', 1618211422, '0', 11, '0', 0, 0, 1, '0'),
(77, 1, 'Easy', 1618298780, '2', 12, '0', 0, 0, 1, '0'),
(78, 2, '0', 1618298780, '0', 12, '0', 0, 0, 1, '0'),
(79, 3, '1', 1618298780, '0', 12, '0', 0, 0, 1, '0'),
(80, 6, '1', 1618299390, '0', 9, '0', 0, 0, 1, '0'),
(81, 1, 'Demon', 1618300717, '10', 13, '0', 0, 0, 1, '0'),
(82, 2, '0', 1618300717, '0', 13, '0', 0, 0, 1, '0'),
(83, 3, '1', 1618300717, '0', 13, '0', 0, 0, 1, '0'),
(84, 10, 'Extreme', 1618300721, '0', 13, '0', 0, 0, 1, '0'),
(85, 5, '1', 1618300761, '1619388000', 13, '1', 0, 0, 1, '0'),
(86, 10, 'Extreme', 1618300773, '0', 7, '0', 0, 0, 1, '0'),
(87, 1, 'Hard', 1618348509, '0', 12, '0', 0, 0, 1, '0'),
(88, 1, 'Normal', 1618381403, '3', 14, '0', 0, 0, 1, '0'),
(89, 2, '0', 1618381403, '0', 14, '0', 0, 0, 1, '0'),
(90, 3, '1', 1618381403, '0', 14, '0', 0, 0, 1, '0'),
(91, 9, '1000013', 1618388160, '0', 12, '0', 0, 0, 1, '0'),
(92, 1, 'N/A: 0', 1618487563, '0', 15, '0', 0, 0, 1, '0'),
(93, 10, 'Hard', 1618487856, '0', 1, '0', 0, 0, 1, '0'),
(94, 5, '1', 1618487882, '1618531200', 11, '0', 0, 0, 1, '0'),
(95, 1, 'Demon', 1618549675, '10', 16, '0', 0, 0, 1, '0'),
(96, 2, '0', 1618549675, '0', 16, '0', 0, 0, 1, '0'),
(97, 3, '1', 1618549675, '0', 16, '0', 0, 0, 1, '0'),
(98, 1, 'N/A: 0', 1618573991, '0', 17, '0', 0, 0, 1, '0'),
(99, 12, '1', 1618574092, '0', 13, '0', 0, 0, 1, '0'),
(100, 12, '1', 1618574116, '0', 11, '0', 0, 0, 1, '0'),
(101, 1, 'Easy', 1618579376, '2', 18, '0', 0, 0, 1, '0'),
(102, 2, '1', 1618579376, '0', 18, '0', 0, 0, 1, '0'),
(103, 3, '1', 1618579376, '0', 18, '0', 0, 0, 1, '0'),
(104, 1, 'N/A: 0', 1618668015, '0', 19, '0', 0, 0, 1, '0'),
(105, 1, 'Normal', 1618668109, '3', 20, '0', 0, 0, 1, '0'),
(106, 2, '1', 1618668109, '0', 20, '0', 0, 0, 1, '0'),
(107, 3, '1', 1618668109, '0', 20, '0', 0, 0, 1, '0'),
(108, 1, 'Insane', 1618670222, '9', 19, '0', 0, 0, 1, '0'),
(109, 2, '0', 1618670222, '0', 19, '0', 0, 0, 1, '0'),
(110, 3, '1', 1618670222, '0', 19, '0', 0, 0, 1, '0'),
(111, 1, 'Demon', 1618671335, '10', 17, '0', 0, 0, 1, '0'),
(112, 2, '0', 1618671335, '0', 17, '0', 0, 0, 1, '0'),
(113, 3, '1', 1618671335, '0', 17, '0', 0, 0, 1, '0'),
(114, 10, 'Medium', 1618671378, '0', 17, '0', 0, 0, 1, '0'),
(115, 12, '1', 1618671435, '0', 21, '0', 0, 0, 1, '0'),
(116, 1, 'na', 1618671515, '3200', 21, '0', 0, 0, 1, '0'),
(117, 1, 'na', 1618671540, '100', 21, '0', 0, 0, 1, '0'),
(118, 1, 'Demon', 1618671616, '10', 21, '0', 0, 0, 1, '0'),
(119, 2, '0', 1618671616, '0', 21, '0', 0, 0, 1, '0'),
(120, 3, '1', 1618671616, '0', 21, '0', 0, 0, 1, '0'),
(121, 1, 'demon', 1618671645, '100', 21, '0', 0, 0, 1, '0'),
(122, 12, '1', 1618672051, '0', 21, '0', 0, 0, 1, '0'),
(123, 1, 'Demon', 1618672082, '10', 21, '0', 0, 0, 1, '0'),
(124, 2, '0', 1618672082, '0', 21, '0', 0, 0, 1, '0'),
(125, 3, '1', 1618672082, '0', 21, '0', 0, 0, 1, '0'),
(126, 4, '1', 1618672089, '0', 21, '0', 0, 0, 1, '0'),
(127, 10, 'Extreme', 1618672099, '0', 21, '0', 0, 0, 1, '0'),
(128, 1, 'Easy', 1618672221, '2', 21, '0', 0, 0, 1, '0'),
(129, 2, '0', 1618672221, '0', 21, '0', 0, 0, 1, '0'),
(130, 3, '1', 1618672221, '0', 21, '0', 0, 0, 1, '0'),
(131, 5, '1', 1618672268, '1618704000', 21, '0', 0, 0, 1, '0'),
(132, 11, 'Chavo', 1618672692, '1,18,14', 8, '2', 0, 0, 1, '255,255,255'),
(133, 11, 'Chavo', 1618672873, '1,18,14', 8, '2', 0, 0, 1, '255,255,255'),
(134, 11, '.', 1618672933, '1,1,1', 1, '1', 0, 0, 1, '29,244,255'),
(135, 11, 'Gg', 1618673025, '1,1,1', 9, '1', 0, 0, 1, '255,255,255'),
(136, 10, 'Extreme', 1618673167, '0', 7, '0', 0, 0, 1, '0'),
(137, 10, 'Easy', 1618673190, '0', 7, '0', 0, 0, 1, '0'),
(138, 1, 'Easy', 1618673199, '2', 7, '0', 0, 0, 1, '0'),
(139, 2, '0', 1618673199, '0', 7, '0', 0, 0, 1, '0'),
(140, 3, '1', 1618673199, '0', 7, '0', 0, 0, 1, '0'),
(141, 1, 'Auto', 1618673211, '1', 7, '0', 0, 0, 1, '0'),
(142, 2, '0', 1618673211, '0', 7, '0', 0, 0, 1, '0'),
(143, 3, '1', 1618673211, '0', 7, '0', 0, 0, 1, '0'),
(144, 1, 'Auto', 1618673255, '1', 7, '0', 0, 0, 1, '0'),
(145, 2, '0', 1618673255, '0', 7, '0', 0, 0, 1, '0'),
(146, 3, '1', 1618673255, '0', 7, '0', 0, 0, 1, '0'),
(147, 1, 'auto', 1618673274, '-9', 7, '0', 0, 0, 1, '0'),
(148, 1, 'na', 1618673351, '99', 7, '0', 0, 0, 1, '0'),
(149, 1, 'Demon', 1618673590, '10', 7, '0', 0, 0, 1, '0'),
(150, 2, '0', 1618673590, '0', 7, '0', 0, 0, 1, '0'),
(151, 3, '1', 1618673590, '0', 7, '0', 0, 0, 1, '0'),
(152, 1, 'Insane', 1618705930, '8', 23, '0', 0, 0, 1, '0'),
(153, 2, '0', 1618705930, '0', 23, '0', 0, 0, 1, '0'),
(154, 3, '1', 1618705930, '0', 23, '0', 0, 0, 1, '0'),
(155, 1, 'Harder', 1618743998, '6', 23, '0', 0, 0, 1, '0'),
(156, 2, '0', 1618743998, '0', 23, '0', 0, 0, 1, '0'),
(157, 3, '1', 1618743998, '0', 23, '0', 0, 0, 1, '0'),
(158, 1, 'Hard', 1618744591, '4', 20, '0', 0, 0, 1, '0'),
(159, 2, '1', 1618744591, '0', 20, '0', 0, 0, 1, '0'),
(160, 3, '1', 1618744591, '0', 20, '0', 0, 0, 1, '0'),
(161, 10, 'Medium', 1618744611, '0', 1, '0', 0, 0, 1, '0'),
(162, 1, 'Auto', 1618775674, '1', 24, '0', 0, 0, 1, '0'),
(163, 2, '0', 1618775674, '0', 24, '0', 0, 0, 1, '0'),
(164, 3, '1', 1618775674, '0', 24, '0', 0, 0, 1, '0'),
(165, 5, '1', 1618775771, '1618790400', 24, '0', 0, 0, 1, '0'),
(166, 5, '1', 1618775783, '1618876800', 20, '0', 0, 0, 1, '0'),
(167, 5, '1', 1618775810, '1618963200', 14, '0', 0, 0, 1, '0'),
(168, 6, '1', 1618776526, '0', 23, '0', 0, 0, 1, '0'),
(169, 1, 'Demon', 1618847643, '10', 19, '0', 0, 0, 1, '0'),
(170, 2, '1', 1618847643, '0', 19, '0', 0, 0, 1, '0'),
(171, 3, '1', 1618847643, '0', 19, '0', 0, 0, 1, '0'),
(172, 8, 'chelengj epta', 1618847675, '0', 22, '0', 0, 0, 1, '0'),
(173, 8, 'ebat ti lox', 1618847719, '0', 22, '0', 0, 0, 1, '0'),
(174, 8, 'code RED a ne blue', 1618847748, '0', 7, '0', 0, 0, 1, '0'),
(175, 8, 'samoedlinnoeebatnazvanienahyi', 1618848518, '0', 22, '0', 0, 0, 1, '0'),
(176, 10, 'Medium', 1618848944, '0', 19, '0', 0, 0, 3, '0'),
(177, 10, 'Easy', 1618848952, '0', 19, '0', 0, 0, 3, '0'),
(178, 10, 'Medium', 1618848960, '0', 19, '0', 0, 0, 3, '0'),
(179, 1, 'Demon', 1618848981, '10', 16, '0', 0, 0, 3, '0'),
(180, 2, '1', 1618848981, '0', 16, '0', 0, 0, 3, '0'),
(181, 3, '1', 1618848981, '0', 16, '0', 0, 0, 3, '0'),
(182, 1, 'Demon', 1618848985, '10', 16, '0', 0, 0, 3, '0'),
(183, 2, '0', 1618848985, '0', 16, '0', 0, 0, 3, '0'),
(184, 3, '1', 1618848985, '0', 16, '0', 0, 0, 3, '0'),
(185, 1, 'Hard', 1618849067, '4', 14, '0', 0, 0, 3, '0'),
(186, 2, '0', 1618849067, '0', 14, '0', 0, 0, 3, '0'),
(187, 3, '1', 1618849067, '0', 14, '0', 0, 0, 3, '0'),
(188, 10, 'Easy', 1618849083, '0', 1, '0', 0, 0, 3, '0'),
(189, 10, 'Medium', 1618849087, '0', 1, '0', 0, 0, 3, '0'),
(190, 1, 'Demon', 1618849267, '10', 25, '0', 0, 0, 3, '0'),
(191, 2, '1', 1618849267, '0', 25, '0', 0, 0, 3, '0'),
(192, 3, '1', 1618849267, '0', 25, '0', 0, 0, 3, '0'),
(193, 4, '1', 1618849279, '0', 25, '0', 0, 0, 3, '0'),
(194, 6, '1', 1618849297, '0', 25, '0', 0, 0, 3, '0'),
(195, 8, '8-800-555-3535', 1618849334, '0', 22, '0', 0, 0, 1, '0'),
(196, 8, 'Code Blue', 1618849388, '0', 7, '0', 0, 0, 1, '0'),
(197, 8, '', 1618849446, '0', 22, '0', 0, 0, 1, '0'),
(198, 8, 'Ojector xvatit delat chellendji nevozmojnie bylat syka ebani rot', 1618849515, '0', 22, '0', 0, 0, 1, '0'),
(199, 8, 'pizda', 1618849682, '0', 17, '0', 0, 0, 1, '0'),
(200, 8, 'devat kryshkov nahyi', 1618849723, '0', 16, '0', 0, 0, 1, '0'),
(201, 8, 'ne copipast', 1618849742, '0', 10, '0', 0, 0, 1, '0'),
(202, 9, '1000008', 1618849849, '0', 8, '0', 0, 0, 1, '0'),
(203, 10, 'Insane', 1618849911, '0', 16, '0', 0, 0, 3, '0'),
(204, 8, 'coshache gavno', 1618850046, '0', 8, '0', 0, 0, 1, '0'),
(205, 8, 'Back on Track', 1618850082, '0', 6, '0', 0, 0, 1, '0'),
(206, 10, 'Extreme', 1618850228, '0', 6, '0', 0, 0, 3, '0'),
(207, 1, 'Demon', 1618850230, '10', 6, '0', 0, 0, 3, '0'),
(208, 2, '1', 1618850230, '0', 6, '0', 0, 0, 3, '0'),
(209, 3, '1', 1618850230, '0', 6, '0', 0, 0, 3, '0'),
(210, 10, 'Hard', 1618850263, '0', 6, '0', 0, 0, 3, '0'),
(211, 1, 'Demon', 1618850266, '10', 6, '0', 0, 0, 3, '0'),
(212, 2, '0', 1618850266, '0', 6, '0', 0, 0, 3, '0'),
(213, 3, '1', 1618850266, '0', 6, '0', 0, 0, 3, '0'),
(214, 8, 'u tebua net drygix idei dla bg', 1618850268, '0', 19, '0', 0, 0, 1, '0'),
(215, 1, 'insane', 1618850294, '0', 5, '0', 0, 0, 3, '0'),
(216, 8, 'HYINA', 1618850378, '0', 5, '0', 0, 0, 1, '0'),
(217, 13, 'R0RTYXNoZWcgUGlkb3I=', 1618850661, '0', 5, '0', 0, 0, 3, '0'),
(218, 13, 'VEkgWkFFQkFMIFNPIFNWT0lNSSBDSEVMTEVOREpBTUk=', 1618850666, '0', 5, '0', 0, 0, 1, '0'),
(219, 13, 'R0RTYXNoZWcgcGlkb3I=', 1618850719, '0', 5, '0', 0, 0, 3, '0'),
(220, 1, 'Demon', 1618850793, '0', 22, '0', 0, 0, 1, '0'),
(221, 10, 'Extreme', 1618850802, '0', 22, '0', 0, 0, 3, '0'),
(222, 1, 'demon', 1618850842, '1', 22, '0', 0, 0, 3, '0'),
(223, 1, 'NA', 1618850845, '1', 22, '0', 0, 0, 1, '0'),
(224, 4, '1', 1618850869, '0', 22, '0', 0, 0, 3, '0'),
(225, 4, '0', 1618850887, '0', 22, '0', 0, 0, 3, '0'),
(226, 1, 'Hard', 1618886629, '5', 27, '0', 0, 0, 3, '0'),
(227, 2, '1', 1618886629, '0', 27, '0', 0, 0, 3, '0'),
(228, 3, '1', 1618886629, '0', 27, '0', 0, 0, 3, '0'),
(229, 1, 'na', 1618887491, '0', 27, '0', 0, 0, 3, '0'),
(230, 1, 'Easy', 1618887497, '2', 27, '0', 0, 0, 3, '0'),
(231, 2, '0', 1618887497, '0', 27, '0', 0, 0, 3, '0'),
(232, 3, '1', 1618887497, '0', 27, '0', 0, 0, 3, '0'),
(233, 1, 'na', 1618887509, '0', 27, '0', 0, 0, 3, '0'),
(234, 1, 'Insane', 1618887730, '8', 27, '0', 0, 0, 3, '0'),
(235, 2, '1', 1618887730, '0', 27, '0', 0, 0, 3, '0'),
(236, 3, '1', 1618887730, '0', 27, '0', 0, 0, 3, '0'),
(237, 10, 'Easy', 1618887932, '0', 1, '0', 0, 0, 3, '0'),
(238, 9, '1000008', 1618895373, '0', 27, '0', 0, 0, 1, '0'),
(239, 1, 'Auto', 1618895425, '1', 26, '0', 0, 0, 1, '0'),
(240, 2, '0', 1618895425, '0', 26, '0', 0, 0, 1, '0'),
(241, 3, '1', 1618895425, '0', 26, '0', 0, 0, 1, '0'),
(242, 8, 'chto eta takoe', 1618895453, '0', 26, '0', 0, 0, 1, '0'),
(243, 11, 'Chachvo', 1618904131, '21,15,1', 5, '2', 0, 0, 1, '171,2,2'),
(244, 1, 'Harder', 1618906733, '6', 20, '0', 0, 0, 1, '0'),
(245, 2, '0', 1618906733, '0', 20, '0', 0, 0, 1, '0'),
(246, 3, '1', 1618906733, '0', 20, '0', 0, 0, 1, '0'),
(247, 1, 'Harder', 1618906737, '6', 20, '0', 0, 0, 1, '0'),
(248, 2, '1', 1618906737, '0', 20, '0', 0, 0, 1, '0'),
(249, 3, '1', 1618906737, '0', 20, '0', 0, 0, 1, '0'),
(250, 1, 'Hard', 1618908403, '4', 20, '0', 0, 0, 3, '0'),
(251, 2, '1', 1618908403, '0', 20, '0', 0, 0, 3, '0'),
(252, 3, '1', 1618908403, '0', 20, '0', 0, 0, 3, '0'),
(253, 1, 'Normal', 1618926078, '3', 27, '0', 0, 0, 3, '0'),
(254, 2, '1', 1618926078, '0', 27, '0', 0, 0, 3, '0'),
(255, 3, '1', 1618926078, '0', 27, '0', 0, 0, 3, '0'),
(256, 1, 'Demon', 1618926832, '10', 27, '0', 0, 0, 3, '0'),
(257, 2, '1', 1618926832, '0', 27, '0', 0, 0, 3, '0'),
(258, 3, '1', 1618926832, '0', 27, '0', 0, 0, 3, '0'),
(259, 10, 'Extreme', 1618926836, '0', 27, '0', 0, 0, 3, '0'),
(260, 1, 'Hard', 1618926844, '4', 27, '0', 0, 0, 3, '0'),
(261, 2, '1', 1618926844, '0', 27, '0', 0, 0, 3, '0'),
(262, 3, '1', 1618926844, '0', 27, '0', 0, 0, 3, '0'),
(263, 4, '1', 1618926852, '0', 27, '0', 0, 0, 3, '0'),
(264, 1, 'Hard', 1618926964, '4', 20, '0', 0, 0, 3, '0'),
(265, 2, '0', 1618926964, '0', 20, '0', 0, 0, 3, '0'),
(266, 3, '1', 1618926964, '0', 20, '0', 0, 0, 3, '0'),
(267, 4, '0', 1618926987, '0', 27, '0', 0, 0, 3, '0'),
(268, 1, 'Demon', 1618927006, '10', 20, '0', 0, 0, 3, '0'),
(269, 2, '1', 1618927006, '0', 20, '0', 0, 0, 3, '0'),
(270, 3, '1', 1618927006, '0', 20, '0', 0, 0, 3, '0'),
(271, 10, 'Insane', 1618927012, '0', 20, '0', 0, 0, 3, '0'),
(272, 1, 'Hard', 1618927023, '5', 20, '0', 0, 0, 3, '0'),
(273, 2, '1', 1618927023, '0', 20, '0', 0, 0, 3, '0'),
(274, 3, '1', 1618927023, '0', 20, '0', 0, 0, 3, '0'),
(275, 10, 'Easy', 1618928277, '0', 7, '0', 0, 0, 3, '0'),
(276, 10, 'Extreme', 1618928400, '0', 1, '0', 0, 0, 3, '0'),
(277, 10, 'Easy', 1618928409, '0', 1, '0', 0, 0, 3, '0'),
(278, 1, 'Demon', 1618929100, '10', 28, '0', 0, 0, 3, '0'),
(279, 2, '1', 1618929100, '0', 28, '0', 0, 0, 3, '0'),
(280, 3, '1', 1618929100, '0', 28, '0', 0, 0, 3, '0'),
(281, 1, 'Demon', 1618929104, '10', 28, '0', 0, 0, 3, '0'),
(282, 2, '0', 1618929104, '0', 28, '0', 0, 0, 3, '0'),
(283, 3, '1', 1618929104, '0', 28, '0', 0, 0, 3, '0'),
(284, 10, 'Easy', 1618929108, '0', 28, '0', 0, 0, 3, '0'),
(285, 1, 'Hard', 1618933867, '4', 20, '0', 0, 0, 3, '0'),
(286, 2, '1', 1618933867, '0', 20, '0', 0, 0, 3, '0'),
(287, 3, '1', 1618933867, '0', 20, '0', 0, 0, 3, '0'),
(288, 1, 'auto', 1618976720, '0', 26, '0', 0, 0, 3, '0'),
(289, 10, 'Extreme', 1618976772, '0', 16, '0', 0, 0, 3, '0'),
(290, 10, 'Insane', 1618976777, '0', 16, '0', 0, 0, 3, '0'),
(291, 1, 'Auto', 1618979794, '1', 10, '0', 0, 0, 3, '0'),
(292, 2, '0', 1618979794, '0', 10, '0', 0, 0, 3, '0'),
(293, 3, '1', 1618979794, '0', 10, '0', 0, 0, 3, '0'),
(294, 1, 'Harder', 1618979821, '7', 10, '0', 0, 0, 3, '0'),
(295, 2, '0', 1618979821, '0', 10, '0', 0, 0, 3, '0'),
(296, 3, '1', 1618979821, '0', 10, '0', 0, 0, 3, '0'),
(297, 10, 'Insane', 1618981742, '0', 28, '0', 0, 0, 1, '0'),
(298, 1, 'Harder', 1618981818, '7', 27, '0', 0, 0, 1, '0'),
(299, 2, '1', 1618981818, '0', 27, '0', 0, 0, 1, '0'),
(300, 3, '1', 1618981818, '0', 27, '0', 0, 0, 1, '0'),
(301, 1, 'N/A: 0', 1619510978, '0', 12, '0', 0, 0, 1, '0'),
(302, 5, '1', 1619511157, '1620000000', 27, '1', 0, 0, 1, '0'),
(303, 10, 'Insane', 1619511366, '0', 13, '0', 0, 0, 1, '0'),
(304, 5, '1', 1619511452, '1619568000', 10, '0', 0, 0, 1, '0'),
(305, 1, 'Easy', 1619511468, '2', 4, '0', 0, 0, 1, '0'),
(306, 2, '0', 1619511468, '0', 4, '0', 0, 0, 1, '0'),
(307, 3, '1', 1619511468, '0', 4, '0', 0, 0, 1, '0'),
(308, 1, 'harder', 1619516141, '2', 31, '0', 0, 0, 1, '0'),
(309, 2, '1', 1619516168, '0', 31, '0', 0, 0, 1, '0'),
(310, 5, '1', 1619516223, '1619654400', 31, '0', 0, 0, 1, '0'),
(311, 10, 'Medium', 1619517195, '0', 32, '0', 0, 0, 1, '0'),
(312, 10, 'Medium', 1619517197, '0', 32, '0', 0, 0, 1, '0'),
(313, 1, 'Demon', 1619517202, '10', 32, '0', 0, 0, 1, '0'),
(314, 2, '1', 1619517202, '0', 32, '0', 0, 0, 1, '0'),
(315, 3, '1', 1619517202, '0', 32, '0', 0, 0, 1, '0'),
(316, 1, 'Easy', 1619589125, '2', 33, '0', 0, 0, 1, '0'),
(317, 2, '0', 1619589125, '0', 33, '0', 0, 0, 1, '0'),
(318, 3, '1', 1619589125, '0', 33, '0', 0, 0, 1, '0'),
(319, 5, '1', 1619589210, '1620604800', 32, '1', 0, 0, 1, '0'),
(320, 5, '1', 1619589220, '1619740800', 32, '0', 0, 0, 1, '0'),
(321, 1, 'Hard', 1619600206, '4', 34, '0', 0, 0, 1, '0'),
(322, 2, '0', 1619600206, '0', 34, '0', 0, 0, 1, '0'),
(323, 3, '1', 1619600206, '0', 34, '0', 0, 0, 1, '0'),
(324, 10, 'Hard', 1619617630, '0', 32, '0', 0, 0, 1, '0'),
(325, 1, 'Harder', 1619622036, '7', 31, '0', 0, 0, 1, '0'),
(326, 2, '1', 1619622036, '0', 31, '0', 0, 0, 1, '0'),
(327, 3, '1', 1619622036, '0', 31, '0', 0, 0, 1, '0'),
(328, 9, '1000136', 1619686739, '0', 33, '0', 0, 0, 1, '0'),
(329, 1, 'Normal', 1619703128, '3', 35, '0', 0, 0, 1, '0'),
(330, 2, '1', 1619703128, '0', 35, '0', 0, 0, 1, '0'),
(331, 3, '1', 1619703128, '0', 35, '0', 0, 0, 1, '0'),
(332, 5, '1', 1619703289, '1619827200', 35, '0', 0, 0, 1, '0'),
(333, 1, 'Easy', 1619703293, '2', 35, '0', 0, 0, 1, '0'),
(334, 2, '1', 1619703293, '0', 35, '0', 0, 0, 1, '0'),
(335, 3, '1', 1619703293, '0', 35, '0', 0, 0, 1, '0'),
(336, 1, 'Auto', 1619811081, '1', 36, '0', 0, 0, 1, '0'),
(337, 2, '1', 1619811081, '0', 36, '0', 0, 0, 1, '0'),
(338, 3, '1', 1619811081, '0', 36, '0', 0, 0, 1, '0'),
(339, 1, 'Easy', 1620000542, '2', 37, '0', 0, 0, 1, '0'),
(340, 2, '0', 1620000542, '0', 37, '0', 0, 0, 1, '0'),
(341, 3, '1', 1620000542, '0', 37, '0', 0, 0, 1, '0'),
(342, 1, 'Easy', 1620000578, '2', 38, '0', 0, 0, 1, '0'),
(343, 2, '1', 1620000578, '0', 38, '0', 0, 0, 1, '0'),
(344, 3, '1', 1620000578, '0', 38, '0', 0, 0, 1, '0'),
(345, 1, 'Auto', 1620018321, '1', 36, '0', 0, 0, 3, '0'),
(346, 2, '0', 1620018321, '0', 36, '0', 0, 0, 3, '0'),
(347, 3, '1', 1620018321, '0', 36, '0', 0, 0, 3, '0'),
(348, 1, 'Auto', 1620018326, '1', 36, '0', 0, 0, 3, '0'),
(349, 2, '0', 1620018326, '0', 36, '0', 0, 0, 3, '0'),
(350, 3, '1', 1620018326, '0', 36, '0', 0, 0, 3, '0'),
(351, 1, 'Easy', 1620018359, '2', 38, '0', 0, 0, 3, '0'),
(352, 2, '0', 1620018359, '0', 38, '0', 0, 0, 3, '0'),
(353, 3, '1', 1620018359, '0', 38, '0', 0, 0, 3, '0'),
(354, 1, 'Normal', 1620018396, '3', 37, '0', 0, 0, 3, '0'),
(355, 2, '0', 1620018396, '0', 37, '0', 0, 0, 3, '0'),
(356, 3, '1', 1620018396, '0', 37, '0', 0, 0, 3, '0'),
(357, 10, 'Medium', 1620018451, '0', 32, '0', 0, 0, 3, '0'),
(358, 1, 'Easy', 1620140257, '2', 35, '0', 0, 0, 3, '0'),
(359, 2, '0', 1620140257, '0', 35, '0', 0, 0, 3, '0'),
(360, 3, '1', 1620140257, '0', 35, '0', 0, 0, 3, '0'),
(361, 1, 'hard', 1620140453, '3', 20, '0', 0, 0, 3, '0'),
(362, 1, 'Insane', 1620319182, '9', 39, '0', 0, 0, 1, '0'),
(363, 2, '1', 1620319182, '0', 39, '0', 0, 0, 1, '0'),
(364, 3, '1', 1620319182, '0', 39, '0', 0, 0, 1, '0'),
(365, 1, 'Easy', 1620319709, '2', 37, '0', 0, 0, 1, '0'),
(366, 2, '0', 1620319709, '0', 37, '0', 0, 0, 1, '0'),
(367, 3, '1', 1620319709, '0', 37, '0', 0, 0, 1, '0'),
(368, 1, 'Easy', 1620681871, '2', 40, '0', 0, 0, 1, '0'),
(369, 2, '1', 1620681871, '0', 40, '0', 0, 0, 1, '0'),
(370, 3, '1', 1620681871, '0', 40, '0', 0, 0, 1, '0'),
(371, 1, 'Easy', 1620682322, '2', 40, '0', 0, 0, 1, '0'),
(372, 2, '0', 1620682322, '0', 40, '0', 0, 0, 1, '0'),
(373, 3, '1', 1620682322, '0', 40, '0', 0, 0, 1, '0'),
(374, 1, 'Auto', 1620719423, '1', 15, '0', 0, 0, 1, '0'),
(375, 2, '0', 1620719423, '0', 15, '0', 0, 0, 1, '0'),
(376, 3, '1', 1620719423, '0', 15, '0', 0, 0, 1, '0'),
(377, 8, 'ebat slojniu', 1620720866, '0', 20, '0', 0, 0, 1, '0'),
(378, 8, '._.', 1620720893, '0', 12, '0', 0, 0, 1, '0'),
(379, 8, 'spasiba', 1620720942, '0', 15, '0', 0, 0, 1, '0'),
(380, 1, 'Demon', 1620731908, '10', 38, '0', 0, 0, 1, '0'),
(381, 2, '0', 1620731908, '0', 38, '0', 0, 0, 1, '0'),
(382, 3, '1', 1620731908, '0', 38, '0', 0, 0, 1, '0'),
(383, 1, 'Easy', 1620731940, '2', 38, '0', 0, 0, 1, '0'),
(384, 2, '0', 1620731940, '0', 38, '0', 0, 0, 1, '0'),
(385, 3, '1', 1620731940, '0', 38, '0', 0, 0, 1, '0'),
(386, 1, 'demon', 1620731959, '2', 38, '0', 0, 0, 1, '0'),
(387, 10, 'Extreme', 1620731964, '0', 38, '0', 0, 0, 1, '0'),
(388, 4, '1', 1620732005, '0', 38, '0', 0, 0, 1, '0'),
(389, 2, '1', 1620732052, '0', 36, '0', 0, 0, 1, '0'),
(390, 9, '1006666', 1620748055, '0', 40, '0', 0, 0, 1, '0'),
(391, 13, 'cGFzcyA2NjY2', 1620748069, '0', 40, '0', 0, 0, 1, '0'),
(392, 1, 'Auto', 1620748171, '1', 26, '0', 0, 0, 1, '0'),
(393, 2, '0', 1620748171, '0', 26, '0', 0, 0, 1, '0'),
(394, 3, '1', 1620748171, '0', 26, '0', 0, 0, 1, '0'),
(395, 1, 'Easy', 1620813634, '2', 41, '0', 0, 0, 1, '0'),
(396, 2, '0', 1620813634, '0', 41, '0', 0, 0, 1, '0'),
(397, 3, '1', 1620813634, '0', 41, '0', 0, 0, 1, '0'),
(398, 1, 'Hard', 1620823199, '4', 42, '0', 0, 0, 1, '0'),
(399, 2, '0', 1620823199, '0', 42, '0', 0, 0, 1, '0'),
(400, 3, '1', 1620823199, '0', 42, '0', 0, 0, 1, '0'),
(401, 9, '1006321', 1620823213, '0', 42, '0', 0, 0, 1, '0'),
(402, 13, 'cGFzcyA2MzIx', 1620823227, '0', 42, '0', 0, 0, 1, '0'),
(403, 1, 'NA', 1620823249, '0', 42, '0', 0, 0, 1, '0'),
(404, 1, 'N/A: 0', 1620823257, '0', 42, '0', 0, 0, 1, '0'),
(405, 1, 'Easy', 1620886659, '2', 43, '0', 0, 0, 1, '0'),
(406, 2, '0', 1620886659, '0', 43, '0', 0, 0, 1, '0'),
(407, 3, '1', 1620886659, '0', 43, '0', 0, 0, 1, '0'),
(408, 9, '1000013', 1620890736, '0', 6, '0', 0, 0, 1, '0'),
(409, 5, '1', 1620893732, '1620950400', 43, '0', 0, 0, 1, '0'),
(410, 5, '1', 1620893745, '1621036800', 41, '0', 0, 0, 1, '0'),
(411, 5, '1', 1620893758, '1621123200', 40, '0', 0, 0, 1, '0'),
(412, 5, '1', 1620893769, '1621209600', 39, '0', 0, 0, 1, '0'),
(413, 1, 'hard', 1620908615, '96', 42, '0', 0, 0, 1, '0'),
(414, 1, 'Hard', 1620908889, '4', 42, '0', 0, 0, 1, '0'),
(415, 2, '1', 1620908889, '0', 42, '0', 0, 0, 1, '0'),
(416, 3, '1', 1620908889, '0', 42, '0', 0, 0, 1, '0'),
(417, 1, 'Insane', 1620919572, '9', 27, '0', 0, 0, 1, '0'),
(418, 2, '1', 1620919572, '0', 27, '0', 0, 0, 1, '0'),
(419, 3, '1', 1620919572, '0', 27, '0', 0, 0, 1, '0'),
(420, 1, 'Easy', 1620939573, '2', 44, '0', 0, 0, 1, '0'),
(421, 2, '0', 1620939573, '0', 44, '0', 0, 0, 1, '0'),
(422, 3, '1', 1620939573, '0', 44, '0', 0, 0, 1, '0'),
(423, 1, 'Insane', 1620966887, '9', 10, '0', 0, 0, 3, '0'),
(424, 2, '0', 1620966887, '0', 10, '0', 0, 0, 3, '0'),
(425, 3, '1', 1620966887, '0', 10, '0', 0, 0, 3, '0'),
(426, 1, 'Hard', 1620967120, '5', 27, '0', 0, 0, 3, '0'),
(427, 2, '1', 1620967120, '0', 27, '0', 0, 0, 3, '0'),
(428, 3, '1', 1620967120, '0', 27, '0', 0, 0, 3, '0'),
(429, 1, 'Demon', 1620967195, '10', 20, '0', 0, 0, 3, '0'),
(430, 2, '1', 1620967195, '0', 20, '0', 0, 0, 3, '0'),
(431, 3, '1', 1620967195, '0', 20, '0', 0, 0, 3, '0'),
(432, 10, 'Extreme', 1620967204, '0', 20, '0', 0, 0, 3, '0'),
(433, 1, 'Hard', 1620967212, '4', 20, '0', 0, 0, 3, '0'),
(434, 2, '1', 1620967212, '0', 20, '0', 0, 0, 3, '0'),
(435, 3, '1', 1620967212, '0', 20, '0', 0, 0, 3, '0'),
(436, 1, 'Auto', 1620967267, '1', 36, '0', 0, 0, 3, '0'),
(437, 2, '0', 1620967267, '0', 36, '0', 0, 0, 3, '0'),
(438, 3, '1', 1620967267, '0', 36, '0', 0, 0, 3, '0'),
(439, 1, 'Auto', 1621010744, '1', 45, '0', 0, 0, 1, '0'),
(440, 2, '1', 1621010744, '0', 45, '0', 0, 0, 1, '0'),
(441, 3, '1', 1621010744, '0', 45, '0', 0, 0, 1, '0'),
(442, 1, 'Harder', 1621010820, '7', 43, '0', 0, 0, 1, '0'),
(443, 2, '0', 1621010820, '0', 43, '0', 0, 0, 1, '0'),
(444, 3, '1', 1621010820, '0', 43, '0', 0, 0, 1, '0'),
(445, 1, 'Insane', 1621011878, '8', 43, '0', 0, 0, 1, '0'),
(446, 2, '0', 1621011878, '0', 43, '0', 0, 0, 1, '0'),
(447, 3, '1', 1621011878, '0', 43, '0', 0, 0, 1, '0'),
(448, 5, '1', 1621342191, '1621382400', 44, '0', 0, 0, 1, '0'),
(449, 1, 'Harder', 1621511550, '6', 46, '0', 0, 0, 1, '0'),
(450, 2, '0', 1621511550, '0', 46, '0', 0, 0, 1, '0'),
(451, 3, '1', 1621511550, '0', 46, '0', 0, 0, 1, '0'),
(452, 6, '1', 1621537856, '0', 47, '0', 0, 0, 1, '0'),
(453, 5, '1', 1621538928, '1621555200', 46, '0', 0, 0, 1, '0'),
(454, 1, 'Hard', 1621578750, '5', 35, '0', 0, 0, 4, '0'),
(455, 2, '0', 1621578750, '0', 35, '0', 0, 0, 4, '0'),
(456, 3, '1', 1621578750, '0', 35, '0', 0, 0, 4, '0'),
(457, 1, 'Hard', 1621578797, '5', 35, '0', 0, 0, 4, '0'),
(458, 2, '1', 1621578797, '0', 35, '0', 0, 0, 4, '0'),
(459, 3, '1', 1621578797, '0', 35, '0', 0, 0, 4, '0'),
(460, 1, 'Demon', 1621578817, '10', 7, '0', 0, 0, 4, '0'),
(461, 2, '1', 1621578817, '0', 7, '0', 0, 0, 4, '0'),
(462, 3, '1', 1621578817, '0', 7, '0', 0, 0, 4, '0'),
(463, 1, 'Easy', 1621578833, '2', 14, '0', 0, 0, 4, '0'),
(464, 2, '1', 1621578833, '0', 14, '0', 0, 0, 4, '0'),
(465, 3, '1', 1621578833, '0', 14, '0', 0, 0, 4, '0'),
(466, 1, 'Demon', 1621578852, '10', 6, '0', 0, 0, 4, '0'),
(467, 2, '1', 1621578852, '0', 6, '0', 0, 0, 4, '0'),
(468, 3, '1', 1621578852, '0', 6, '0', 0, 0, 4, '0'),
(469, 1, 'Normal', 1621578878, '3', 40, '0', 0, 0, 4, '0'),
(470, 2, '1', 1621578878, '0', 40, '0', 0, 0, 4, '0'),
(471, 3, '1', 1621578878, '0', 40, '0', 0, 0, 4, '0'),
(472, 1, 'Demon', 1621578886, '10', 45, '0', 0, 0, 4, '0'),
(473, 2, '0', 1621578886, '0', 45, '0', 0, 0, 4, '0'),
(474, 3, '1', 1621578886, '0', 45, '0', 0, 0, 4, '0'),
(475, 1, 'Demon', 1621578891, '10', 45, '0', 0, 0, 4, '0'),
(476, 2, '1', 1621578891, '0', 45, '0', 0, 0, 4, '0'),
(477, 3, '1', 1621578891, '0', 45, '0', 0, 0, 4, '0'),
(478, 1, 'Demon', 1621578908, '10', 2, '0', 0, 0, 4, '0'),
(479, 2, '0', 1621578908, '0', 2, '0', 0, 0, 4, '0'),
(480, 3, '1', 1621578908, '0', 2, '0', 0, 0, 4, '0'),
(481, 1, 'Easy', 1621578914, '2', 2, '0', 0, 0, 4, '0'),
(482, 2, '0', 1621578914, '0', 2, '0', 0, 0, 4, '0'),
(483, 3, '1', 1621578914, '0', 2, '0', 0, 0, 4, '0'),
(484, 1, 'Easy', 1621578919, '2', 2, '0', 0, 0, 4, '0'),
(485, 2, '1', 1621578919, '0', 2, '0', 0, 0, 4, '0'),
(486, 3, '1', 1621578919, '0', 2, '0', 0, 0, 4, '0'),
(487, 1, 'Insane', 1621578932, '9', 8, '0', 0, 0, 4, '0'),
(488, 2, '1', 1621578932, '0', 8, '0', 0, 0, 4, '0'),
(489, 3, '1', 1621578932, '0', 8, '0', 0, 0, 4, '0'),
(490, 1, 'Harder', 1621578966, '7', 27, '0', 0, 0, 4, '0'),
(491, 2, '1', 1621578966, '0', 27, '0', 0, 0, 4, '0'),
(492, 3, '1', 1621578966, '0', 27, '0', 0, 0, 4, '0'),
(493, 1, 'Demon', 1621578975, '10', 39, '0', 0, 0, 4, '0'),
(494, 2, '1', 1621578975, '0', 39, '0', 0, 0, 4, '0'),
(495, 3, '1', 1621578975, '0', 39, '0', 0, 0, 4, '0'),
(496, 1, 'Demon', 1621579001, '10', 43, '0', 0, 0, 4, '0'),
(497, 2, '1', 1621579001, '0', 43, '0', 0, 0, 4, '0'),
(498, 3, '1', 1621579001, '0', 43, '0', 0, 0, 4, '0'),
(499, 1, 'Demon', 1621579062, '10', 46, '0', 0, 0, 4, '0'),
(500, 2, '1', 1621579062, '0', 46, '0', 0, 0, 4, '0'),
(501, 3, '1', 1621579062, '0', 46, '0', 0, 0, 4, '0'),
(502, 1, 'Insane', 1621579105, '8', 3, '0', 0, 0, 4, '0'),
(503, 2, '1', 1621579105, '0', 3, '0', 0, 0, 4, '0'),
(504, 3, '1', 1621579105, '0', 3, '0', 0, 0, 4, '0'),
(505, 1, 'Hard', 1621582590, '4', 4, '0', 0, 0, 4, '0'),
(506, 2, '1', 1621582590, '0', 4, '0', 0, 0, 4, '0'),
(507, 3, '1', 1621582590, '0', 4, '0', 0, 0, 4, '0'),
(508, 1, 'Hard', 1621582629, '5', 4, '0', 0, 0, 4, '0'),
(509, 2, '1', 1621582629, '0', 4, '0', 0, 0, 4, '0'),
(510, 3, '1', 1621582629, '0', 4, '0', 0, 0, 4, '0'),
(511, 1, 'Demon', 1621582739, '10', 15, '0', 0, 0, 4, '0'),
(512, 2, '0', 1621582739, '0', 15, '0', 0, 0, 4, '0'),
(513, 3, '1', 1621582739, '0', 15, '0', 0, 0, 4, '0'),
(514, 1, 'Insane', 1621582740, '9', 15, '0', 0, 0, 4, '0'),
(515, 2, '1', 1621582740, '0', 15, '0', 0, 0, 4, '0'),
(516, 3, '1', 1621582740, '0', 15, '0', 0, 0, 4, '0'),
(517, 1, 'Auto', 1621582751, '1', 10, '0', 0, 0, 4, '0'),
(518, 2, '0', 1621582751, '0', 10, '0', 0, 0, 4, '0'),
(519, 3, '1', 1621582751, '0', 10, '0', 0, 0, 4, '0'),
(520, 1, 'Harder', 1621608950, '6', 46, '0', 0, 0, 2, '0'),
(521, 2, '1', 1621608950, '0', 46, '0', 0, 0, 2, '0'),
(522, 3, '1', 1621608950, '0', 46, '0', 0, 0, 2, '0'),
(523, 10, 'Easy', 1621613575, '0', 49, '0', 0, 0, 1, '0'),
(524, 1, 'Demon', 1621613580, '10', 49, '0', 0, 0, 1, '0'),
(525, 2, '1', 1621613580, '0', 49, '0', 0, 0, 1, '0'),
(526, 3, '1', 1621613580, '0', 49, '0', 0, 0, 1, '0'),
(527, 1, 'N/A: 0', 1621613725, '0', 48, '0', 0, 0, 1, '0'),
(528, 1, 'Auto', 1621614034, '1', 45, '0', 0, 0, 1, '0'),
(529, 2, '0', 1621614034, '0', 45, '0', 0, 0, 1, '0'),
(530, 3, '1', 1621614034, '0', 45, '0', 0, 0, 1, '0'),
(531, 1, 'Insane', 1621614056, '9', 39, '0', 0, 0, 1, '0'),
(532, 2, '1', 1621614056, '0', 39, '0', 0, 0, 1, '0'),
(533, 3, '1', 1621614056, '0', 39, '0', 0, 0, 1, '0'),
(534, 1, 'Easy', 1621614065, '2', 40, '0', 0, 0, 1, '0'),
(535, 2, '0', 1621614065, '0', 40, '0', 0, 0, 1, '0'),
(536, 3, '1', 1621614065, '0', 40, '0', 0, 0, 1, '0'),
(537, 1, 'Easy', 1621614076, '2', 35, '0', 0, 0, 1, '0'),
(538, 2, '1', 1621614076, '0', 35, '0', 0, 0, 1, '0'),
(539, 3, '1', 1621614076, '0', 35, '0', 0, 0, 1, '0'),
(540, 1, 'Normal', 1621614113, '3', 14, '0', 0, 0, 1, '0'),
(541, 2, '1', 1621614113, '0', 14, '0', 0, 0, 1, '0'),
(542, 3, '1', 1621614113, '0', 14, '0', 0, 0, 1, '0'),
(543, 1, 'Normal', 1621614116, '3', 14, '0', 0, 0, 1, '0'),
(544, 2, '0', 1621614116, '0', 14, '0', 0, 0, 1, '0'),
(545, 3, '1', 1621614116, '0', 14, '0', 0, 0, 1, '0'),
(546, 1, 'Insane', 1621614316, '9', 43, '0', 0, 0, 1, '0'),
(547, 2, '1', 1621614316, '0', 43, '0', 0, 0, 1, '0'),
(548, 3, '1', 1621614316, '0', 43, '0', 0, 0, 1, '0'),
(549, 1, 'Easy', 1621614644, '2', 15, '0', 0, 0, 2, '0'),
(550, 2, '0', 1621614644, '0', 15, '0', 0, 0, 2, '0'),
(551, 3, '1', 1621614644, '0', 15, '0', 0, 0, 2, '0'),
(552, 10, 'Easy', 1621615316, '0', 50, '0', 0, 0, 1, '0'),
(553, 1, 'Demon', 1621615319, '10', 50, '0', 0, 0, 1, '0'),
(554, 2, '1', 1621615319, '0', 50, '0', 0, 0, 1, '0'),
(555, 3, '1', 1621615319, '0', 50, '0', 0, 0, 1, '0'),
(556, 1, 'Normal', 1621615428, '3', 51, '0', 0, 0, 1, '0'),
(557, 2, '1', 1621615428, '0', 51, '0', 0, 0, 1, '0'),
(558, 3, '1', 1621615428, '0', 51, '0', 0, 0, 1, '0'),
(559, 1, 'Easy', 1621617080, '2', 52, '0', 0, 0, 1, '0'),
(560, 2, '1', 1621617080, '0', 52, '0', 0, 0, 1, '0'),
(561, 3, '1', 1621617080, '0', 52, '0', 0, 0, 1, '0'),
(562, 5, '1', 1621625627, '1621641600', 51, '0', 0, 0, 1, '0'),
(563, 5, '1', 1621625636, '1621728000', 52, '0', 0, 0, 1, '0'),
(564, 5, '1', 1621625677, '1621814400', 50, '1', 0, 0, 1, '0'),
(565, 5, '1', 1621625687, '1622419200', 49, '1', 0, 0, 1, '0'),
(566, 1, 'demon', 1621626503, '2', 4, '0', 0, 0, 1, '0'),
(567, 1, 'Demon', 1621626530, '10', 8, '0', 0, 0, 1, '0'),
(568, 2, '1', 1621626530, '0', 8, '0', 0, 0, 1, '0'),
(569, 3, '1', 1621626530, '0', 8, '0', 0, 0, 1, '0'),
(570, 1, 'Easy', 1621626544, '2', 3, '0', 0, 0, 1, '0'),
(571, 2, '1', 1621626544, '0', 3, '0', 0, 0, 1, '0'),
(572, 3, '1', 1621626544, '0', 3, '0', 0, 0, 1, '0'),
(573, 1, 'Auto', 1621626561, '1', 15, '0', 0, 0, 1, '0'),
(574, 2, '0', 1621626561, '0', 15, '0', 0, 0, 1, '0'),
(575, 3, '1', 1621626561, '0', 15, '0', 0, 0, 1, '0'),
(576, 1, 'Hard', 1621679729, '5', 46, '0', 0, 0, 1, '0'),
(577, 2, '0', 1621679729, '0', 46, '0', 0, 0, 1, '0'),
(578, 3, '1', 1621679729, '0', 46, '0', 0, 0, 1, '0'),
(579, 1, 'Harder', 1621679781, '6', 43, '0', 0, 0, 1, '0'),
(580, 2, '0', 1621679781, '0', 43, '0', 0, 0, 1, '0'),
(581, 3, '1', 1621679781, '0', 43, '0', 0, 0, 1, '0'),
(582, 1, 'Normal', 1621679901, '3', 42, '0', 0, 0, 1, '0'),
(583, 2, '1', 1621679901, '0', 42, '0', 0, 0, 1, '0'),
(584, 3, '1', 1621679901, '0', 42, '0', 0, 0, 1, '0'),
(585, 1, 'Insane', 1621679914, '8', 39, '0', 0, 0, 1, '0'),
(586, 2, '0', 1621679914, '0', 39, '0', 0, 0, 1, '0'),
(587, 3, '1', 1621679914, '0', 39, '0', 0, 0, 1, '0'),
(588, 1, 'Insane', 1621679917, '8', 39, '0', 0, 0, 1, '0'),
(589, 2, '1', 1621679917, '0', 39, '0', 0, 0, 1, '0'),
(590, 3, '1', 1621679917, '0', 39, '0', 0, 0, 1, '0'),
(591, 1, 'Insane', 1621758870, '9', 48, '0', 0, 0, 4, '0'),
(592, 2, '0', 1621758870, '0', 48, '0', 0, 0, 4, '0'),
(593, 3, '1', 1621758870, '0', 48, '0', 0, 0, 4, '0'),
(594, 1, 'Demon', 1621759039, '10', 51, '0', 0, 0, 4, '0'),
(595, 2, '1', 1621759039, '0', 51, '0', 0, 0, 4, '0'),
(596, 3, '1', 1621759039, '0', 51, '0', 0, 0, 4, '0'),
(597, 1, 'Insane', 1621775863, '9', 28, '0', 0, 0, 3, '0'),
(598, 2, '1', 1621775863, '0', 28, '0', 0, 0, 3, '0'),
(599, 3, '1', 1621775863, '0', 28, '0', 0, 0, 3, '0'),
(600, 1, 'Demon', 1621775868, '10', 28, '0', 0, 0, 3, '0'),
(601, 2, '0', 1621775868, '0', 28, '0', 0, 0, 3, '0'),
(602, 3, '1', 1621775868, '0', 28, '0', 0, 0, 3, '0'),
(603, 1, 'Insane', 1621776303, '9', 17, '0', 0, 0, 3, '0'),
(604, 2, '0', 1621776303, '0', 17, '0', 0, 0, 3, '0'),
(605, 3, '1', 1621776303, '0', 17, '0', 0, 0, 3, '0'),
(606, 1, 'Demon', 1621776310, '10', 17, '0', 0, 0, 3, '0'),
(607, 2, '0', 1621776310, '0', 17, '0', 0, 0, 3, '0'),
(608, 3, '1', 1621776310, '0', 17, '0', 0, 0, 3, '0'),
(609, 1, 'Insane', 1621776373, '9', 28, '0', 0, 0, 3, '0'),
(610, 2, '0', 1621776373, '0', 28, '0', 0, 0, 3, '0'),
(611, 3, '1', 1621776373, '0', 28, '0', 0, 0, 3, '0'),
(612, 1, 'Demon', 1621776377, '10', 28, '0', 0, 0, 3, '0'),
(613, 2, '0', 1621776377, '0', 28, '0', 0, 0, 3, '0'),
(614, 3, '1', 1621776377, '0', 28, '0', 0, 0, 3, '0'),
(615, 1, 'Demon', 1621777027, '10', 46, '0', 0, 0, 3, '0'),
(616, 2, '1', 1621777027, '0', 46, '0', 0, 0, 3, '0'),
(617, 3, '1', 1621777027, '0', 46, '0', 0, 0, 3, '0'),
(618, 10, 'Extreme', 1621777030, '0', 46, '0', 0, 0, 3, '0'),
(619, 1, 'Harder', 1621777037, '7', 46, '0', 0, 0, 3, '0'),
(620, 2, '0', 1621777037, '0', 46, '0', 0, 0, 3, '0'),
(621, 3, '1', 1621777037, '0', 46, '0', 0, 0, 3, '0'),
(622, 1, 'Auto', 1621777427, '1', 39, '0', 0, 0, 3, '0'),
(623, 2, '1', 1621777427, '0', 39, '0', 0, 0, 3, '0'),
(624, 3, '1', 1621777427, '0', 39, '0', 0, 0, 3, '0'),
(625, 1, 'Insane', 1621777443, '8', 39, '0', 0, 0, 3, '0'),
(626, 2, '1', 1621777443, '0', 39, '0', 0, 0, 3, '0'),
(627, 3, '1', 1621777443, '0', 39, '0', 0, 0, 3, '0'),
(628, 1, 'Demon', 1621778787, '10', 53, '0', 0, 0, 3, '0'),
(629, 2, '0', 1621778787, '0', 53, '0', 0, 0, 3, '0'),
(630, 3, '1', 1621778787, '0', 53, '0', 0, 0, 3, '0'),
(631, 10, 'Extreme', 1621778790, '0', 53, '0', 0, 0, 3, '0'),
(632, 1, 'Harder', 1621779023, '7', 10, '0', 0, 0, 3, '0'),
(633, 2, '0', 1621779023, '0', 10, '0', 0, 0, 3, '0'),
(634, 3, '1', 1621779023, '0', 10, '0', 0, 0, 3, '0'),
(635, 4, '1', 1621779029, '0', 10, '0', 0, 0, 3, '0'),
(636, 1, 'Demon', 1621779034, '10', 10, '0', 0, 0, 3, '0'),
(637, 2, '1', 1621779034, '0', 10, '0', 0, 0, 3, '0'),
(638, 3, '1', 1621779034, '0', 10, '0', 0, 0, 3, '0'),
(639, 4, '0', 1621779060, '0', 10, '0', 0, 0, 3, '0'),
(640, 1, 'Demon', 1621779064, '10', 10, '0', 0, 0, 3, '0'),
(641, 2, '0', 1621779064, '0', 10, '0', 0, 0, 3, '0'),
(642, 3, '1', 1621779064, '0', 10, '0', 0, 0, 3, '0'),
(643, 10, 'Insane', 1621779067, '0', 10, '0', 0, 0, 3, '0'),
(644, 10, 'Insane', 1621780305, '0', 54, '0', 0, 0, 3, '0'),
(645, 4, '1', 1621780311, '0', 54, '0', 0, 0, 3, '0'),
(646, 1, 'Hard', 1621793104, '5', 49, '0', 0, 0, 4, '0'),
(647, 2, '1', 1621793104, '0', 49, '0', 0, 0, 4, '0'),
(648, 3, '1', 1621793104, '0', 49, '0', 0, 0, 4, '0'),
(649, 1, 'Demon', 1621793195, '10', 48, '0', 0, 0, 4, '0'),
(650, 2, '1', 1621793195, '0', 48, '0', 0, 0, 4, '0'),
(651, 3, '1', 1621793195, '0', 48, '0', 0, 0, 4, '0'),
(652, 1, 'Demon', 1621793272, '10', 46, '0', 0, 0, 4, '0'),
(653, 2, '1', 1621793272, '0', 46, '0', 0, 0, 4, '0'),
(654, 3, '1', 1621793272, '0', 46, '0', 0, 0, 4, '0'),
(655, 1, 'Hard', 1621793303, '5', 42, '0', 0, 0, 4, '0'),
(656, 2, '1', 1621793303, '0', 42, '0', 0, 0, 4, '0'),
(657, 3, '1', 1621793303, '0', 42, '0', 0, 0, 4, '0'),
(658, 1, 'Demon', 1621793335, '10', 44, '0', 0, 0, 4, '0'),
(659, 2, '1', 1621793335, '0', 44, '0', 0, 0, 4, '0'),
(660, 3, '1', 1621793335, '0', 44, '0', 0, 0, 4, '0'),
(661, 1, 'Insane', 1621794906, '8', 43, '0', 0, 0, 4, '0'),
(662, 2, '1', 1621794906, '0', 43, '0', 0, 0, 4, '0'),
(663, 3, '1', 1621794906, '0', 43, '0', 0, 0, 4, '0'),
(664, 1, 'Harder', 1621833522, '7', 46, '0', 0, 0, 1, '0'),
(665, 2, '0', 1621833522, '0', 46, '0', 0, 0, 1, '0'),
(666, 3, '1', 1621833522, '0', 46, '0', 0, 0, 1, '0'),
(667, 1, 'Hard', 1621833532, '4', 51, '0', 0, 0, 1, '0'),
(668, 2, '0', 1621833532, '0', 51, '0', 0, 0, 1, '0'),
(669, 3, '1', 1621833532, '0', 51, '0', 0, 0, 1, '0'),
(670, 1, 'Easy', 1621845106, '2', 48, '0', 0, 0, 3, '0'),
(671, 2, '0', 1621845106, '0', 48, '0', 0, 0, 3, '0'),
(672, 3, '1', 1621845106, '0', 48, '0', 0, 0, 3, '0'),
(673, 1, 'Easy', 1621845124, '2', 44, '0', 0, 0, 3, '0'),
(674, 2, '0', 1621845124, '0', 44, '0', 0, 0, 3, '0'),
(675, 3, '1', 1621845124, '0', 44, '0', 0, 0, 3, '0'),
(676, 1, 'Easy', 1621852257, '2', 53, '0', 0, 0, 2, '0'),
(677, 2, '1', 1621852257, '0', 53, '0', 0, 0, 2, '0'),
(678, 3, '1', 1621852257, '0', 53, '0', 0, 0, 2, '0'),
(679, 1, 'Insane', 1621852259, '9', 53, '0', 0, 0, 3, '0'),
(680, 2, '0', 1621852259, '0', 53, '0', 0, 0, 3, '0'),
(681, 3, '1', 1621852259, '0', 53, '0', 0, 0, 3, '0'),
(682, 1, 'Easy', 1621852281, '2', 53, '0', 0, 0, 3, '0'),
(683, 2, '0', 1621852281, '0', 53, '0', 0, 0, 3, '0'),
(684, 3, '1', 1621852281, '0', 53, '0', 0, 0, 3, '0'),
(685, 1, 'Demon', 1621852323, '10', 49, '0', 0, 0, 3, '0'),
(686, 2, '1', 1621852323, '0', 49, '0', 0, 0, 3, '0'),
(687, 3, '1', 1621852323, '0', 49, '0', 0, 0, 3, '0'),
(688, 4, '0', 1621852394, '0', 54, '0', 0, 0, 3, '0'),
(689, 1, 'insane', 1621852412, '0', 54, '0', 0, 0, 3, '0'),
(690, 1, 'Easy', 1621853058, '2', 56, '0', 0, 0, 3, '0'),
(691, 2, '1', 1621853058, '0', 56, '0', 0, 0, 3, '0'),
(692, 3, '1', 1621853058, '0', 56, '0', 0, 0, 3, '0'),
(693, 4, '1', 1621853065, '0', 56, '0', 0, 0, 3, '0'),
(694, 4, '0', 1621853113, '0', 56, '0', 0, 0, 3, '0'),
(695, 1, 'demon', 1621853190, '91211', 56, '0', 0, 0, 3, '0'),
(696, 10, 'Extreme', 1621853197, '0', 56, '0', 0, 0, 3, '0'),
(697, 1, 'Hard', 1621853433, '4', 27, '0', 0, 0, 3, '0'),
(698, 2, '1', 1621853433, '0', 27, '0', 0, 0, 3, '0'),
(699, 3, '1', 1621853433, '0', 27, '0', 0, 0, 3, '0'),
(700, 1, 'N/A: 0', 1621867100, '0', 57, '0', 0, 0, 2, '0'),
(701, 1, 'Easy', 1621867102, '2', 57, '0', 0, 0, 2, '0'),
(702, 2, '1', 1621867102, '0', 57, '0', 0, 0, 2, '0'),
(703, 3, '1', 1621867102, '0', 57, '0', 0, 0, 2, '0'),
(704, 1, 'Easy', 1621886836, '2', 56, '0', 0, 0, 1, '0'),
(705, 2, '1', 1621886836, '0', 56, '0', 0, 0, 1, '0'),
(706, 3, '1', 1621886836, '0', 56, '0', 0, 0, 1, '0'),
(707, 6, '1', 1621891838, '0', 54, '0', 0, 0, 1, '0'),
(708, 1, 'Normal', 1621891882, '3', 51, '0', 0, 0, 1, '0'),
(709, 2, '1', 1621891882, '0', 51, '0', 0, 0, 1, '0'),
(710, 3, '1', 1621891882, '0', 51, '0', 0, 0, 1, '0'),
(711, 12, '1', 1621892094, '0', 45, '0', 0, 0, 1, '0'),
(712, 12, '1', 1621892175, '0', 12, '0', 0, 0, 1, '0'),
(713, 5, '1', 1621892398, '1621900800', 57, '0', 0, 0, 1, '0'),
(714, 5, '1', 1621892409, '1621987200', 56, '0', 0, 0, 1, '0'),
(715, 5, '1', 1621892420, '1622073600', 53, '0', 0, 0, 1, '0'),
(716, 1, 'Harder', 1621916646, '6', 53, '0', 0, 0, 4, '0'),
(717, 2, '1', 1621916646, '0', 53, '0', 0, 0, 4, '0'),
(718, 3, '1', 1621916646, '0', 53, '0', 0, 0, 4, '0'),
(719, 1, 'Easy', 1621940926, '2', 53, '0', 0, 0, 1, '0'),
(720, 2, '1', 1621940926, '0', 53, '0', 0, 0, 1, '0'),
(721, 3, '1', 1621940926, '0', 53, '0', 0, 0, 1, '0'),
(722, 9, '1000013', 1621940972, '0', 53, '0', 0, 0, 1, '0'),
(723, 9, '1001234', 1621940990, '0', 53, '0', 0, 0, 1, '0'),
(724, 1, 'Easy', 1621941106, '2', 15, '0', 0, 0, 1, '0'),
(725, 2, '0', 1621941106, '0', 15, '0', 0, 0, 1, '0'),
(726, 3, '1', 1621941106, '0', 15, '0', 0, 0, 1, '0'),
(727, 1, 'Demon', 1622056929, '10', 58, '0', 0, 0, 1, '0'),
(728, 2, '0', 1622056929, '0', 58, '0', 0, 0, 1, '0'),
(729, 3, '1', 1622056929, '0', 58, '0', 0, 0, 1, '0'),
(730, 1, 'Easy', 1622098079, '2', 59, '0', 0, 0, 2, '0'),
(731, 2, '0', 1622098079, '0', 59, '0', 0, 0, 2, '0'),
(732, 3, '1', 1622098079, '0', 59, '0', 0, 0, 2, '0'),
(733, 1, 'N/A: 0', 1622098084, '0', 59, '0', 0, 0, 2, '0'),
(734, 1, 'Normal', 1622116771, '3', 59, '0', 0, 0, 1, '0'),
(735, 2, '1', 1622116771, '0', 59, '0', 0, 0, 1, '0'),
(736, 3, '1', 1622116771, '0', 59, '0', 0, 0, 1, '0'),
(737, 4, '1', 1622116776, '0', 59, '0', 0, 0, 1, '0'),
(738, 1, 'Easy', 1622116798, '2', 60, '0', 0, 0, 1, '0'),
(739, 2, '0', 1622116798, '0', 60, '0', 0, 0, 1, '0'),
(740, 3, '1', 1622116798, '0', 60, '0', 0, 0, 1, '0'),
(741, 5, '1', 1622116824, '1622160000', 60, '0', 0, 0, 1, '0'),
(742, 5, '1', 1622116832, '1622246400', 59, '0', 0, 0, 1, '0'),
(743, 2, '1', 1622137036, '0', 63, '0', 0, 0, 1, '0'),
(744, 1, 'Demon', 1622138870, '10', 63, '0', 0, 0, 1, '0'),
(745, 2, '1', 1622138870, '0', 63, '0', 0, 0, 1, '0'),
(746, 3, '1', 1622138870, '0', 63, '0', 0, 0, 1, '0'),
(747, 10, 'Medium', 1622138882, '0', 63, '0', 0, 0, 1, '0'),
(748, 5, '1', 1622139013, '1623024000', 63, '1', 0, 0, 1, '0'),
(749, 5, '1', 1622139018, '1622332800', 63, '0', 0, 0, 1, '0'),
(750, 1, 'Easy', 1622139109, '2', 61, '0', 0, 0, 1, '0'),
(751, 2, '1', 1622139109, '0', 61, '0', 0, 0, 1, '0'),
(752, 3, '1', 1622139109, '0', 61, '0', 0, 0, 1, '0'),
(753, 1, 'Easy', 1622139218, '2', 62, '0', 0, 0, 1, '0'),
(754, 2, '1', 1622139218, '0', 62, '0', 0, 0, 1, '0'),
(755, 3, '1', 1622139218, '0', 62, '0', 0, 0, 1, '0'),
(756, 1, 'Easy', 1622139365, '2', 35, '0', 0, 0, 1, '0'),
(757, 2, '0', 1622139365, '0', 35, '0', 0, 0, 1, '0'),
(758, 3, '1', 1622139365, '0', 35, '0', 0, 0, 1, '0'),
(759, 1, 'Easy', 1622144844, '2', 64, '0', 0, 0, 1, '0'),
(760, 2, '0', 1622144844, '0', 64, '0', 0, 0, 1, '0'),
(761, 3, '1', 1622144844, '0', 64, '0', 0, 0, 1, '0'),
(762, 1, 'easy', 1622182913, '1', 60, '0', 0, 0, 2, '0'),
(763, 10, 'Medium', 1622185328, '0', 50, '0', 0, 0, 1, '0'),
(764, 1, 'Auto', 1622192790, '1', 65, '0', 0, 0, 3, '0'),
(765, 2, '1', 1622192790, '0', 65, '0', 0, 0, 3, '0'),
(766, 3, '1', 1622192790, '0', 65, '0', 0, 0, 3, '0'),
(767, 1, 'Auto', 1622192795, '1', 65, '0', 0, 0, 3, '0'),
(768, 2, '0', 1622192795, '0', 65, '0', 0, 0, 3, '0'),
(769, 3, '1', 1622192795, '0', 65, '0', 0, 0, 3, '0'),
(770, 10, 'Easy', 1622193297, '0', 50, '0', 0, 0, 3, '0'),
(771, 1, 'Hard', 1622193442, '4', 4, '0', 0, 0, 3, '0'),
(772, 2, '1', 1622193442, '0', 4, '0', 0, 0, 3, '0'),
(773, 3, '1', 1622193442, '0', 4, '0', 0, 0, 3, '0'),
(774, 1, 'Easy', 1622193447, '2', 38, '0', 0, 0, 3, '0'),
(775, 2, '1', 1622193447, '0', 38, '0', 0, 0, 3, '0'),
(776, 3, '1', 1622193447, '0', 38, '0', 0, 0, 3, '0'),
(777, 1, 'Easy', 1622224049, '2', 66, '0', 0, 0, 1, '0'),
(778, 2, '0', 1622224049, '0', 66, '0', 0, 0, 1, '0'),
(779, 3, '1', 1622224049, '0', 66, '0', 0, 0, 1, '0'),
(780, 10, 'Insane', 1622357843, '0', 17, '0', 0, 0, 3, '0'),
(781, 1, 'Easy', 1622374085, '2', 68, '0', 0, 0, 3, '0'),
(782, 2, '1', 1622374085, '0', 68, '0', 0, 0, 3, '0'),
(783, 3, '1', 1622374085, '0', 68, '0', 0, 0, 3, '0'),
(784, 1, 'Harder', 1622395804, '7', 69, '0', 0, 0, 8, '0'),
(785, 2, '1', 1622395804, '0', 69, '0', 0, 0, 8, '0'),
(786, 3, '1', 1622395804, '0', 69, '0', 0, 0, 8, '0'),
(787, 1, 'harder', 1622411119, '2', 69, '0', 0, 0, 2, '0'),
(788, 1, 'Harder', 1622476818, '7', 70, '0', 0, 0, 1, '0'),
(789, 2, '0', 1622476818, '0', 70, '0', 0, 0, 1, '0'),
(790, 3, '1', 1622476818, '0', 70, '0', 0, 0, 1, '0'),
(791, 1, 'Auto', 1622476876, '1', 71, '0', 0, 0, 1, '0'),
(792, 2, '1', 1622476876, '0', 71, '0', 0, 0, 1, '0'),
(793, 3, '1', 1622476876, '0', 71, '0', 0, 0, 1, '0'),
(794, 1, 'Hard', 1622562253, '5', 67, '0', 0, 0, 1, '0'),
(795, 2, '0', 1622562253, '0', 67, '0', 0, 0, 1, '0'),
(796, 3, '1', 1622562253, '0', 67, '0', 0, 0, 1, '0'),
(797, 1, 'Demon', 1622711075, '10', 72, '0', 0, 0, 1, '0'),
(798, 2, '0', 1622711075, '0', 72, '0', 0, 0, 1, '0'),
(799, 3, '1', 1622711075, '0', 72, '0', 0, 0, 1, '0'),
(800, 10, 'Medium', 1622711086, '0', 72, '0', 0, 0, 1, '0'),
(801, 5, '1', 1622711123, '1623628800', 72, '1', 0, 0, 1, '0'),
(802, 1, 'Normal', 1622781929, '3', 61, '0', 0, 0, 4, '0'),
(803, 2, '1', 1622781929, '0', 61, '0', 0, 0, 4, '0'),
(804, 3, '1', 1622781929, '0', 61, '0', 0, 0, 4, '0'),
(805, 1, 'Hard', 1622782037, '5', 65, '0', 0, 0, 4, '0'),
(806, 2, '1', 1622782037, '0', 65, '0', 0, 0, 4, '0'),
(807, 3, '1', 1622782037, '0', 65, '0', 0, 0, 4, '0'),
(808, 10, 'Hard', 1622797020, '0', 72, '0', 0, 0, 1, '0'),
(809, 1, 'Easy', 1622797347, '2', 67, '0', 0, 0, 1, '0'),
(810, 2, '0', 1622797347, '0', 67, '0', 0, 0, 1, '0'),
(811, 3, '1', 1622797347, '0', 67, '0', 0, 0, 1, '0'),
(812, 1, 'Harder', 1622893037, '6', 46, '0', 0, 0, 1, '0'),
(813, 2, '0', 1622893037, '0', 46, '0', 0, 0, 1, '0'),
(814, 3, '1', 1622893037, '0', 46, '0', 0, 0, 1, '0'),
(815, 1, 'N/A: 0', 1622918787, '0', 73, '0', 0, 0, 2, '0'),
(816, 1, 'Harder', 1622966553, '7', 73, '0', 0, 0, 1, '0'),
(817, 2, '0', 1622966553, '0', 73, '0', 0, 0, 1, '0'),
(818, 3, '1', 1622966553, '0', 73, '0', 0, 0, 1, '0'),
(819, 10, 'Easy', 1622967440, '0', 72, '0', 0, 0, 1, '0'),
(820, 1, 'Easy', 1622994604, '2', 35, '0', 0, 0, 3, '0'),
(821, 2, '1', 1622994604, '0', 35, '0', 0, 0, 3, '0'),
(822, 3, '1', 1622994604, '0', 35, '0', 0, 0, 3, '0'),
(823, 1, 'Normal', 1623077848, '3', 74, '0', 0, 0, 1, '0'),
(824, 2, '0', 1623077848, '0', 74, '0', 0, 0, 1, '0'),
(825, 3, '1', 1623077848, '0', 74, '0', 0, 0, 1, '0'),
(826, 7, '2', 1623185190, '0', 1, '0', 0, 0, 1, '0'),
(827, 7, '1', 1623185222, '0', 1, '0', 0, 0, 1, '0'),
(828, 12, '0', 1623257894, '0', 74, '0', 0, 0, 1, '0'),
(829, 1, 'Harder', 1623523310, '6', 73, '0', 0, 0, 4, '0'),
(830, 2, '1', 1623523310, '0', 73, '0', 0, 0, 4, '0'),
(831, 3, '1', 1623523310, '0', 73, '0', 0, 0, 4, '0'),
(832, 1, 'Hard', 1623691931, '5', 75, '0', 0, 0, 1, '0'),
(833, 2, '1', 1623691931, '0', 75, '0', 0, 0, 1, '0'),
(834, 3, '1', 1623691931, '0', 75, '0', 0, 0, 1, '0'),
(835, 1, 'Normal', 1623755787, '3', 77, '0', 0, 0, 1, '0'),
(836, 2, '0', 1623755787, '0', 77, '0', 0, 0, 1, '0'),
(837, 3, '1', 1623755787, '0', 77, '0', 0, 0, 1, '0'),
(838, 1, 'Hard', 1623755792, '4', 78, '0', 0, 0, 1, '0'),
(839, 2, '0', 1623755792, '0', 78, '0', 0, 0, 1, '0'),
(840, 3, '1', 1623755792, '0', 78, '0', 0, 0, 1, '0'),
(841, 5, '1', 1623758109, '1623801600', 77, '0', 0, 0, 1, '0'),
(842, 5, '1', 1623758136, '1623888000', 78, '0', 0, 0, 1, '0'),
(843, 5, '1', 1623758163, '1623974400', 75, '0', 0, 0, 1, '0'),
(844, 5, '1', 1623758177, '1624060800', 74, '0', 0, 0, 1, '0'),
(845, 1, 'Hard', 1623825507, '4', 79, '0', 0, 0, 1, '0'),
(846, 2, '0', 1623825507, '0', 79, '0', 0, 0, 1, '0'),
(847, 3, '1', 1623825507, '0', 79, '0', 0, 0, 1, '0'),
(848, 1, 'Easy', 1623825514, '2', 76, '0', 0, 0, 1, '0'),
(849, 2, '0', 1623825514, '0', 76, '0', 0, 0, 1, '0'),
(850, 3, '1', 1623825514, '0', 76, '0', 0, 0, 1, '0'),
(851, 1, 'Easy', 1623825517, '2', 76, '0', 0, 0, 1, '0'),
(852, 2, '1', 1623825517, '0', 76, '0', 0, 0, 1, '0'),
(853, 3, '1', 1623825517, '0', 76, '0', 0, 0, 1, '0'),
(854, 1, 'Easy', 1623827318, '2', 79, '0', 0, 0, 1, '0'),
(855, 2, '0', 1623827318, '0', 79, '0', 0, 0, 1, '0'),
(856, 3, '1', 1623827318, '0', 79, '0', 0, 0, 1, '0'),
(857, 1, 'Demon', 1623913774, '10', 80, '0', 0, 0, 1, '0'),
(858, 2, '0', 1623913774, '0', 80, '0', 0, 0, 1, '0'),
(859, 3, '1', 1623913774, '0', 80, '0', 0, 0, 1, '0'),
(860, 10, 'Easy', 1623913781, '0', 80, '0', 0, 0, 1, '0'),
(861, 5, '1', 1623913869, '1624233600', 80, '1', 0, 0, 1, '0'),
(862, 5, '1', 1623913896, '1624147200', 79, '0', 0, 0, 1, '0'),
(863, 6, '1', 1623938849, '0', 79, '0', 0, 0, 3, '0'),
(864, 1, 'Auto', 1623944001, '1', 15, '0', 0, 0, 3, '0'),
(865, 2, '0', 1623944001, '0', 15, '0', 0, 0, 3, '0'),
(866, 3, '1', 1623944001, '0', 15, '0', 0, 0, 3, '0'),
(867, 1, 'easy', 1623945580, '929', 21, '0', 0, 0, 3, '0'),
(868, 1, 'Demon', 1623945593, '10', 21, '0', 0, 0, 3, '0'),
(869, 2, '1', 1623945593, '0', 21, '0', 0, 0, 3, '0'),
(870, 3, '1', 1623945593, '0', 21, '0', 0, 0, 3, '0'),
(871, 4, '0', 1623946153, '0', 59, '0', 0, 0, 3, '0'),
(872, 1, 'N/A: 0', 1624044912, '0', 81, '0', 0, 0, 2, '0'),
(873, 1, 'Normal', 1624097329, '3', 82, '0', 0, 0, 1, '0'),
(874, 2, '0', 1624097329, '0', 82, '0', 0, 0, 1, '0'),
(875, 3, '1', 1624097329, '0', 82, '0', 0, 0, 1, '0'),
(876, 5, '1', 1624097353, '1624233600', 82, '0', 0, 0, 1, '0'),
(877, 1, 'Hard', 1624132242, '5', 81, '0', 0, 0, 8, '0'),
(878, 2, '1', 1624132242, '0', 81, '0', 0, 0, 8, '0'),
(879, 3, '1', 1624132242, '0', 81, '0', 0, 0, 8, '0');

-- --------------------------------------------------------

--
-- Структура таблицы `modipperms`
--

CREATE TABLE `modipperms` (
  `categoryID` int(11) NOT NULL,
  `actionFreeCopy` int(11) NOT NULL DEFAULT 0
) ENGINE=InnoDB DEFAULT CHARSET=utf8mb4;

-- --------------------------------------------------------

--
-- Структура таблицы `modips`
--

CREATE TABLE `modips` (
  `ID` int(11) NOT NULL,
  `IP` varchar(69) COLLATE utf8_unicode_ci NOT NULL,
  `isMod` int(11) NOT NULL,
  `accountID` int(11) NOT NULL,
  `modipCategory` int(11) NOT NULL
) ENGINE=InnoDB DEFAULT CHARSET=utf8 COLLATE=utf8_unicode_ci;

--
-- Дамп данных таблицы `modips`
--

INSERT INTO `modips` (`ID`, `IP`, `isMod`, `accountID`, `modipCategory`) VALUES
(1, '185.104.7.96', 1, 1, 1);

-- --------------------------------------------------------

--
-- Структура таблицы `poll`
--

CREATE TABLE `poll` (
  `accountID` int(11) NOT NULL,
  `pollOption` varchar(255) NOT NULL,
  `optionID` int(11) NOT NULL
) ENGINE=InnoDB DEFAULT CHARSET=utf8;

-- --------------------------------------------------------

--
-- Структура таблицы `quests`
--

CREATE TABLE `quests` (
  `ID` int(11) NOT NULL,
  `type` int(11) NOT NULL,
  `amount` int(11) NOT NULL,
  `reward` int(11) NOT NULL,
  `name` varchar(255) COLLATE utf8_unicode_ci NOT NULL
) ENGINE=InnoDB DEFAULT CHARSET=utf8 COLLATE=utf8_unicode_ci;

--
-- Дамп данных таблицы `quests`
--

INSERT INTO `quests` (`ID`, `type`, `amount`, `reward`, `name`) VALUES
(2, 1, 101010, 1006, 'Wat\r\n'),
(4, 2, 20, 100, 'Tekst'),
(5, 1, 10, 77, 'Gigi');

-- --------------------------------------------------------

--
-- Структура таблицы `reports`
--

CREATE TABLE `reports` (
  `ID` int(11) NOT NULL,
  `levelID` int(11) NOT NULL,
  `hostname` varchar(255) COLLATE utf8_unicode_ci NOT NULL
) ENGINE=InnoDB DEFAULT CHARSET=utf8 COLLATE=utf8_unicode_ci;

-- --------------------------------------------------------

--
-- Структура таблицы `roleassign`
--

CREATE TABLE `roleassign` (
  `assignID` bigint(20) NOT NULL,
  `roleID` bigint(20) NOT NULL,
  `accountID` bigint(20) NOT NULL
) ENGINE=InnoDB DEFAULT CHARSET=utf8;

--
-- Дамп данных таблицы `roleassign`
--

INSERT INTO `roleassign` (`assignID`, `roleID`, `accountID`) VALUES
(1, 1, 1),
(2, 2, 2),
(4, 2, 3),
(5, 3, 4),
(6, 6, 5),
(7, 3, 6),
(8, 3, 7),
(9, 3, 8),
(10, 2, 10),
(11, 2, 10);

-- --------------------------------------------------------

--
-- Структура таблицы `roles`
--

CREATE TABLE `roles` (
  `roleID` bigint(11) NOT NULL,
  `priority` int(11) NOT NULL DEFAULT 0,
  `roleName` varchar(255) NOT NULL,
  `commandRate` int(11) NOT NULL DEFAULT 0,
  `commandFeature` int(11) NOT NULL DEFAULT 0,
  `commandEpic` int(11) NOT NULL DEFAULT 0,
  `commandUnepic` int(11) NOT NULL DEFAULT 0,
  `commandVerifycoins` int(11) NOT NULL DEFAULT 0,
  `commandDaily` int(11) NOT NULL DEFAULT 0,
  `commandWeekly` int(11) NOT NULL DEFAULT 0,
  `commandDelete` int(11) NOT NULL DEFAULT 0,
  `commandSetacc` int(11) NOT NULL DEFAULT 0,
  `commandRenameOwn` int(11) NOT NULL DEFAULT 1,
  `commandRenameAll` int(11) NOT NULL DEFAULT 0,
  `commandPassOwn` int(11) NOT NULL DEFAULT 1,
  `commandPassAll` int(11) NOT NULL DEFAULT 0,
  `commandDescriptionOwn` int(11) NOT NULL DEFAULT 1,
  `commandDescriptionAll` int(11) NOT NULL DEFAULT 0,
  `commandPublicOwn` int(11) NOT NULL DEFAULT 1,
  `commandPublicAll` int(11) NOT NULL DEFAULT 0,
  `commandUnlistOwn` int(11) NOT NULL DEFAULT 1,
  `commandUnlistAll` int(11) NOT NULL DEFAULT 0,
  `commandSharecpOwn` int(11) NOT NULL DEFAULT 1,
  `commandSharecpAll` int(11) NOT NULL DEFAULT 0,
  `commandSongOwn` int(11) NOT NULL DEFAULT 1,
  `commandSongAll` int(11) NOT NULL DEFAULT 0,
  `profilecommandDiscord` int(11) NOT NULL DEFAULT 1,
  `actionRateDemon` int(11) NOT NULL DEFAULT 0,
  `actionRateStars` int(11) NOT NULL DEFAULT 0,
  `actionRateDifficulty` int(11) NOT NULL DEFAULT 0,
  `actionRequestMod` int(11) NOT NULL DEFAULT 0,
  `actionSuggestRating` int(11) NOT NULL DEFAULT 0,
  `toolLeaderboardsban` int(11) NOT NULL DEFAULT 0,
  `toolPackcreate` int(11) NOT NULL DEFAULT 0,
  `toolModactions` int(11) NOT NULL DEFAULT 0,
  `toolSuggestlist` int(11) NOT NULL DEFAULT 0,
  `dashboardModTools` int(11) NOT NULL DEFAULT 0,
  `modipCategory` int(11) NOT NULL DEFAULT 0,
  `isDefault` int(11) NOT NULL DEFAULT 0,
  `commentColor` varchar(11) NOT NULL DEFAULT '000,000,000',
  `modBadgeLevel` int(11) NOT NULL DEFAULT 0
) ENGINE=InnoDB DEFAULT CHARSET=utf8;

--
-- Дамп данных таблицы `roles`
--

INSERT INTO `roles` (`roleID`, `priority`, `roleName`, `commandRate`, `commandFeature`, `commandEpic`, `commandUnepic`, `commandVerifycoins`, `commandDaily`, `commandWeekly`, `commandDelete`, `commandSetacc`, `commandRenameOwn`, `commandRenameAll`, `commandPassOwn`, `commandPassAll`, `commandDescriptionOwn`, `commandDescriptionAll`, `commandPublicOwn`, `commandPublicAll`, `commandUnlistOwn`, `commandUnlistAll`, `commandSharecpOwn`, `commandSharecpAll`, `commandSongOwn`, `commandSongAll`, `profilecommandDiscord`, `actionRateDemon`, `actionRateStars`, `actionRateDifficulty`, `actionRequestMod`, `actionSuggestRating`, `toolLeaderboardsban`, `toolPackcreate`, `toolModactions`, `toolSuggestlist`, `dashboardModTools`, `modipCategory`, `isDefault`, `commentColor`, `modBadgeLevel`) VALUES
(1, 9999, 'Owner', 1, 1, 1, 1, 1, 1, 1, 1, 1, 1, 1, 1, 1, 1, 1, 1, 1, 1, 1, 1, 1, 1, 1, 1, 1, 1, 1, 1, 1, 1, 1, 1, 1, 1, 1, 0, '50,255,255', 2),
(2, 100, 'Elder Mod', 1, 1, 1, 1, 1, 0, 0, 1, 0, 1, 0, 1, 0, 1, 0, 1, 0, 1, 0, 1, 0, 1, 0, 1, 1, 1, 1, 1, 0, 0, 0, 0, 0, 0, 0, 0, '000,000,000', 2),
(3, 90, 'Mod', 0, 1, 0, 0, 0, 0, 0, 0, 0, 1, 0, 1, 0, 1, 0, 1, 0, 1, 0, 1, 0, 1, 0, 1, 0, 1, 1, 1, 1, 0, 0, 0, 0, 0, 0, 0, '072,129,254', 1),
(4, 0, 'Default', 0, 0, 0, 0, 0, 0, 0, 0, 0, 1, 0, 1, 0, 1, 0, 1, 0, 1, 0, 1, 0, 1, 0, 1, 0, 0, 0, 0, 0, 0, 0, 0, 0, 0, 0, 1, '000,000,000', 0),
(6, 80, 'Helper', 0, 0, 0, 0, 0, 1, 0, 0, 0, 1, 0, 1, 0, 1, 0, 1, 0, 1, 0, 1, 0, 1, 0, 1, 0, 1, 0, 0, 0, 0, 0, 0, 0, 0, 0, 0, '233,091,230', 1);

-- --------------------------------------------------------

--
-- Структура таблицы `songs`
--

CREATE TABLE `songs` (
  `ID` int(11) NOT NULL,
  `name` varchar(100) COLLATE utf8_unicode_ci NOT NULL,
  `authorID` int(11) NOT NULL,
  `authorName` varchar(100) COLLATE utf8_unicode_ci NOT NULL,
  `size` varchar(100) COLLATE utf8_unicode_ci NOT NULL,
  `download` varchar(1337) COLLATE utf8_unicode_ci NOT NULL,
  `hash` varchar(256) COLLATE utf8_unicode_ci NOT NULL DEFAULT '',
  `isDisabled` int(11) NOT NULL DEFAULT 0,
  `levelsCount` int(11) NOT NULL DEFAULT 0,
  `reuploadTime` int(11) NOT NULL DEFAULT 0
) ENGINE=InnoDB DEFAULT CHARSET=utf8 COLLATE=utf8_unicode_ci;

--
-- Дамп данных таблицы `songs`
--

INSERT INTO `songs` (`ID`, `name`, `authorID`, `authorName`, `size`, `download`, `hash`, `isDisabled`, `levelsCount`, `reuploadTime`) VALUES
(19, 'Light funk thigamajig thingie', 396, 'arrogancy', '0.4', 'http%3A%2F%2Faudio.ngfiles.com%2F0%2F19_newgrounds_lightd.mp3', '', 0, 0, 0),
(1088, 'Touquetou', 10322, 'Takhisis321', '0.36', 'http%3A%2F%2Faudio.ngfiles.com%2F1000%2F1088_newgrounds_touque.mp3', '', 0, 1, 0),
(3837, 'goin down', 1476, 'Redslash', '3.1', 'http%3A%2F%2Faudio.ngfiles.com%2F3000%2F3837_newgrounds_goin_d.mp3', '', 0, 0, 0),
(10000, 'Insane Punk', 378, 'Chr0me', '0.76', 'http%3A%2F%2Faudio.ngfiles.com%2F10000%2F10000_newgrounds_insane.mp3', '', 0, 0, 0),
(10090, 'Aqua Render', 1283, 'Victor-Orozco', '0.03', 'http%3A%2F%2Faudio.ngfiles.com%2F10000%2F10090_newgrounds_aqua_r.mp3', '', 0, 0, 0),
(12123, 'Its Time (sample)', 84, 'DJStain', '2.86', 'http%3A%2F%2Faudio.ngfiles.com%2F12000%2F12123_newgrounds_its_ti.mp3', '', 0, 0, 0),
(14645, 'I See People And They Say Hi', 3545, 'BaronVonBadGuy', '3.75', 'http%3A%2F%2Faudio.ngfiles.com%2F14000%2F14645_newgrounds_i_see_.mp3', '', 0, 0, 0),
(88000, 'She deserve to die', 5166, 'Bigdwarf', '2.77', 'http%3A%2F%2Faudio.ngfiles.com%2F88000%2F88000_13_Neurological___She_Dese.mp3', '', 0, 0, 0),
(98999, '{Ambient cheese}', 6757, 'theflamingfox', '2.75', 'http%3A%2F%2Faudio.ngfiles.com%2F98000%2F98999_Ambient_cheese.mp3', '', 0, 0, 0),
(100901, 'HarmonySyncEdit', 4390, 'sovNazbol', '1.86', 'http%3A%2F%2Faudio.ngfiles.com%2F100000%2F100901_stilldre.mp3', '', 0, 0, 0),
(103079, 'Blue Mind - ReMaX', 5793, 'studio-nightbird', '1.11', 'https%3A%2F%2Faudio.ngfiles.com%2F103000%2F103079_blue_mind_remix.mp3%3Ff1193554219', '', 0, 0, 0),
(105753, 'EnVHeaven Rd. 2 (Ng mix)', 149, 'Envy', '5.95', 'http%3A%2F%2Faudio.ngfiles.com%2F105000%2F105753_Heaven_remix.mp3', '', 0, 0, 0),
(121231, 'Sky Disco', 4219, 'Sytze', '1.32', 'http%3A%2F%2Faudio.ngfiles.com%2F121000%2F121231_SpaceStation2.mp3', '', 0, 0, 0),
(123122, 'Alone At the Bottom', 15940, 'betrayalisanART', '7.21', 'http%3A%2F%2Faudio.ngfiles.com%2F123000%2F123122_Alone_On_the_Bottom.mp3', '', 0, 0, 0),
(174791, 'Latin Remix', 28891, '14hourlunchbreak', '0.84', 'http%3A%2F%2Faudio.ngfiles.com%2F174000%2F174791_01_Track_01.mp3', '', 0, 0, 0),
(323456, ' V Trance Elise V ', 581, 'veanm', '3.21', 'http%3A%2F%2Faudio.ngfiles.com%2F323000%2F323456_Tance_Elise.mp3', '', 0, 0, 0),
(345654, 'untitled3847362', 1532, 'Pissomatik', '0.97', 'http%3A%2F%2Faudio.ngfiles.com%2F345000%2F345654_eatshitanddie.mp3', '', 0, 0, 0),
(372733, 'Fall Of Memnon', 5876, 'Archangel-Briggs', '6.09', 'http%3A%2F%2Faudio.ngfiles.com%2F372000%2F372733_Fall_Of_Memnon.mp3', '', 0, 0, 0),
(374628, 'Starkweather', 2229, 'cycerin', '3.79', 'http%3A%2F%2Faudio.ngfiles.com%2F374000%2F374628_starkweather.mp3', '', 0, 1, 0),
(384828, 'Forgetting (Farewell to 2010)', 16118, 'titanium505', '7.93', 'http%3A%2F%2Faudio.ngfiles.com%2F384000%2F384828_Forgetting_the_Year__Farew.mp3', '', 0, 0, 0),
(392666, 'Split Mind - Fallen0ne', 27231, 'th3fallen0ne', '2.94', 'http%3A%2F%2Faudio.ngfiles.com%2F392000%2F392666_Split_Mind.MP3', '', 0, 0, 0),
(404004, 'Dub Steppn', 6162, 'Spartanblu', '3.17', 'http%3A%2F%2Faudio.ngfiles.com%2F404000%2F404004_Dub_Stepp_n.mp3', '', 0, 0, 0),
(436814, '[Phobos]*', 3435, 'Solkrieg', '7.96', 'http%3A%2F%2Faudio.ngfiles.com%2F436000%2F436814_Phobos.mp3', '', 0, 0, 0),
(452965, 'Sad Music', 19998, 'jackbliss', '0.54', 'http%3A%2F%2Faudio.ngfiles.com%2F452000%2F452965_sad_music.mp3', '', 0, 2, 0),
(456373, 'Mouth', 9400, 'TheGuitahHeroe', '4.65', 'http%3A%2F%2Faudio.ngfiles.com%2F456000%2F456373_MOUTH_FINAL__2_.mp3', '', 0, 0, 0),
(456379, 'Skyrim Theme Remake', 11299, 'cactar65', '5.36', 'http%3A%2F%2Faudio.ngfiles.com%2F456000%2F456379_Skyrim_theme__Remastered_.mp3', '', 0, 0, 0),
(462046, 'NK \"Headrush\"', 1895, 'Rukkus', '7.2', 'http%3A%2F%2Faudio.ngfiles.com%2F462000%2F462046_NK_Headrush.mp3', '', 0, 0, 0),
(463638, 'Vacuum (rap Instro)', 10390, 'Alex1228', '5.8', 'http%3A%2F%2Faudio.ngfiles.com%2F463000%2F463638_vacuum.mp3', '', 0, 0, 0),
(465909, 'NK Evil', 1895, 'Rukkus', '7.28', 'http%3A%2F%2Faudio.ngfiles.com%2F465000%2F465909_NK_EVIL_full.mp3', '', 0, 0, 0),
(467339, 'At the Speed of Light', 52, 'Dimrain47', '9.56', 'http%3A%2F%2Faudio.ngfiles.com%2F467000%2F467339_At_the_Speed_of_Light_FINA.mp3', '', 0, 0, 0),
(478283, '-Haunted woods-', 30, 'Waterflame', '5.66', 'http%3A%2F%2Faudio.ngfiles.com%2F478000%2F478283_-Haunted-woods-.mp3', '', 0, 0, 0),
(482872, 'KzX - Stalemate', 2612, 'Kayoszx', '6.46', 'http%3A%2F%2Faudio.ngfiles.com%2F482000%2F482872_KzX---Stalemate.mp3', '', 0, 1, 0),
(485978, 'Partyt Ã„r IgÃ¥ng!', 452, 'bossfightofficial', '2.71', 'http%3A%2F%2Faudio.ngfiles.com%2F485000%2F485978_Partyt-Aumlr-Igaringng.mp3', '', 0, 0, 0),
(494623, 'Xrullor - Dropping Fish', 2159, 'Xtrullor', '9.82', 'http%3A%2F%2Faudio.ngfiles.com%2F494000%2F494623_Xrullor---Dropping-Fish.mp3', '', 0, 0, 0),
(495239, 'Rainbow Factory Remix v1', 5232, 'b4ttle', '3.98', 'http%3A%2F%2Faudio.ngfiles.com%2F495000%2F495239_Rainbow-Factory-Remix-v1.mp3', '', 0, 0, 0),
(510853, 'Dr. Phonics - Code Red', 24255, 'DrPhonics', '7.6', 'http%3A%2F%2Faudio.ngfiles.com%2F510000%2F510853_Dr-Phonics---Code-Red.mp3', '', 0, 1, 0),
(573828, 'Dance of Clown Demon RM', 10774, 'Phoenix51', '3.59', 'http%3A%2F%2Faudio.ngfiles.com%2F573000%2F573828_Dance-of-Clown-Demon-RM.mp3', '', 0, 0, 0),
(574484, 'F-777 - Sonic Blaster', 286, 'F-777', '6.95', 'http%3A%2F%2Faudio.ngfiles.com%2F574000%2F574484_F-777---Sonic-Blaster.mp3', '', 0, 0, 0),
(575472, 'Skull.Ogg', 11777, 'VilexPlague', '1.61', 'http%3A%2F%2Faudio.ngfiles.com%2F575000%2F575472_SkullOgg.mp3', '', 0, 0, 0),
(579560, 'Corrosive', 2159, 'Xtrullor', '10.44', 'http%3A%2F%2Faudio.ngfiles.com%2F579000%2F579560_Corrosive.mp3', '', 0, 1, 0),
(580950, 'Realistik - 211', 1895, 'Rukkus', '5.02', 'http%3A%2F%2Faudio.ngfiles.com%2F580000%2F580950_Realistik---211.mp3', '', 0, 0, 0),
(583742, 'done', 12246, 'wcwlunchbox', '12.71', 'http%3A%2F%2Faudio.ngfiles.com%2F583000%2F583742_done.mp3', '', 0, 0, 0),
(584398, 'Cane Swinging', 286, 'F-777', '6.19', 'http%3A%2F%2Faudio.ngfiles.com%2F584000%2F584398_Cane-Swinging.mp3', '', 0, 1, 0),
(587069, '-Endgame-', 30, 'Waterflame', '5.35', 'http%3A%2F%2Faudio.ngfiles.com%2F587000%2F587069_-Endgame-.mp3', '', 0, 0, 0),
(590669, 'Malchik Gay', 2106, 'MetronomeBand', '8.85', 'http%3A%2F%2Faudio.ngfiles.com%2F590000%2F590669_Malchik-Gay.mp3', '', 0, 1, 0),
(591208, 'Secrets of Wysteria', 389, 'steampianist', '11.45', 'http%3A%2F%2Faudio.ngfiles.com%2F591000%2F591208_Secrets-of-Wysteria.mp3', '', 0, 0, 0),
(593661, 'Xtrullor - Supernova', 2159, 'Xtrullor', '11.89', 'http%3A%2F%2Faudio.ngfiles.com%2F593000%2F593661_Xtrullor---Supernova.mp3', '', 0, 0, 0),
(595342, 'Magic Touch(31SongMashup)', 22648, 'Romos', '6.92', 'http%3A%2F%2Faudio.ngfiles.com%2F595000%2F595342_Magic-Touch31SongMashup.mp3', '', 0, 0, 0),
(595394, 'Sparkler', 611, 'TheColdSpirit', '2.7', 'http%3A%2F%2Faudio.ngfiles.com%2F595000%2F595394_Sparkler.mp3', '', 0, 5, 0),
(595621, 'Nimaimouto - Journey Through T', 1234, 'Nimaimouto', '6.69', 'https://audio.ngfiles.com/595000/595621_Nimaimouto---Journey-Throu.mp3?f1417680202', '', 0, 0, 0),
(595631, '(AO) Faith = Dictator of Lies', 6033, 'Nevrosia666', '7.22', 'http%3A%2F%2Faudio.ngfiles.com%2F595000%2F595631_AO-Faith--Dictator-of-Lies.mp3', '', 0, 0, 0),
(607493, 'The Force', 23519, 'MafiaPineapple', '9.03', 'http%3A%2F%2Faudio.ngfiles.com%2F607000%2F607493_The-Force.mp3', '', 0, 0, 0),
(613929, 'Dance Of The Violins', 286, 'F-777', '13.02', 'http%3A%2F%2Faudio.ngfiles.com%2F613000%2F613929_Dance-Of-The-Violins.mp3', '', 0, 0, 0),
(621144, 'TheFatRat - Infinite Power', 38970, 'ThisIsTheFatRat', '8.3', 'http%3A%2F%2Faudio.ngfiles.com%2F621000%2F621144_TheFatRat---Infinite-Power.mp3', '', 0, 0, 0),
(629573, 'Ibanutsa (Ð•Ð±Ð°Ð½ÑƒÑ‚ÑŒÑÑ)', 25091, 'Mechanical-Animals', '6.43', 'http%3A%2F%2Faudio.ngfiles.com%2F629000%2F629573_Ibanutsa-.mp3', '', 0, 1, 0),
(635273, 'Revit Up 2', 42506, 'Caliber23', '3.37', 'http%3A%2F%2Faudio.ngfiles.com%2F635000%2F635273_Revit-Up-2.mp3', '', 0, 0, 0),
(645237, 'melodica', 44135, 'DjDragonfire', '7.34', 'http%3A%2F%2Faudio.ngfiles.com%2F645000%2F645237_melodica.mp3', '', 0, 0, 0),
(647348, 'Shake the Room', 44558, 'Unrecognized1', '10.95', 'http%3A%2F%2Faudio.ngfiles.com%2F647000%2F647348_Shake-the-Room.mp3', '', 0, 0, 0),
(649039, 'NK - Nine Circles (Xtrullor Remix)', 2159, 'Xtrullor', '7.86', 'http%3A%2F%2Faudio.ngfiles.com%2F649000%2F649039_NK---Nine-Circles-Xtrullor.mp3', '', 0, 2, 0),
(652927, 'TheFatRat - Monody (feat. Laura Brehm)', 38970, 'ThisIsTheFatRat', '11.94', 'http%3A%2F%2Faudio.ngfiles.com%2F652000%2F652927_TheFatRat---Monody-feat-La.mp3', '', 0, 0, 0),
(673822, 'Wakfu instumental', 1234, 'Xal-SpaceGR1', '6.69', 'https://audio.ngfiles.com/673000/673822_Wakfu-instumental.mp3?f1456923590', '', 0, 0, 0),
(685746, 'Death Moon', 48978, 'SoundHolicK', '6.26', 'http%3A%2F%2Faudio.ngfiles.com%2F685000%2F685746_Death-Moon.mp3', '', 0, 1, 0),
(686782, 'Badland', 2787, 'BoomKitty', '11', 'http%3A%2F%2Faudio.ngfiles.com%2F686000%2F686782_Badland.mp3', '', 0, 0, 0),
(693041, 'Dark Matter Suite (1f1n1ty + LOrbSheddy Remix)', 2741, '1f1n1ty', '7.27', 'http%3A%2F%2Faudio.ngfiles.com%2F693000%2F693041_Dark-Matter-Suite-1f1n1ty-.mp3', '', 0, 0, 0),
(704040, 'NOMA Brain Power', 1234, 'Juicy4life', '6.69', 'https://audio.ngfiles.com/704000/704040_NOMA-Brain-Power.mp3?f1474125762', '', 0, 1, 0),
(720859, 'The Scrap Boy OFF VOCAL', 389, 'steampianist', '21.65', 'http%3A%2F%2Faudio.ngfiles.com%2F720000%2F720859_The-Scrap-Boy-OFF-VOCAL.mp3', '', 0, 0, 0),
(729530, 'Punyaso - My Little Pony', 50524, 'punyasotunes', '6.24', 'http%3A%2F%2Faudio.ngfiles.com%2F729000%2F729530_Punyaso---My-Little-Pony.mp3', '', 0, 0, 0),
(778463, 'Ziggurat (Original Mix)', 47624, 'KaixoMusic', '4.15', 'https%3A%2F%2Faudio.ngfiles.com%2F778000%2F778463_Ziggurat-Original-Mix.mp3%3Ff1512766266', '', 0, 0, 0),
(806733, 'Circus Contraption - Come To The Circus (DirtyPaws Remix)', 50550, 'dirtypawsofficial', '9.35', 'https%3A%2F%2Faudio.ngfiles.com%2F806000%2F806733_Circus-Contraption---Come-.mp3%3Ff1526820551', '', 0, 2, 0),
(815808, 'MegaSphere & Crankshaft - The One Who Really Knows', 44343, 'MegaSphere', '13.56', 'https%3A%2F%2Faudio.ngfiles.com%2F815000%2F815808_MegaSphere-amp-Crankshaft-.mp3%3Ff1531931195', '', 0, 1, 0),
(816491, 'This is Our Fight (2018)', 37848, 'Bertn1991', '6.93', 'https%3A%2F%2Faudio.ngfiles.com%2F816000%2F816491_This-is-Our-Fight-2018.mp3%3Ff1532321207', '', 0, 0, 0),
(827192, 'Need a Beat of Respect (Remake) - TAGPilot101YT', 1234, 'TAGPilot101YT', '6.69', 'https://audio.ngfiles.com/827000/827192_Need-a-Beat-of-Respect-Rem.mp3?f1538926290', '', 0, 0, 0),
(831303, 'Starcat-Bipolarity', 51048, 'Starcat-sama', '3.68', 'https%3A%2F%2Faudio.ngfiles.com%2F831000%2F831303_Starcat-Bipolarity.mp3%3Ff1541394031', '', 0, 1, 0),
(837181, 'SSsss', 1234, 'Da4n1k', '6.69', 'https://audio.ngfiles.com/837000/837181_SSsss.mp3?f1544541916', '', 0, 1, 0),
(837281, 'Dubn the hot tub', 19410, 'KranBerries', '3.7', 'https%3A%2F%2Faudio.ngfiles.com%2F837000%2F837281_Dubn-the-hot-tub.mp3%3Ff1544585739', '', 0, 1, 0),
(839572, 'ELEPS - POWERSOUND (DUBSTEP)', 50530, 'ELEPS44', '7.96', 'https%3A%2F%2Faudio.ngfiles.com%2F839000%2F839572_ELEPS---POWERSOUND-DUBSTEP.mp3%3Ff1545793734', '', 0, 2, 0),
(848789, 'S3RL - Hentai (Shenron Remix)', 51021, 'shenronmusic', '4.86', 'https%3A%2F%2Faudio.ngfiles.com%2F848000%2F848789_S3RL---Hentai-Shenron-Remi.mp3%3Ff1550381220', '', 0, 0, 0),
(880055, 'Drift On', 51540, 'BloodStormGD', '8.65', 'https%3A%2F%2Faudio.ngfiles.com%2F880000%2F880055_Drift-On.mp3%3Ff1566955055', '', 0, 0, 0),
(928228, 'Octanum - behemoth', 51380, 'Pigego', '3.3', 'https%3A%2F%2Faudio.ngfiles.com%2F928000%2F928228_Octanum---behemoth.mp3%3Ff1587481582', '', 0, 0, 0),
(928229, 'Friday Night Funkin&', 9, 'Reupload', '-0', 'http://ps.fhgdps.com/songs/Friday%20Night%20Funkin%27%20Mid-Fight%20Masses%20%7C%20Zavodila%20%28HARD%20RECHARTED%29.mp3', '', 0, 0, 0),
(928230, 'First Of The Year (Equinox', 9, 'Skrillex', '0', 'https://api.soundcloud.com/tracks/21792829/stream?client_id=dc467dd431fc48eb0244b0aead929ccd', '', 0, 0, 0),
(928231, 'Madness [Tricky Mod]', 9, 'Reupload', '3.48', 'http://ps.fhgdps.com/songs/Madness%20%5BTricky%20Mod%5D.mp3', '', 0, 2, 0),
(928321, 'Heartbeat', 1234, 'xZeroZonex', '6.69', 'https://audio.ngfiles.com/928000/928321_Heartbeat.mp3?f1587506482', '', 0, 0, 0),
(936666, 'emergency call', 1234, 'elweyquecomenta', '6.69', 'https://audio.ngfiles.com/936000/936666_emergency-call.mp3?f1590286162', '', 0, 0, 0),
(944913, 'ELEPS - Reset (Dubstep)', 50530, 'ELEPS44', '6.78', 'https%3A%2F%2Faudio.ngfiles.com%2F944000%2F944913_ELEPS---Reset-Dubstep.mp3%3Ff1593228818', '', 0, 3, 0),
(981666, 'Jerppa XD-Adrastea', 10000038, 'JerppaXD', '7.12', 'https%3A%2F%2Faudio.ngfiles.com%2F981000%2F981666_Jerppa-XD-Adrastea.mp3%3Ff1605810859', '', 0, 0, 0),
(985666, '[PREVIEW] Mall Elf After Hours - [18+ AUDIO]', 1234, 'LadyEliseVA', '6.69', 'https://audio.ngfiles.com/985000/985666_PREVIEW-Mall-Elf-After-Hou.mp3?f1607204206', '', 0, 0, 0),
(991157, 'M.I.L.F - Friday Night Funkin OST', 51116, 'KawaiSprite', '4.76', 'https%3A%2F%2Faudio.ngfiles.com%2F991000%2F991157_MILF---Friday-Night-Funkin.mp3%3Ff1609089564', '', 0, 2, 0),
(1000000, 'Perestroika', 50986, 'm4music', '7', 'https%3A%2F%2Faudio.ngfiles.com%2F1000000%2F1000000_Perestroika.mp3%3Ff1611851128', '', 0, 3, 0),
(1021702, 'JBass ', 3, '4', '5', '10', '', 0, 0, 0),
(1021703, 'JBasses', 9, 'OJector', '-0', 'https://api.soundcloud.com/tracks/1029482539/stream?client_id=dc467dd431fc48eb0244b0aead929ccd', '', 0, 0, 0),
(1021704, 'Zavodila but I made the chart actually playable', 9, 'Reupload', '3.2', 'http://ps.fhgdps.com/songs/Zavodila%20but%20I%20made%20the%20chart%20actually%20playable.mp3', '', 0, 0, 0),
(1021705, 'Foolhardy [Zardy Mod]', 9, 'Reupload', '5.14', 'http://ps.fhgdps.com/songs/Foolhardy%20%5BZardy%20Mod%5D.mp3', '', 0, 0, 0),
(1021706, 'EEEAAAOOO', 9, 'Reupload', '3.77', 'http://ps.fhgdps.com/songs/EEEAAAOOO.mp3', '', 0, 0, 0),
(1021707, 'Zavodila', 9, 'Reupload', '-0', 'http://ps.fhgdps.com/songs/Zavodila.mp3', '', 0, 0, 0),
(1021708, 'FNF - Smoke &', 9, 'Reupload', '-0', 'http://ps.fhgdps.com/songs/FNF%20-%20Smoke%20%27Em%20Out%20Struggle%20-%20Release%20OST.mp3', '', 0, 0, 0),
(1021709, 'широкий путин идёт', 9, 'Reupload', '-0', 'http://ps.fhgdps.com/songs/%D1%88%D0%B8%D1%80%D0%BE%D0%BA%D0%B8%D0%B9%20%D0%BF%D1%83%D1%82%D0%B8%D0%BD%20%D0%B8%D0%B4%D1%91%D1%82.mp3', '', 0, 0, 0),
(1021710, 'Надо поле притоптать - Надо поле притоптать', 9, 'Reupload', '4.02', 'https://dl.dropboxusercontent.com/s/e42iqe8u9fuxddn/%D0%9D%D0%B0%D0%B4%D0%BE%20%D0%BF%D0%BE%D0%BB%D0%B5%20%D0%BF%D1%80%D0%B8%D1%82%D0%BE%D0%BF%D1%82%D0%B0%D1%82%D1%8C%20-%20%D0%9D%D0%B0%D0%B4%D0%BE%20%D0%BF%D0%BE%D0%BB%D0%B5%20%D0%BF%D1%80%D0%B8%D1%82%D0%BE%D0%BF%D1%82%D0%B0%D1%82%D1%8C.mp3', '', 0, 0, 0),
(1021711, 'Dava feat. Серёга - Черный Бумер', 9, 'Reupload', '5.86', 'https://dl.dropboxusercontent.com/s/brh0g4j0y0sjmv8/Dava%20feat.%20%D0%A1%D0%B5%D1%80%D1%91%D0%B3%D0%B0%20-%20%D0%A7%D0%B5%D1%80%D0%BD%D1%8B%D0%B9%20%D0%91%D1%83%D0%BC%D0%B5%D1%80.mp3', '', 0, 0, 0);

-- --------------------------------------------------------

--
-- Структура таблицы `suggest`
--

CREATE TABLE `suggest` (
  `ID` int(11) NOT NULL,
  `suggestBy` int(11) NOT NULL DEFAULT 0,
  `suggestLevelId` int(11) NOT NULL DEFAULT 0,
  `suggestDifficulty` int(11) NOT NULL DEFAULT 0 COMMENT '0 - NA 10 - Easy 20 - Normal 30 - Hard 40 - Harder 50 - Insane/Demon/Auto',
  `suggestStars` int(11) NOT NULL DEFAULT 0,
  `suggestFeatured` int(11) NOT NULL DEFAULT 0,
  `suggestAuto` int(11) NOT NULL DEFAULT 0,
  `suggestDemon` int(11) NOT NULL DEFAULT 0,
  `timestamp` int(11) NOT NULL
) ENGINE=MyISAM DEFAULT CHARSET=utf8;

--
-- Дамп данных таблицы `suggest`
--

INSERT INTO `suggest` (`ID`, `suggestBy`, `suggestLevelId`, `suggestDifficulty`, `suggestStars`, `suggestFeatured`, `suggestAuto`, `suggestDemon`, `timestamp`) VALUES
(1, 3, 17, 50, 10, 0, 0, 1, 1618671242),
(2, 3, 21, 50, 10, 1, 0, 1, 1618672086),
(3, 3, 21, 10, 2, 1, 0, 0, 1618672234),
(4, 3, 7, 50, 10, 1, 0, 1, 1618673235),
(5, 3, 7, 50, 10, 1, 0, 1, 1618673488),
(6, 3, 7, 50, 10, 1, 0, 1, 1618673493),
(7, 3, 7, 50, 10, 1, 0, 1, 1618673495),
(8, 3, 7, 50, 10, 1, 0, 1, 1618673497),
(9, 3, 7, 50, 10, 1, 0, 1, 1618673500),
(10, 3, 7, 50, 10, 1, 0, 1, 1618673502),
(11, 3, 7, 50, 10, 1, 0, 1, 1618673510),
(12, 3, 22, 50, 10, 0, 0, 1, 1618675062),
(13, 3, 19, 50, 10, 0, 0, 1, 1618720926),
(14, 3, 20, 30, 4, 1, 0, 0, 1618721582),
(15, 3, 18, 30, 4, 1, 0, 0, 1618721693),
(16, 3, 7, 50, 9, 1, 0, 0, 1618726226),
(17, 3, 7, 50, 9, 1, 0, 0, 1618800371),
(18, 2, 27, 30, 4, 1, 0, 0, 1618859379),
(19, 2, 19, 50, 10, 0, 0, 1, 1618920489),
(20, 2, 19, 50, 8, 0, 0, 0, 1618920497),
(21, 2, 4, 50, 8, 0, 0, 0, 1619091599),
(22, 2, 39, 40, 7, 1, 0, 0, 1620511920),
(23, 2, 34, 10, 2, 0, 0, 0, 1620512023),
(24, 2, 31, 50, 1, 0, 1, 0, 1620512105),
(25, 2, 31, 40, 7, 1, 0, 0, 1620512173),
(26, 6, 14, 50, 10, 0, 0, 1, 1620890448),
(27, 6, 1, 50, 10, 0, 0, 1, 1620893563),
(28, 4, 43, 50, 10, 0, 0, 1, 1620893652),
(29, 4, 43, 30, 5, 0, 0, 0, 1620893656),
(30, 4, 42, 50, 10, 0, 0, 1, 1620893668),
(31, 4, 42, 50, 10, 1, 0, 1, 1620893673),
(32, 4, 35, 50, 10, 0, 0, 1, 1620893917),
(33, 4, 39, 50, 10, 0, 0, 1, 1620894171),
(34, 4, 31, 50, 10, 0, 0, 1, 1620897083),
(35, 4, 35, 50, 10, 0, 0, 1, 1620930890),
(36, 4, 35, 50, 1, 0, 1, 0, 1620930895),
(37, 4, 32, 50, 10, 1, 0, 1, 1620930913),
(38, 4, 44, 50, 1, 0, 1, 0, 1620994551),
(39, 4, 45, 50, 1, 0, 1, 0, 1621086014),
(40, 4, 39, 50, 10, 0, 0, 1, 1621329756),
(41, 4, 12, 50, 10, 0, 0, 1, 1621329763);

-- --------------------------------------------------------

--
-- Структура таблицы `users`
--

CREATE TABLE `users` (
  `isRegistered` int(11) NOT NULL,
  `userID` int(11) NOT NULL,
  `extID` varchar(100) COLLATE utf8_unicode_ci NOT NULL,
  `userName` varchar(69) COLLATE utf8_unicode_ci NOT NULL DEFAULT 'undefined',
  `stars` int(11) NOT NULL DEFAULT 0,
  `demons` int(11) NOT NULL DEFAULT 0,
  `icon` int(11) NOT NULL DEFAULT 0,
  `color1` int(11) NOT NULL DEFAULT 0,
  `color2` int(11) NOT NULL DEFAULT 3,
  `iconType` int(11) NOT NULL DEFAULT 0,
  `coins` int(11) NOT NULL DEFAULT 0,
  `userCoins` int(11) NOT NULL DEFAULT 0,
  `special` int(11) NOT NULL DEFAULT 0,
  `gameVersion` int(11) NOT NULL DEFAULT 0,
  `secret` varchar(69) COLLATE utf8_unicode_ci NOT NULL DEFAULT 'none',
  `accIcon` int(11) NOT NULL DEFAULT 0,
  `accShip` int(11) NOT NULL DEFAULT 0,
  `accBall` int(11) NOT NULL DEFAULT 0,
  `accBird` int(11) NOT NULL DEFAULT 0,
  `accDart` int(11) NOT NULL DEFAULT 0,
  `accRobot` int(11) DEFAULT 0,
  `accGlow` int(11) NOT NULL DEFAULT 0,
  `creatorPoints` double NOT NULL DEFAULT 0,
  `IP` varchar(69) COLLATE utf8_unicode_ci NOT NULL DEFAULT '127.0.0.1',
  `lastPlayed` int(11) NOT NULL DEFAULT 0,
  `diamonds` int(11) NOT NULL DEFAULT 0,
  `orbs` int(11) NOT NULL DEFAULT 0,
  `completedLvls` int(11) NOT NULL DEFAULT 0,
  `accSpider` int(11) NOT NULL DEFAULT 0,
  `accExplosion` int(11) NOT NULL DEFAULT 0,
  `chest1time` int(11) NOT NULL DEFAULT 0,
  `chest2time` int(11) NOT NULL DEFAULT 0,
  `chest1count` int(11) NOT NULL DEFAULT 0,
  `chest2count` int(11) NOT NULL DEFAULT 0,
  `isBanned` int(11) NOT NULL DEFAULT 0,
  `isCreatorBanned` int(11) NOT NULL DEFAULT 0
) ENGINE=InnoDB DEFAULT CHARSET=utf8 COLLATE=utf8_unicode_ci;

--
-- Дамп данных таблицы `users`
--

INSERT INTO `users` (`isRegistered`, `userID`, `extID`, `userName`, `stars`, `demons`, `icon`, `color1`, `color2`, `iconType`, `coins`, `userCoins`, `special`, `gameVersion`, `secret`, `accIcon`, `accShip`, `accBall`, `accBird`, `accDart`, `accRobot`, `accGlow`, `creatorPoints`, `IP`, `lastPlayed`, `diamonds`, `orbs`, `completedLvls`, `accSpider`, `accExplosion`, `chest1time`, `chest2time`, `chest1count`, `chest2count`, `isBanned`, `isCreatorBanned`) VALUES
(1, 2, '1', 'GDsasheg', 427, 10, 14, 15, 17, 6, 51, 31, 0, 21, 'Wmfd2893gb7', 123, 44, 32, 33, 27, 20, 0, 55, '95.153.168.57', 1623913852, 4280, 69591, 51, 14, 11, 1623826121, 1623826116, 62, 55, 1, 0),
(0, 3, 'ffffffff-86ae-440f-ffff-fffff2fe9e86', 'Player', 5, 0, 1, 0, 3, 0, 3, 0, 0, 21, 'Wmfd2893gb7', 1, 1, 1, 1, 1, 1, 0, 0, '2.56.24.32', 1624122972, 0, 0, 0, 1, 1, 0, 0, 0, 0, 0, 0),
(0, 4, '00000000-6726-2876-0033-c5870033c587', 'Player', 0, 0, 1, 0, 3, 0, 0, 0, 0, 21, 'Wmfd2893gb7', 1, 1, 1, 1, 1, 1, 0, 0, '91.237.111.52', 1617347996, 0, 0, 0, 1, 1, 0, 0, 0, 0, 0, 0),
(0, 5, '00000000-43d7-5d22-0033-c5870033c587', 'Player', 0, 0, 1, 0, 3, 0, 0, 0, 0, 21, 'Wmfd2893gb7', 1, 1, 1, 1, 1, 1, 0, 0, '185.188.98.50', 1617370359, 0, 0, 0, 1, 1, 0, 0, 0, 0, 0, 0),
(1, 6, '2', 'GDKipper', 124, 3, 97, 11, 9, 0, 0, 8, 0, 21, 'Wmfd2893gb7', 97, 39, 33, 19, 1, 1, 0, 26, '85.113.213.209', 1624170873, 587, 6868, 19, 1, 1, 1622453783, 1622453778, 3, 5, 0, 0),
(0, 7, 'S1521148499716635019178977913868991001', 'Player', 0, 0, 1, 0, 3, 0, 0, 0, 0, 21, 'Wmfd2893gb7', 1, 1, 1, 1, 1, 1, 0, 0, '5.165.16.19', 1617808079, 0, 0, 0, 1, 1, 0, 0, 0, 0, 0, 0),
(1, 8, '3', 'ojector', 14, 0, 1, 11, 19, 0, 0, 4, 0, 21, 'Wmfd2893gb7', 1, 1, 1, 1, 1, 1, 0, 20, '85.249.161.13', 1623945355, 84, 0, 0, 1, 1, 1618064681, 1618152662, 1, 2, 0, 0),
(1, 9, '4', 'savaxx', 40, 1, 18, 3, 5, 5, 0, 5, 0, 21, 'Wmfd2893gb7', 3, 40, 22, 16, 20, 18, 0, 7, '194.147.50.82', 1620994566, 837, 0, 0, 13, 8, 1620206590, 1620206585, 11, 9, 0, 0),
(0, 10, '00000000-573d-5c98-27e2-9aee7ae8823b', 'Player', 0, 0, 1, 0, 3, 0, 0, 0, 0, 21, 'Wmfd2893gb7', 1, 1, 1, 1, 1, 1, 0, 0, '5.165.16.19', 1617808040, 0, 0, 0, 1, 1, 0, 0, 0, 0, 0, 0),
(0, 11, 'ffffffff-8e09-8950-0033-c5870033c587', 'Player', 0, 0, 1, 0, 3, 0, 0, 0, 0, 21, 'Wmfd2893gb7', 1, 1, 1, 1, 1, 1, 0, 0, '91.237.111.52', 1618377637, 0, 0, 0, 1, 1, 0, 0, 0, 0, 0, 0),
(0, 12, 'ffffffff-edfc-4c76-ffff-ffffd2ad4b5c', 'Player', 0, 0, 1, 0, 3, 0, 0, 0, 0, 21, 'Wmfd2893gb7', 1, 1, 1, 1, 1, 1, 0, 1, '91.221.201.146', 1618853006, 0, 0, 0, 1, 1, 0, 0, 0, 0, 0, 0),
(0, 13, 'S15214725011121525840463586607691002', 'Player', 0, 0, 1, 0, 3, 0, 0, 0, 0, 21, 'Wmfd2893gb7', 1, 1, 1, 1, 1, 1, 0, 0, '5.101.215.57', 1619094665, 0, 0, 0, 1, 1, 0, 0, 0, 0, 0, 0),
(0, 14, '00000000-7f8f-74f8-0033-c5870033c587', 'Player', 0, 0, 50, 3, 31, 1, 0, 0, 0, 21, 'Wmfd2893gb7', 111, 50, 41, 1, 1, 1, 0, 0, '5.101.212.10', 1619209609, 0, 0, 0, 1, 1, 0, 0, 0, 0, 0, 0),
(1, 15, '5', 'herobro', 5, 0, 24, 2, 3, 5, 0, 0, 0, 21, 'Wmfd2893gb7', 102, 39, 41, 25, 14, 24, 0, 1, '5.101.212.10', 1619884127, 411, 0, 0, 1, 8, 1623146836, 1623146829, 19, 15, 0, 0),
(0, 16, '00000000-2830-d12a-ffff-ffffed6f9770', 'Player', 0, 0, 1, 0, 3, 0, 0, 0, 0, 21, 'Wmfd2893gb7', 1, 1, 1, 1, 1, 1, 0, 0, '95.153.131.227', 1620887390, 0, 0, 0, 1, 1, 0, 0, 0, 0, 0, 0),
(1, 17, '6', 'loler', 2, 0, 1, 0, 3, 0, 0, 0, 0, 21, 'Wmfd2893gb7', 1, 1, 1, 1, 1, 1, 0, 0, '91.237.111.52', 1621593872, 2, 0, 0, 1, 1, 0, 0, 0, 0, 0, 0),
(0, 18, '00000000-5b62-f6bd-0033-c5870033c587', 'Player', 0, 0, 1, 0, 3, 0, 0, 0, 0, 21, 'Wmfd2893gb7', 1, 1, 1, 1, 1, 1, 0, 0, '176.59.112.26', 1621587210, 0, 0, 0, 1, 1, 0, 0, 0, 0, 0, 0),
(1, 19, '7', 'theRealXone', 12, 1, 140, 0, 3, 0, 0, 0, 0, 21, 'Wmfd2893gb7', 140, 1, 1, 1, 1, 1, 0, 0, '176.59.97.20', 1621841994, 136, 0, 0, 1, 1, 1621840204, 1621840200, 1, 1, 0, 0),
(0, 20, 'S1521156139582526902044527385267771001', 'Player', 0, 0, 1, 0, 3, 0, 0, 0, 0, 21, 'Wmfd2893gb7', 1, 1, 1, 1, 1, 1, 0, 0, '91.109.142.62', 1621973075, 0, 0, 0, 1, 1, 0, 0, 0, 0, 0, 0),
(1, 21, '8', 'TwoSteps', 3, 0, 1, 0, 3, 0, 6, 0, 0, 21, 'Wmfd2893gb7', 1, 1, 1, 1, 1, 1, 0, 6, '213.149.26.137', 1622917037, 117, 9098, 9, 1, 1, 1624192555, 1624186540, 24, 16, 0, 0),
(0, 22, 'ffffffff-c4bb-ebd8-0033-c5870033c587', 'Player', 0, 0, 3, 0, 3, 0, 0, 0, 0, 21, 'Wmfd2893gb7', 3, 1, 1, 1, 1, 1, 0, 0, '185.15.37.203', 1623763754, 0, 0, 0, 1, 1, 0, 0, 0, 0, 0, 0),
(1, 23, '9', 'danya228666', 36, 1, 1, 0, 3, 0, 5, 4, 0, 21, 'Wmfd2893gb7', 1, 1, 1, 1, 1, 1, 0, 0, '185.15.37.1', 1623820096, 72, 12574, 8, 1, 1, 1623820336, 1623820342, 3, 3, 0, 0),
(1, 24, '10', 'mastergame', 47, 2, 1, 0, 3, 0, 5, 0, 0, 21, 'Wmfd2893gb7', 1, 1, 1, 1, 1, 1, 0, 0, '185.15.37.57', 1624184354, 69, 1195, 3, 1, 1, 1624184312, 1624184307, 1, 1, 0, 0);

--
-- Индексы сохранённых таблиц
--

--
-- Индексы таблицы `acccomments`
--
ALTER TABLE `acccomments`
  ADD PRIMARY KEY (`commentID`),
  ADD KEY `userID` (`userID`),
  ADD KEY `timestamp` (`timestamp`);

--
-- Индексы таблицы `accounts`
--
ALTER TABLE `accounts`
  ADD PRIMARY KEY (`accountID`),
  ADD UNIQUE KEY `userName` (`userName`),
  ADD KEY `isAdmin` (`isAdmin`),
  ADD KEY `frS` (`frS`),
  ADD KEY `discordID` (`discordID`),
  ADD KEY `discordLinkReq` (`discordLinkReq`),
  ADD KEY `friendsCount` (`friendsCount`);

--
-- Индексы таблицы `actions`
--
ALTER TABLE `actions`
  ADD PRIMARY KEY (`ID`),
  ADD KEY `type` (`type`),
  ADD KEY `value` (`value`),
  ADD KEY `value2` (`value2`),
  ADD KEY `timestamp` (`timestamp`);

--
-- Индексы таблицы `bannedips`
--
ALTER TABLE `bannedips`
  ADD PRIMARY KEY (`ID`);

--
-- Индексы таблицы `blocks`
--
ALTER TABLE `blocks`
  ADD PRIMARY KEY (`ID`),
  ADD UNIQUE KEY `ID` (`ID`),
  ADD KEY `person1` (`person1`),
  ADD KEY `person2` (`person2`);

--
-- Индексы таблицы `comments`
--
ALTER TABLE `comments`
  ADD PRIMARY KEY (`commentID`),
  ADD KEY `levelID` (`levelID`),
  ADD KEY `userID` (`userID`),
  ADD KEY `likes` (`likes`);

--
-- Индексы таблицы `cpshares`
--
ALTER TABLE `cpshares`
  ADD PRIMARY KEY (`shareID`),
  ADD KEY `levelID` (`levelID`);

--
-- Индексы таблицы `dailyfeatures`
--
ALTER TABLE `dailyfeatures`
  ADD PRIMARY KEY (`feaID`),
  ADD KEY `type` (`type`),
  ADD KEY `timestamp` (`timestamp`);

--
-- Индексы таблицы `friendreqs`
--
ALTER TABLE `friendreqs`
  ADD PRIMARY KEY (`ID`),
  ADD KEY `toAccountID` (`toAccountID`),
  ADD KEY `accountID` (`accountID`),
  ADD KEY `uploadDate` (`uploadDate`);

--
-- Индексы таблицы `friendships`
--
ALTER TABLE `friendships`
  ADD PRIMARY KEY (`ID`),
  ADD KEY `person1` (`person1`),
  ADD KEY `person2` (`person2`),
  ADD KEY `isNew1` (`isNew1`),
  ADD KEY `isNew2` (`isNew2`);

--
-- Индексы таблицы `gauntlets`
--
ALTER TABLE `gauntlets`
  ADD PRIMARY KEY (`ID`),
  ADD KEY `level5` (`level5`);

--
-- Индексы таблицы `levels`
--
ALTER TABLE `levels`
  ADD PRIMARY KEY (`levelID`),
  ADD KEY `levelID` (`levelID`),
  ADD KEY `levelName` (`levelName`),
  ADD KEY `starDifficulty` (`starDifficulty`),
  ADD KEY `starFeatured` (`starFeatured`),
  ADD KEY `starEpic` (`starEpic`),
  ADD KEY `starDemonDiff` (`starDemonDiff`),
  ADD KEY `userID` (`userID`),
  ADD KEY `likes` (`likes`),
  ADD KEY `downloads` (`downloads`),
  ADD KEY `starStars` (`starStars`),
  ADD KEY `songID` (`songID`),
  ADD KEY `audioTrack` (`audioTrack`),
  ADD KEY `levelLength` (`levelLength`),
  ADD KEY `twoPlayer` (`twoPlayer`),
  ADD KEY `starDemon` (`starDemon`),
  ADD KEY `starAuto` (`starAuto`),
  ADD KEY `extID` (`extID`),
  ADD KEY `uploadDate` (`uploadDate`),
  ADD KEY `updateDate` (`updateDate`),
  ADD KEY `starCoins` (`starCoins`),
  ADD KEY `coins` (`coins`),
  ADD KEY `password` (`password`),
  ADD KEY `originalReup` (`originalReup`),
  ADD KEY `original` (`original`),
  ADD KEY `unlisted` (`unlisted`),
  ADD KEY `isCPShared` (`isCPShared`),
  ADD KEY `gameVersion` (`gameVersion`),
  ADD KEY `rateDate` (`rateDate`),
  ADD KEY `objects` (`objects`);

--
-- Индексы таблицы `levelscores`
--
ALTER TABLE `levelscores`
  ADD PRIMARY KEY (`scoreID`),
  ADD KEY `levelID` (`levelID`),
  ADD KEY `accountID` (`accountID`);

--
-- Индексы таблицы `links`
--
ALTER TABLE `links`
  ADD PRIMARY KEY (`ID`),
  ADD KEY `targetUserID` (`targetUserID`),
  ADD KEY `targetAccountID` (`targetAccountID`),
  ADD KEY `server` (`server`);

--
-- Индексы таблицы `mappacks`
--
ALTER TABLE `mappacks`
  ADD PRIMARY KEY (`ID`);

--
-- Индексы таблицы `messages`
--
ALTER TABLE `messages`
  ADD PRIMARY KEY (`messageID`),
  ADD KEY `toAccountID` (`toAccountID`),
  ADD KEY `accID` (`accID`);

--
-- Индексы таблицы `modactions`
--
ALTER TABLE `modactions`
  ADD PRIMARY KEY (`ID`),
  ADD KEY `account` (`account`),
  ADD KEY `type` (`type`),
  ADD KEY `value3` (`value3`);

--
-- Индексы таблицы `modipperms`
--
ALTER TABLE `modipperms`
  ADD PRIMARY KEY (`categoryID`);

--
-- Индексы таблицы `modips`
--
ALTER TABLE `modips`
  ADD PRIMARY KEY (`ID`),
  ADD KEY `accountID` (`accountID`),
  ADD KEY `IP` (`IP`);

--
-- Индексы таблицы `poll`
--
ALTER TABLE `poll`
  ADD PRIMARY KEY (`optionID`);

--
-- Индексы таблицы `quests`
--
ALTER TABLE `quests`
  ADD PRIMARY KEY (`ID`);

--
-- Индексы таблицы `reports`
--
ALTER TABLE `reports`
  ADD PRIMARY KEY (`ID`),
  ADD KEY `levelID` (`levelID`),
  ADD KEY `hostname` (`hostname`);

--
-- Индексы таблицы `roleassign`
--
ALTER TABLE `roleassign`
  ADD PRIMARY KEY (`assignID`),
  ADD KEY `roleID` (`roleID`),
  ADD KEY `accountID` (`accountID`);

--
-- Индексы таблицы `roles`
--
ALTER TABLE `roles`
  ADD PRIMARY KEY (`roleID`);

--
-- Индексы таблицы `songs`
--
ALTER TABLE `songs`
  ADD PRIMARY KEY (`ID`),
  ADD KEY `name` (`name`),
  ADD KEY `authorName` (`authorName`);

--
-- Индексы таблицы `suggest`
--
ALTER TABLE `suggest`
  ADD PRIMARY KEY (`ID`),
  ADD KEY `timestamp` (`timestamp`);

--
-- Индексы таблицы `users`
--
ALTER TABLE `users`
  ADD PRIMARY KEY (`userID`),
  ADD KEY `userID` (`userID`),
  ADD KEY `userName` (`userName`),
  ADD KEY `stars` (`stars`),
  ADD KEY `demons` (`demons`),
  ADD KEY `coins` (`coins`),
  ADD KEY `userCoins` (`userCoins`),
  ADD KEY `gameVersion` (`gameVersion`),
  ADD KEY `creatorPoints` (`creatorPoints`),
  ADD KEY `diamonds` (`diamonds`),
  ADD KEY `orbs` (`orbs`),
  ADD KEY `completedLvls` (`completedLvls`),
  ADD KEY `isBanned` (`isBanned`),
  ADD KEY `isCreatorBanned` (`isCreatorBanned`),
  ADD KEY `extID` (`extID`),
  ADD KEY `IP` (`IP`),
  ADD KEY `isRegistered` (`isRegistered`);

--
-- AUTO_INCREMENT для сохранённых таблиц
--

--
-- AUTO_INCREMENT для таблицы `acccomments`
--
ALTER TABLE `acccomments`
  MODIFY `commentID` int(11) NOT NULL AUTO_INCREMENT, AUTO_INCREMENT=14;

--
-- AUTO_INCREMENT для таблицы `accounts`
--
ALTER TABLE `accounts`
  MODIFY `accountID` int(11) NOT NULL AUTO_INCREMENT, AUTO_INCREMENT=11;

--
-- AUTO_INCREMENT для таблицы `actions`
--
ALTER TABLE `actions`
  MODIFY `ID` int(11) NOT NULL AUTO_INCREMENT, AUTO_INCREMENT=2044;

--
-- AUTO_INCREMENT для таблицы `bannedips`
--
ALTER TABLE `bannedips`
  MODIFY `ID` int(11) NOT NULL AUTO_INCREMENT;

--
-- AUTO_INCREMENT для таблицы `blocks`
--
ALTER TABLE `blocks`
  MODIFY `ID` int(11) NOT NULL AUTO_INCREMENT, AUTO_INCREMENT=2;

--
-- AUTO_INCREMENT для таблицы `comments`
--
ALTER TABLE `comments`
  MODIFY `commentID` int(11) NOT NULL AUTO_INCREMENT, AUTO_INCREMENT=119;

--
-- AUTO_INCREMENT для таблицы `cpshares`
--
ALTER TABLE `cpshares`
  MODIFY `shareID` int(11) NOT NULL AUTO_INCREMENT;

--
-- AUTO_INCREMENT для таблицы `dailyfeatures`
--
ALTER TABLE `dailyfeatures`
  MODIFY `feaID` int(11) NOT NULL AUTO_INCREMENT, AUTO_INCREMENT=42;

--
-- AUTO_INCREMENT для таблицы `friendreqs`
--
ALTER TABLE `friendreqs`
  MODIFY `ID` int(11) NOT NULL AUTO_INCREMENT, AUTO_INCREMENT=10;

--
-- AUTO_INCREMENT для таблицы `friendships`
--
ALTER TABLE `friendships`
  MODIFY `ID` int(11) NOT NULL AUTO_INCREMENT, AUTO_INCREMENT=6;

--
-- AUTO_INCREMENT для таблицы `gauntlets`
--
ALTER TABLE `gauntlets`
  MODIFY `ID` int(11) NOT NULL AUTO_INCREMENT, AUTO_INCREMENT=8;

--
-- AUTO_INCREMENT для таблицы `levels`
--
ALTER TABLE `levels`
  MODIFY `levelID` int(11) NOT NULL AUTO_INCREMENT, AUTO_INCREMENT=83;

--
-- AUTO_INCREMENT для таблицы `levelscores`
--
ALTER TABLE `levelscores`
  MODIFY `scoreID` int(11) NOT NULL AUTO_INCREMENT, AUTO_INCREMENT=52;

--
-- AUTO_INCREMENT для таблицы `links`
--
ALTER TABLE `links`
  MODIFY `ID` int(11) NOT NULL AUTO_INCREMENT, AUTO_INCREMENT=2;

--
-- AUTO_INCREMENT для таблицы `mappacks`
--
ALTER TABLE `mappacks`
  MODIFY `ID` int(11) NOT NULL AUTO_INCREMENT, AUTO_INCREMENT=6;

--
-- AUTO_INCREMENT для таблицы `messages`
--
ALTER TABLE `messages`
  MODIFY `messageID` int(11) NOT NULL AUTO_INCREMENT, AUTO_INCREMENT=6;

--
-- AUTO_INCREMENT для таблицы `modactions`
--
ALTER TABLE `modactions`
  MODIFY `ID` int(11) NOT NULL AUTO_INCREMENT, AUTO_INCREMENT=880;

--
-- AUTO_INCREMENT для таблицы `modipperms`
--
ALTER TABLE `modipperms`
  MODIFY `categoryID` int(11) NOT NULL AUTO_INCREMENT;

--
-- AUTO_INCREMENT для таблицы `modips`
--
ALTER TABLE `modips`
  MODIFY `ID` int(11) NOT NULL AUTO_INCREMENT, AUTO_INCREMENT=2;

--
-- AUTO_INCREMENT для таблицы `poll`
--
ALTER TABLE `poll`
  MODIFY `optionID` int(11) NOT NULL AUTO_INCREMENT;

--
-- AUTO_INCREMENT для таблицы `quests`
--
ALTER TABLE `quests`
  MODIFY `ID` int(11) NOT NULL AUTO_INCREMENT, AUTO_INCREMENT=6;

--
-- AUTO_INCREMENT для таблицы `reports`
--
ALTER TABLE `reports`
  MODIFY `ID` int(11) NOT NULL AUTO_INCREMENT;

--
-- AUTO_INCREMENT для таблицы `roleassign`
--
ALTER TABLE `roleassign`
  MODIFY `assignID` bigint(20) NOT NULL AUTO_INCREMENT, AUTO_INCREMENT=12;

--
-- AUTO_INCREMENT для таблицы `roles`
--
ALTER TABLE `roles`
  MODIFY `roleID` bigint(11) NOT NULL AUTO_INCREMENT, AUTO_INCREMENT=7;

--
-- AUTO_INCREMENT для таблицы `songs`
--
ALTER TABLE `songs`
  MODIFY `ID` int(11) NOT NULL AUTO_INCREMENT, AUTO_INCREMENT=1021712;

--
-- AUTO_INCREMENT для таблицы `suggest`
--
ALTER TABLE `suggest`
  MODIFY `ID` int(11) NOT NULL AUTO_INCREMENT, AUTO_INCREMENT=42;

--
-- AUTO_INCREMENT для таблицы `users`
--
ALTER TABLE `users`
  MODIFY `userID` int(11) NOT NULL AUTO_INCREMENT, AUTO_INCREMENT=25;
COMMIT;

